000
CXUS56 KLOX 011155
CF6OXR
PRELIMINARY LOCAL CLIMATOLOGICAL DATA (WS FORM: F-6)
STATION: OXNARD AIRPORT CA
MONTH: APRIL
YEAR: 2022
LATITUDE: 34 12 N
LONGITUDE: 119 12 W
TEMPERATURE IN F: :PCPN: SNOW: WIND :SUNSHINE: SKY :PK WND
================================================================================
1 2 3 4 5 6A 6B 7 8 9 10 11 12 13 14 15 16 17 18
12Z AVG MX 2MIN
DY MAX MIN AVG DEP HDD CDD WTR SNW DPTH SPD SPD DIR MIN PSBL S-S WX SPD DR
================================================================================
1 61 49 55 -3 10 0 0.00 M M 4.8 14 270 M M 2 1 17 270
2 64 51 58 0 7 0 0.00 M M 4.2 12 220 M M 8 1 16 210
3 62 53 58 0 7 0 0.00 M M 7.8 16 270 M M 9 21 270
4 64 52 58 0 7 0 0.00 M M 4.1 10 250 M M 4 18 16 260
5 75 50 63 5 2 0 0.00 M M 4.7 13 270 M M 0 18 260
6 74 53 64 6 1 0 0.00 M M 4.3 10 280 M M 0 18 14 270
7 98 53 76 18 0 11 0.00 M M 10.1 31 80 M M 0 1 44 80
8 92 55 74 16 0 9 0.00 M M 7.0 17 270 M M 0 1 20 270
9 66 54 60 2 5 0 0.00 M M 6.6 17 270 M M 0 18 22 280
10 67 51 59 1 6 0 0.00 M M 4.4 14 240 M M 4 18 19 230
11 65 50 58 0 7 0 0.00 M M 13.9 38 280 M M 1 18 48 270
12 66 43 55 -3 10 0 0.00 M M 11.0 31 280 M M 0 38 280
13 65 44 55 -3 10 0 0.00 M M 9.6 20 270 M M 0 24 270
14 64 45 55 -3 10 0 0.00 M M 6.8 17 270 M M 0 24 220
15 65 47 56 -2 9 0 0.00 M M 6.3 15 270 M M 2 21 260
16 66 54 60 2 5 0 0.00 M M 10.7 28 260 M M 6 34 270
17 64 53 59 0 6 0 0.00 M M 6.7 20 270 M M 5 1 23 270
18 64 50 57 -2 8 0 0.00 M M 6.4 16 270 M M 0 21 250
19 67 55 61 2 4 0 0.00 M M 10.6 24 280 M M 0 1 34 270
20 65 50 58 -1 7 0 0.00 M M 9.9 21 280 M M 1 27 280
21 64 49 57 -2 8 0 0.25 M M 6.9 16 280 M M 4 1 21 300
22 62 51 57 -2 8 0 T M M 17.7 33 260 M M 1 44 270
23 69 47 58 -1 7 0 0.00 M M 8.2 23 280 M M 0 29 280
24 85 52 69 10 0 4 0.00 M M 11.3 24 80 M M 0 1 37 90
25 76 49 63 4 2 0 0.00 M M 8.0 17 280 M M 0 1 23 280
26 67 50 59 0 6 0 0.00 M M 6.4 17 260 M M 0 18 21 270
27 65 50 58 -2 7 0 0.00 M M 5.3 16 270 M M 0 1 21 260
28 62 51 57 -3 8 0 0.00 M M 7.5 17 270 M M 3 1 24 270
29 64 47 56 -4 9 0 0.00 M M 5.2 15 260 M M 0 8 20 260
30 67 50 59 -1 6 0 0.00 M M 4.6 13 250 M M 0 1 22 260
================================================================================
SM 2055 1508 182 24 0.25 M 231.0 M 50
================================================================================
AV 68.5 50.3 7.7 FASTST M M 2 MAX(MPH)
MISC ----> 38 280 48 270
================================================================================
NOTES:
# LAST OF SEVERAL OCCURRENCES
COLUMN 17 PEAK WIND IN M.P.H.
PRELIMINARY LOCAL CLIMATOLOGICAL DATA (WS FORM: F-6) , PAGE 2
STATION: OXNARD AIRPORT CA
MONTH: APRIL
YEAR: 2022
LATITUDE: 34 12 N
LONGITUDE: 119 12 W
[TEMPERATURE DATA] [PRECIPITATION DATA] SYMBOLS USED IN COLUMN 16
AVERAGE MONTHLY: 59.4 TOTAL FOR MONTH: 0.25 1 = FOG OR MIST
DPTR FM NORMAL: 0.9 DPTR FM NORMAL: -0.44 2 = FOG REDUCING VISIBILITY
HIGHEST: 98 ON 7 GRTST 24HR 0.25 ON 21-21 TO 1/4 MILE OR LESS
LOWEST: 43 ON 12 3 = THUNDER
SNOW, ICE PELLETS, HAIL 4 = ICE PELLETS
TOTAL MONTH: M 5 = HAIL
GRTST 24HR M ON M 6 = FREEZING RAIN OR DRIZZLE
GRTST DEPTH: M ON M 7 = DUSTSTORM OR SANDSTORM:
VSBY 1/2 MILE OR LESS
8 = SMOKE OR HAZE
[NO. OF DAYS WITH] [WEATHER - DAYS WITH] 9 = BLOWING SNOW
X = TORNADO
MAX 32 OR BELOW: 0 0.01 INCH OR MORE: 1
MAX 90 OR ABOVE: 2 0.10 INCH OR MORE: 1
MIN 32 OR BELOW: 0 0.50 INCH OR MORE: 0
MIN 0 OR BELOW: 0 1.00 INCH OR MORE: 0
[HDD (BASE 65) ]
TOTAL THIS MO. 182 CLEAR (SCALE 0-3) 23
DPTR FM NORMAL -16 PTCLDY (SCALE 4-7) 5
TOTAL FM JUL 1 1581 CLOUDY (SCALE 8-10) 2
DPTR FM NORMAL 66
[CDD (BASE 65) ]
TOTAL THIS MO. 24
DPTR FM NORMAL 20 [PRESSURE DATA]
TOTAL FM JAN 1 42 HIGHEST SLP 30.19 ON 17
DPTR FM NORMAL 21 LOWEST SLP 29.74 ON 9
[REMARKS]
#FINAL-04-22#