000
CXUS53 KDDC 021658
CLSP28
CLIMATE REPORT
NATIONAL WEATHER SERVICE DODGE CITY KS
1147 AM CDT WED SEP 2 2020
...................................
...THE MEDICINE LODGE KS CLIMATE SUMMARY FOR THE SEASON, FROM
6/1/2020 TO 8/31/2020...
CLIMATE NORMAL PERIOD 1981 TO 2010
CLIMATE RECORD PERIOD 1893 TO 2020
WEATHER OBSERVED NORMAL DEPART LAST YEAR`S
VALUE DATE(S) VALUE FROM VALUE DATE(S)
NORMAL
................................................................
TEMPERATURE (F)
RECORD
HIGH 118 08/12/1936
LOW 39 06/13/1903
HIGHEST 105 06/30 MM MM 105 08/20
LOWEST 50 06/11 MM MM 48 06/10
AVG. MAXIMUM 91.9 92.1 -0.2 91.1
AVG. MINIMUM 66.9 67.4 -0.5 66.7
MEAN 79.4 79.7 -0.3 78.9
DAYS MAX >= 90 64 56.2 7.8 56
DAYS MAX <= 32 0 0.0 0.0 0
DAYS MIN <= 32 0 0.0 0.0 0
DAYS MIN <= 0 0 0.0 0.0 0
PRECIPITATION (INCHES)
RECORD
MAXIMUM 18.61 1948
MINIMUM 2.60 1954
TOTALS 9.17 10.61 -1.44 8.56
DAILY AVG. 0.10 0.12 -0.02 0.09
DAYS >= .01 21 23.6 -2.6 32
DAYS >= .10 15 15.1 -0.1 17
DAYS >= .50 8 7.1 0.9 5
DAYS >= 1.00 3 2.9 0.1 2
GREATEST
24 HR. TOTAL 2.14 06/19 TO 06/20 08/25 TO 08/25
SNOWFALL (INCHES)
RECORDS
TOTAL 0.0 2018
2017
2016
TOTALS 0.0 0.0 0.0 0.0
SINCE 7/1 0.0 0.0 0.0 0.0
DAYS >= TRACE 0 0.0 0.0 0
DAYS >= 1.0 0 0.0 0.0 0
GREATEST
SNOW DEPTH 0 MM 0 MM
24 HR TOTAL 0.0 MM 08/31 TO 08/31
DEGREE_DAYS
HEATING TOTAL 0 4 -4 2
SINCE 7/1 0 0 0 0
COOLING TOTAL 1348 1356 -8 1312
SINCE 1/1 1470 1511 -41 1404
.................................................................
WIND (MPH)
AVERAGE WIND SPEED 8.8
RESULTANT WIND SPEED/DIRECTION 5/152
HIGHEST WIND SPEED/DIRECTION 40/310 DATE 06/21
HIGHEST GUST SPEED/DIRECTION 64/290 DATE 06/09
AVERAGE RH (PERCENT) 65
- INDICATES NEGATIVE NUMBERS.
R INDICATES RECORD WAS SET OR TIED.
MM INDICATES DATA IS MISSING.
T INDICATES TRACE AMOUNT.
$$