000
CXUS53 KDDC 011552
CLSP28
CLIMATE REPORT
NATIONAL WEATHER SERVICE DODGE CITY, KANSAS
1052 AM CDT WED JUN 01 2022
...................................
...THE MEDICINE LODGE KS CLIMATE SUMMARY FOR THE SEASON, FROM
3/1/2022 TO 5/31/2022...
CLIMATE NORMAL PERIOD 1991 TO 2020
CLIMATE RECORD PERIOD 1893 TO 2022
WEATHER OBSERVED NORMAL DEPART LAST YEAR`S
VALUE DATE(S) VALUE FROM VALUE DATE(S)
NORMAL
................................................................
TEMPERATURE (F)
RECORD
HIGH 106 05/31/1953
LOW -7 03/03/2014
03/03/1960
HIGHEST 100 05/09 MM MM 88 05/08
05/10
LOWEST 14 03/12 MM MM 17 03/01
AVG. MAXIMUM 71.8 69.9 1.9 68.3
AVG. MINIMUM 44.2 44.4 -0.2 43.9
MEAN 58.0 57.1 0.9 56.1
DAYS MAX >= 90 13 6.7 6.3 0
DAYS MAX <= 32 1 0.6 0.4 0
DAYS MIN <= 32 20 16.2 3.8 12
DAYS MIN <= 0 0 0.1 -0.1 0
PRECIPITATION (INCHES)
RECORD
MAXIMUM 17.27 1957
MINIMUM 1.13 1966
TOTALS 9.48 8.11 1.37 7.99
DAYS >= .01 22 24.0 -2.0 27
DAYS >= .10 14 13.8 0.2 19
DAYS >= .50 6 5.8 0.2 4
DAYS >= 1.00 2 2.0 0.0 2
GREATEST
24 HR. TOTAL 2.87 05/23 TO 05/24 1.83 05/30 TO 05/31
SNOWFALL (INCHES)
RECORDS
TOTAL 25.0 1983
24 HR TOTAL 12.0 03/16/1970 TO 03/16/1970
SNOW DEPTH 12 03/16/1970
TOTALS 0.5 0.9 -0.4 0.0
SINCE 7/1 6.3 9.4 -3.1 9.5
SNOWDEPTH AVG. T 0
DAYS >= TRACE 2 0.4 1.6 0
GREATEST
SNOW DEPTH T 0
24 HR TOTAL 0.5 03/10 TO 03/10 0.0
DEGREE DAYS
HEATING TOTAL 912 900 12 801
SINCE 7/1 4055 4385 -330 MM
COOLING TOTAL 287 174 113 76
SINCE 1/1 287 174 113 MM
................................................................
WIND (MPH)
AVERAGE WIND SPEED 11.7
RESULTANT WIND SPEED/DIRECTION 1/070
HIGHEST WIND SPEED/DIRECTION 46/010 DATE 05/17
HIGHEST GUST SPEED/DIRECTION 64/340 DATE 03/22
64/170 04/28
AVERAGE RH (PERCENT) 58
- INDICATES NEGATIVE NUMBERS.
R INDICATES RECORD WAS SET OR TIED.
MM INDICATES DATA IS MISSING.
T INDICATES TRACE AMOUNT.
$$