000
CXUS56 KLKN 161857
CF6P68
PRELIMINARY LOCAL CLIMATOLOGICAL DATA (WS FORM: F-6)
STATION: EUREKA AIRPORT NV
MONTH: MARCH
YEAR: 2022
LATITUDE: 39 30 N
LONGITUDE: 115 58 W
TEMPERATURE IN F: :PCPN: SNOW: WIND :SUNSHINE: SKY :PK WND
================================================================================
1 2 3 4 5 6A 6B 7 8 9 10 11 12 13 14 15 16 17 18
12Z AVG MX 2MIN
DY MAX MIN AVG DEP HDD CDD WTR SNW DPTH SPD SPD DIR MIN PSBL S-S WX SPD DR
================================================================================
1 63 28 46 12 19 0 0.00 M M 5.9 12 200 M M M 14 200
2 65 30 48 14 17 0 0.00 M M 5.7 17 160 M M M 23 170
3 63 30 47 13 18 0 0.00 M M 8.9 22 150 M M M 31 180
4 50 29 40 5 25 0 0.04 M M 5.7 20 360 M M M 28 360
5 35 24 30 -5 35 0 0.66 M M 4.9 18 260 M M M 28 280
6 31 9 20 -15 45 0 0.07 M M 8.2 20 350 M M M 26 350
7 29 4 17 -19 48 0 0.00 M M 4.4 9 170 M M M 13 70
8 42 6 24 -12 41 0 0.00 M M 7.3 17 270 M M M 27 300
9 42 18 30 -6 35 0 0.03 M M 8.8 24 270 M M M 34 300
10 26 7 17 -20 48 0 0.02 M M 9.5 26 350 M M M 35 350
11 41 6 24 -13 41 0 0.00 M M 4.5 8 180 M M M 11 210
12 57 19 38 1 27 0 0.00 M M 5.5 16 170 M M M 20 170
13 48 29 39 1 26 0 0.00 M M 8.8 29 260 M M M 46 300
14 55 24 40 2 25 0 0.00 M M 3.8 12 60 M M M 17 20
15 54 30 42 4 23 0 0.02 M M 5.6 18 310 M M M 27 320
16 49 29 39 1 26 0 0.00 M M 6.9 23 20 M M M 29 360
17 51 23 37 -2 28 0 0.00 M M 3.7 13 250 M M M 18 260
18 54 28 41 2 24 0 0.00 M M 4.6 12 170 M M M 15 170
19 55 33 44 5 21 0 0.23 M M 9.8 25 180 M M M 33 230
20 39 24 32 -7 33 0 0.07 M M 10.7 23 350 M M M 32 340
21 48 22 35 -4 30 0 0.00 M M 6.6 18 10 M M M 24 360
22 55 29 42 2 23 0 0.00 M M 5.2 17 20 M M M 23 20
23 67 30 49 9 16 0 0.00 M M 4.7 10 210 M M M 14 150
24 71 33 52 12 13 0 0.00 M M 5.2 13 210 M M M 15 210
25 76 33 55 15 10 0 0.00 M M 7.1 18 250 M M M 27 190
26 76 37 57 17 8 0 0.00 M M 6.2 20 180 M M M 30 190
27 72 43 58 18 7 0 0.00 M M 16.6 33 180 M M M 44 190
28 60 32 46 5 19 0 0.00 M M 15.4 37 200 M M M 57 190
29 52 27 40 -1 25 0 0.00 M M 8.8 23 330 M M M 31 330
30 61 27 44 3 21 0 0.03 M M 5.7 14 300 M M M 19 290
31 55 27 41 0 24 0 0.00 M M 6.8 21 20 M M M 29 30
================================================================================
SM 1642 770 801 0 1.17 M 221.5 M M
================================================================================
AV 53.0 24.8 7.1 FASTST M M M MAX(MPH)
MISC ----> 37 200 57 190
================================================================================
NOTES:
# LAST OF SEVERAL OCCURRENCES
COLUMN 17 PEAK WIND IN M.P.H.
PRELIMINARY LOCAL CLIMATOLOGICAL DATA (WS FORM: F-6) , PAGE 2
STATION: EUREKA AIRPORT NV
MONTH: MARCH
YEAR: 2022
LATITUDE: 39 30 N
LONGITUDE: 115 58 W
[TEMPERATURE DATA] [PRECIPITATION DATA] SYMBOLS USED IN COLUMN 16
AVERAGE MONTHLY: 38.9 TOTAL FOR MONTH: 1.17 1 = FOG OR MIST
DPTR FM NORMAL: 0.9 DPTR FM NORMAL: 0.20 2 = FOG REDUCING VISIBILITY
HIGHEST: 76 ON 26,25 GRTST 24HR 0.66 ON 5- 5 TO 1/4 MILE OR LESS
LOWEST: 4 ON 7 3 = THUNDER
SNOW, ICE PELLETS, HAIL 4 = ICE PELLETS
TOTAL MONTH: M 5 = HAIL
GRTST 24HR M ON M 6 = FREEZING RAIN OR DRIZZLE
GRTST DEPTH: M ON M 7 = DUSTSTORM OR SANDSTORM:
VSBY 1/2 MILE OR LESS
8 = SMOKE OR HAZE
[NO. OF DAYS WITH] [WEATHER - DAYS WITH] 9 = BLOWING SNOW
X = TORNADO
MAX 32 OR BELOW: 3 0.01 INCH OR MORE: 9
MAX 90 OR ABOVE: 0 0.10 INCH OR MORE: 2
MIN 32 OR BELOW: 26 0.50 INCH OR MORE: 1
MIN 0 OR BELOW: 0 1.00 INCH OR MORE: 0
[HDD (BASE 65) ]
TOTAL THIS MO. 801 CLEAR (SCALE 0-3) 0
DPTR FM NORMAL -38 PTCLDY (SCALE 4-7) 0
TOTAL FM JUL 1 5748 CLOUDY (SCALE 8-10) 31
DPTR FM NORMAL -212
[CDD (BASE 65) ]
TOTAL THIS MO. 0
DPTR FM NORMAL 0 [PRESSURE DATA]
TOTAL FM JAN 1 0 HIGHEST SLP M ON M
DPTR FM NORMAL 0 LOWEST SLP 29.47 ON 28
[REMARKS]
#FINAL-03-22#