000
CXUS54 KLZK 011230
CF6PBF
PRELIMINARY LOCAL CLIMATOLOGICAL DATA (WS FORM: F-6)
STATION: PINE BLUFF
MONTH: MARCH
YEAR: 2024
LATITUDE: 34 10 N
LONGITUDE: 91 56 W
TEMPERATURE IN F: :PCPN: SNOW: WIND :SUNSHINE: SKY :PK WND
================================================================================
1 2 3 4 5 6A 6B 7 8 9 10 11 12 13 14 15 16 17 18
12Z AVG MX 2MIN
DY MAX MIN AVG DEP HDD CDD WTR SNW DPTH SPD SPD DIR MIN PSBL S-S WX SPD DR
================================================================================
1 54 41 48 -2 17 0 0.04 0.0 0 1.6 9 50 M M 8 10 50
2 66 36 51 1 14 0 0.00 0.0 0 5.8 16 100 M M 3 12 21 90
3 75 50 63 12 2 0 0.00 0.0 0 8.6 18 170 M M 5 1 24 180
4 81 58 70 19 0 5 0.17 0.0 0 7.7 25 160 M M 7 13 35 130
5 79 57 68 17 0 3 0.02 0.0 0 4.4 21 280 M M 3 3 31 280
6 63 56 60 8 5 0 0.00 0.0 0 6.2 15 10 M M 8 21 10
7 65 54 60 8 5 0 0.63 0.0 0 5.8 16 270 M M 5 1 23 270
8 65 54 60 8 5 0 0.39 0.0 0 5.4 21 140 M M 6 1 27 140
9 58 47 53 1 12 0 0.07 0.0 0 9.8 22 320 M M 6 1 31 310
10 63 35 49 -4 16 0 0.00 0.0 0 4.6 14 340 M M 0 18 340
11 70 40 55 2 10 0 0.00 0.0 0 4.8 13 130 M M 0 17 210
12 76 44 60 7 5 0 0.00 0.0 0 6.1 18 190 M M 0 26 170
13 81 58 70 16 0 5 0.00 0.0 0 10.6 20 180 M M 3 25 180
14 80 63 72 18 0 7 0.21 0.0 0 11.7 29 10 M M 7 13 40 10
15 65 52 59 5 6 0 1.77 0.0 0 7.4 37 10 M M 9 13 50 360
16 68 46 57 2 8 0 0.08 0.0 0 2.4 10 10 M M 3 12 13 50
17 64 53 59 4 6 0 T 0.0 0 7.8 20 20 M M 8 28 30
18 55 39 47 -8 18 0 0.00 0.0 0 9.3 22 360 M M 0 31 360
19 66 34 50 -6 15 0 0.00 0.0 0 6.5 15 220 M M 0 23 280
20 75 46 61 5 4 0 0.00 0.0 0 5.7 14 210 M M 0 20 230
21 69 46 58 2 7 0 T 0.0 0 2.5 8 90 M M 6 10 80
22 63 51 57 1 8 0 0.33 0.0 0 5.1 16 50 M M 8 21 50
23 57 46 52 -5 13 0 0.00 0.0 0 11.4 23 20 M M 3 32 10
24 64 45 55 -2 10 0 T 0.0 0 9.4 18 130 M M 2 23 110
25 68 51 60 3 5 0 0.67 0.0 0 12.8 33 130 M M 9 1 42 130
26 62 45 54 -4 11 0 0.00 0.0 0 7.6 16 270 M M 1 1 23 250
27 60 41 51 -7 14 0 0.00 0.0 0 7.2 15 20 M M 0 19 360
28 69 40 55 -3 10 0 0.00 0.0 0 4.1 12 110 M M 1 14 150
29 79 45 62 4 3 0 0.00 0.0 0 9.2 21 180 M M 0 31 210
30 80 56 68 9 0 3 0.00 0.0 0 10.6 21 180 M M 3 29 220
31 80 61 71 12 0 6 0.00 0.0 0 11.1 18 180 M M 4 26 180
================================================================================
SM 2120 1490 229 29 4.38 0.0 223.2 M 118
================================================================================
AV 68.4 48.1 7.2 FASTST M M 4 MAX(MPH)
MISC ----> 37 10 50 360
================================================================================
NOTES:
# LAST OF SEVERAL OCCURRENCES
COLUMN 17 PEAK WIND IN M.P.H.
PRELIMINARY LOCAL CLIMATOLOGICAL DATA (WS FORM: F-6) , PAGE 2
STATION: PINE BLUFF
MONTH: MARCH
YEAR: 2024
LATITUDE: 34 10 N
LONGITUDE: 91 56 W
[TEMPERATURE DATA] [PRECIPITATION DATA] SYMBOLS USED IN COLUMN 16
AVERAGE MONTHLY: 58.2 TOTAL FOR MONTH: 4.38 1 = FOG OR MIST
DPTR FM NORMAL: 3.6 DPTR FM NORMAL: -0.91 2 = FOG REDUCING VISIBILITY
HIGHEST: 81 ON 4,13 GRTST 24HR 1.98 ON 14-15 TO 1/4 MILE OR LESS
LOWEST: 34 ON 19 3 = THUNDER
SNOW, ICE PELLETS, HAIL 4 = ICE PELLETS
TOTAL MONTH: T 5 = HAIL
GRTST 24HR 0.0 6 = FREEZING RAIN OR DRIZZLE
GRTST DEPTH: 0 7 = DUSTSTORM OR SANDSTORM:
VSBY 1/2 MILE OR LESS
8 = SMOKE OR HAZE
[NO. OF DAYS WITH] [WEATHER - DAYS WITH] 9 = BLOWING SNOW
X = TORNADO
MAX 32 OR BELOW: 0 0.01 INCH OR MORE: 11
MAX 90 OR ABOVE: 0 0.10 INCH OR MORE: 7
MIN 32 OR BELOW: 0 0.50 INCH OR MORE: 3
MIN 0 OR BELOW: 0 1.00 INCH OR MORE: 1
[HDD (BASE 65) ]
TOTAL THIS MO. 229 CLEAR (SCALE 0-3) 16
DPTR FM NORMAL -113 PTCLDY (SCALE 4-7) 11
TOTAL FM JUL 1 2195 CLOUDY (SCALE 8-10) 4
DPTR FM NORMAL -494
[CDD (BASE 65) ]
TOTAL THIS MO. 29
DPTR FM NORMAL 11 [PRESSURE DATA]
TOTAL FM JAN 1 46 HIGHEST SLP 30.33 ON 11
DPTR FM NORMAL 23 LOWEST SLP 29.43 ON 25
[REMARKS]
#FINAL-03-24#