000
CXUS52 KMFL 011000
CF6PBI
PRELIMINARY LOCAL CLIMATOLOGICAL DATA (WS FORM: F-6)
STATION: WEST PALM BEACH
MONTH: SEPTEMBER
YEAR: 2020
LATITUDE: 26 40 N
LONGITUDE: 80 7 W
TEMPERATURE IN F: :PCPN: SNOW: WIND :SUNSHINE: SKY :PK WND
================================================================================
1 2 3 4 5 6A 6B 7 8 9 10 11 12 13 14 15 16 17 18
12Z AVG MX 2MIN
DY MAX MIN AVG DEP HDD CDD WTR SNW DPTH SPD SPD DIR MIN PSBL S-S WX SPD DR
================================================================================
1 91 77 84 2 0 19 0.00 0.0 0 6.7 16 110 M M 3 21 100
2 91 82 87 5 0 22 0.00 0.0 0 8.0 15 90 M M 3 20 80
3 92 83 88 6 0 23 0.00 0.0 0 9.6 14 80 M M 3 20 70
4 92 80 86 4 0 21 0.00 0.0 0 7.5 15 70 M M 5 19 80
5 92 79 86 4 0 21 0.00 0.0 0 7.4 16 70 M M 6 21 80
6 88 75 82 0 0 17 0.14 0.0 0 6.2 20 70 M M 7 13 24 80
7 89 74 82 0 0 17 0.18 0.0 0 5.9 26 90 M M 7 1 32 90
8 88 75 82 0 0 17 0.05 0.0 0 7.0 21 120 M M 7 3 24 120
9 88 75 82 0 0 17 0.21 0.0 0 3.3 15 240 M M 6 13 20 250
10 89 77 83 1 0 18 0.20 0.0 0 7.2 23 120 M M 6 3 25 120
11 89 78 84 2 0 19 0.44 0.0 0 11.6 23 70 M M 6 13 29 90
12 86 75 81 -1 0 16 1.27 0.0 0 18.4 32 130 M M 6 13 42 130
13 86 75 81 -1 0 16 0.24 0.0 0 10.4 21 140 M M 8 1 24 130
14 88 78 83 1 0 18 T 0.0 0 8.3 16 140 M M 7 20 110
15 91 80 86 4 0 21 0.00 0.0 0 7.5 15 130 M M 4 21 130
16 90 80 85 3 0 20 0.00 0.0 0 9.8 20 130 M M 4 23 150
17 91 79 85 3 0 20 0.05 0.0 0 7.1 21 150 M M 5 1 25 150
18 93 80 87 5 0 22 0.08 0.0 0 6.7 20 300 M M 5 24 310
19 91 77 84 2 0 19 1.32 0.0 0 3.6 14 40 M M 5 13 16 40
20 90 77 84 2 0 19 0.04 0.0 0 9.0 30 50 M M 5 3 40 40
21 85 79 82 0 0 17 0.18 0.0 0 17.8 28 60 M M 8 18 37 50
22 87 79 83 1 0 18 0.01 0.0 0 16.1 24 60 M M 7 34 50
23 87 77 82 1 0 17 0.00 0.0 0 11.7 17 100 M M 6 24 70
24 88 75 82 1 0 17 0.12 0.0 0 12.7 21 130 M M 8 1 25 120
25 91 77 84 3 0 19 0.46 0.0 0 6.1 26 170 M M 7 13 31 160
26 92 78 85 4 0 20 0.00 0.0 0 7.1 13 100 M M 6 3 20 320
27 89 76 83 2 0 18 0.00 0.0 0 6.7 15 90 M M 5 23 90
28 89 78 84 3 0 19 0.46 0.0 0 5.2 23 230 M M 5 13 29 230
29 90 77 84 3 0 19 0.14 0.0 0 8.4 24 220 M M 5 13 29 220
30 86 75 81 0 0 16 0.04 0.0 0 7.6 17 360 M M 6 13 21 350
================================================================================
SM 2679 2327 0 562 5.63 0.0 260.6 M 171
================================================================================
AV 89.3 77.6 8.7 FASTST M M 6 MAX(MPH)
MISC ----> # 32 130 # 42 130
================================================================================
NOTES:
# LAST OF SEVERAL OCCURRENCES
COLUMN 17 PEAK WIND IN M.P.H.
PRELIMINARY LOCAL CLIMATOLOGICAL DATA (WS FORM: F-6) , PAGE 2
STATION: WEST PALM BEACH
MONTH: SEPTEMBER
YEAR: 2020
LATITUDE: 26 40 N
LONGITUDE: 80 7 W
[TEMPERATURE DATA] [PRECIPITATION DATA] SYMBOLS USED IN COLUMN 16
AVERAGE MONTHLY: 83.4 TOTAL FOR MONTH: 5.63 1 = FOG OR MIST
DPTR FM NORMAL: 1.6 DPTR FM NORMAL: -2.72 2 = FOG REDUCING VISIBILITY
HIGHEST: 93 ON 18 GRTST 24HR 1.32 ON 19-19 TO 1/4 MILE OR LESS
LOWEST: 74 ON 7 3 = THUNDER
SNOW, ICE PELLETS, HAIL 4 = ICE PELLETS
TOTAL MONTH: 0.0 INCH 5 = HAIL
GRTST 24HR 0.0 6 = FREEZING RAIN OR DRIZZLE
GRTST DEPTH: 0 7 = DUSTSTORM OR SANDSTORM:
VSBY 1/2 MILE OR LESS
8 = SMOKE OR HAZE
[NO. OF DAYS WITH] [WEATHER - DAYS WITH] 9 = BLOWING SNOW
X = TORNADO
MAX 32 OR BELOW: 0 0.01 INCH OR MORE: 19
MAX 90 OR ABOVE: 14 0.10 INCH OR MORE: 13
MIN 32 OR BELOW: 0 0.50 INCH OR MORE: 2
MIN 0 OR BELOW: 0 1.00 INCH OR MORE: 2
[HDD (BASE 65) ]
TOTAL THIS MO. 0 CLEAR (SCALE 0-3) 0
DPTR FM NORMAL 0 PTCLDY (SCALE 4-7) 30
TOTAL FM JUL 1 0 CLOUDY (SCALE 8-10) 0
DPTR FM NORMAL 0
[CDD (BASE 65) ]
TOTAL THIS MO. 562
DPTR FM NORMAL 60 [PRESSURE DATA]
TOTAL FM JAN 1 4006 HIGHEST SLP 30.10 ON 5
DPTR FM NORMAL 798 LOWEST SLP 29.77 ON 12
[REMARKS]
#FINAL-09-20#