000
CXUS52 KMFL 011241
CLMPBI
CLIMATE REPORT
NATIONAL WEATHER SERVICE MIAMI, FL
841 AM EDT SUN OCT 01 2023
...................................
...THE WEST PALM BEACH CLIMATE SUMMARY FOR THE MONTH OF SEPTEMBER 2023...
CLIMATE NORMAL PERIOD: 1991 TO 2020
CLIMATE RECORD PERIOD: 1888 TO 2023
WEATHER OBSERVED NORMAL DEPART LAST YEAR`S
VALUE DATE(S) VALUE FROM VALUE
NORMAL
..............................................................
TEMPERATURE (F)
RECORD
HIGH 97 09/12/1911
LOW 61 09/22/1897
HIGHEST 92 09/13 94
LOWEST 72 09/20 66
09/25
AVG. MAXIMUM 89.9 88.0 1.9 90.0
AVG. MINIMUM 75.8 75.8 0.0 75.3
MEAN 82.8 81.9 0.9 82.6
DAYS MAX >= 90 20 19
DAYS MAX <= 32 0 0
DAYS MIN <= 32 0 0
DAYS MIN <= 0 0 0
PRECIPITATION (INCHES)
RECORD
MAXIMUM 29.40 2004
MINIMUM 1.39 2019
TOTALS 13.14 7.96 5.18 11.86
DAILY AVG. 0.44 0.27 0.17 0.40
DAYS >= .01 18 15
DAYS >= .10 15 13
DAYS >= .50 9 6
DAYS >= 1.00 3 4
GREATEST
24 HR. TOTAL 4.20 09/26 TO 09/27 3.90
DEGREE DAYS
HEATING TOTAL 0 0 0 0
SINCE 7/1 0 0 0 MM
COOLING TOTAL 542 507 35 537
SINCE 1/1 3975 3318 657 MM
..............................................................
WIND (MPH)
AVERAGE WIND SPEED 6.4
HIGHEST WIND SPEED/DIRECTION 29/220 DATE 09/25
HIGHEST GUST SPEED/DIRECTION 43/220 DATE 09/25
SKY COVER
POSSIBLE SUNSHINE (PERCENT) MM
AVERAGE SKY COVER 0.54
NUMBER OF DAYS FAIR 4
NUMBER OF DAYS PC 24
NUMBER OF DAYS CLOUDY 2
AVERAGE RH (PERCENT) 75
WEATHER CONDITIONS. NUMBER OF DAYS WITH
THUNDERSTORM 15 MIXED PRECIP 0
HEAVY RAIN 10 RAIN 11
LIGHT RAIN 19 FREEZING RAIN 0
LT FREEZING RAIN 0 HAIL 0
HEAVY SNOW 0 SNOW 0
LIGHT SNOW 0 SLEET 0
FOG 15 FOG W/VIS <= 1/4 MILE 1
HAZE 2
- INDICATES NEGATIVE NUMBERS.
R INDICATES RECORD WAS SET OR TIED.
MM INDICATES DATA IS MISSING.
T INDICATES TRACE AMOUNT.
$$