000
CXUS52 KFFC 011010
CF6PDK
PRELIMINARY LOCAL CLIMATOLOGICAL DATA (WS FORM: F-6)
STATION: DEKALB PEACHTREE AIRPORT
MONTH: AUGUST
YEAR: 2020
LATITUDE: 33 52 N
LONGITUDE: 84 18 W
TEMPERATURE IN F: :PCPN: SNOW: WIND :SUNSHINE: SKY :PK WND
================================================================================
1 2 3 4 5 6A 6B 7 8 9 10 11 12 13 14 15 16 17 18
12Z AVG MX 2MIN
DY MAX MIN AVG DEP HDD CDD WTR SNW DPTH SPD SPD DIR MIN PSBL S-S WX SPD DR
================================================================================
1 90 70 80 0 0 15 0.00 0.0 M 7.6 21 210 M M 2 26 210
2 91 71 81 1 0 16 0.00 M M 4.1 13 180 M M 2 1 17 190
3 89 67 78 -2 0 13 1.23 M M 2.4 28 260 M M 2 123 40 250
4 89 66 78 -2 0 13 0.00 M M 2.4 12 10 M M 2 17 260
5 89 69 79 -1 0 14 T M M 2.5 15 230 M M 2 3 18 230
6 90 71 81 1 0 16 T M M 2.4 18 190 M M 4 3 24 190
7 91 71 81 1 0 16 0.28 M M 2.7 28 210 M M 5 13 33 210
8 93 68 81 1 0 16 0.00 M M 2.6 10 250 M M 1 1 14 260
9 93 71 82 2 0 17 T M M 2.8 16 310 M M 1 13 19 310
10 94 71 83 3 0 18 0.00 M M 4.2 26 10 M M 1 3 35 10
11 92 70 81 1 0 16 0.00 M M 4.1 13 300 M M 1 16 310
12 92 73 83 3 0 18 0.00 M M 4.3 20 250 M M 1 3 23 260
13 93 71 82 3 0 17 2.13 M M 3.9 17 310 M M 3 13 24 330
14 85 69 77 -2 0 12 0.36 M M 2.3 24 210 M M 6 138 29 220
15 86 72 79 0 0 14 0.37 M M 5.2 22 330 M M 6 18 26 340
16 90 69 80 1 0 15 0.00 M M 4.8 14 10 M M 1 1 18 340
17 90 68 79 0 0 14 0.00 M M 4.1 13 340 M M 2 13 17 310
18 90 64 77 -2 0 12 0.00 M M 2.7 13 10 M M 2 13 350
19 88 67 78 -1 0 13 0.44 M M 2.9 23 330 M M 3 138 31 320
20 83 67 75 -4 0 10 0.18 M M 2.6 13 210 M M 4 13 17 160
21 80 66 73 -6 0 8 1.60 M M 2.2 28 270 M M 8 13 36 290
22 83 66 75 -4 0 10 0.02 M M 2.2 10 170 M M 4 1 13 180
23 85 69 77 -2 0 12 T M M 3.1 10 150 M M 7 1 14 160
24 85 72 79 1 0 14 0.12 M M 3.3 9 120 M M 6 1 15 120
25 75 72 74 -4 0 9 0.68 M M 0.3 6 20 M M 10 1 9 110
26 89 72 81 3 0 16 0.00 M M 1.7 10 350 M M 4 13 15 80
27 89 70 80 2 0 15 0.00 M M 2.1 10 150 M M 1 13 150
28 86 75 81 3 0 16 T M M 7.7 17 220 M M 5 23 210
29 88 75 82 4 0 17 T M M 9.2 20 280 M M 6 27 230
30 92 72 82 4 0 17 0.17 M M 3.7 17 230 M M 6 13 24 240
31 88 72 80 3 0 15 0.01 M M 2.6 8 340 M M 6 1 10 220
================================================================================
SM 2738 2166 0 444 7.59 0.0 108.7 M 114
================================================================================
AV 88.3 69.9 3.5 FASTST M M 4 MAX(MPH)
MISC ----> # 28 260 40 250
================================================================================
NOTES:
# LAST OF SEVERAL OCCURRENCES
COLUMN 17 PEAK WIND IN M.P.H.
PRELIMINARY LOCAL CLIMATOLOGICAL DATA (WS FORM: F-6) , PAGE 2
STATION: DEKALB PEACHTREE AIRPORT
MONTH: AUGUST
YEAR: 2020
LATITUDE: 33 52 N
LONGITUDE: 84 18 W
[TEMPERATURE DATA] [PRECIPITATION DATA] SYMBOLS USED IN COLUMN 16
AVERAGE MONTHLY: 79.1 TOTAL FOR MONTH: 7.59 1 = FOG OR MIST
DPTR FM NORMAL: 0.0 DPTR FM NORMAL: 3.28 2 = FOG REDUCING VISIBILITY
HIGHEST: 94 ON 10 GRTST 24HR 2.49 ON 13-14 TO 1/4 MILE OR LESS
LOWEST: 64 ON 18 3 = THUNDER
SNOW, ICE PELLETS, HAIL 4 = ICE PELLETS
TOTAL MONTH: 0.0 INCH 5 = HAIL
GRTST 24HR 0.0 6 = FREEZING RAIN OR DRIZZLE
GRTST DEPTH: M ON M 7 = DUSTSTORM OR SANDSTORM:
VSBY 1/2 MILE OR LESS
8 = SMOKE OR HAZE
[NO. OF DAYS WITH] [WEATHER - DAYS WITH] 9 = BLOWING SNOW
X = TORNADO
MAX 32 OR BELOW: 0 0.01 INCH OR MORE: 13
MAX 90 OR ABOVE: 14 0.10 INCH OR MORE: 11
MIN 32 OR BELOW: 0 0.50 INCH OR MORE: 4
MIN 0 OR BELOW: 0 1.00 INCH OR MORE: 3
[HDD (BASE 65) ]
TOTAL THIS MO. 0 CLEAR (SCALE 0-3) 16
DPTR FM NORMAL 0 PTCLDY (SCALE 4-7) 14
TOTAL FM JUL 1 0 CLOUDY (SCALE 8-10) 1
DPTR FM NORMAL 0
[CDD (BASE 65) ]
TOTAL THIS MO. 444
DPTR FM NORMAL 10 [PRESSURE DATA]
TOTAL FM JAN 1 1426 HIGHEST SLP 30.15 ON 24
DPTR FM NORMAL -31 LOWEST SLP 29.73 ON 30
[REMARKS]
#FINAL-08-20#