000
CXUS54 KMAF 011110
CF6PEQ
PRELIMINARY LOCAL CLIMATOLOGICAL DATA (WS FORM: F-6)
STATION: PECOS MUNICIPAL AIRPORT
MONTH: JUNE
YEAR: 2023
LATITUDE: 31 22 N
LONGITUDE: 103 31 W
TEMPERATURE IN F: :PCPN: SNOW: WIND :SUNSHINE: SKY :PK WND
================================================================================
1 2 3 4 5 6A 6B 7 8 9 10 11 12 13 14 15 16 17 18
12Z AVG MX 2MIN
DY MAX MIN AVG DEP HDD CDD WTR SNW DPTH SPD SPD DIR MIN PSBL S-S WX SPD DR
================================================================================
1 93 67 80 M 0 15 M M M 7.4 18 130 M M 0 25 130
2 96 64 80 M 0 15 M M M 8.1 20 260 M M 0 28 260
3 93 61 77 M 0 12 M M M 4.0 18 110 M M 0 47 60
4 88 62 75 M 0 10 0.07 M M 4.1 24 240 M M 1 3 30 240
5 87 63 75 M 0 10 M M M 3.0 13 30 M M 1 20 40
6 89 64 77 M 0 12 0.09 M M 4.0 22 260 M M 1 41 0
7 92 65 79 M 0 14 0.11 M M 3.9 20 350 M M 0 29 0
8 96 56 76 M 0 11 M M M 1.6 7 220 M M 0 16 0
9 100 62 81 M 0 16 M M M 4.5 13 280 M M 0 39 220
10 100 63 82 M 0 17 M M M 6.4 16 270 M M 0 28 270
11 102 63 83 M 0 18 M M M 7.0 20 130 M M 0 24 130
12 103 69 86 M 0 21 M M M 6.2 18 280 M M 0 28 0
13 101 67 84 M 0 19 M M M 4.4 17 250 M M 0 23 250
14 100 61 81 M 0 16 M M M 4.6 17 310 M M 0 22 0
15 103 69 86 M 0 21 M M M 8.7 18 240 M M 0 30 250
16 105 70 88 M 0 23 M M M 4.4 14 280 M M 0 23 0
17 108 73 91 M 0 26 M M M 5.0 21 270 M M 0 28 240
18 104 72 88 M 0 23 M M M 0.2 5 200 M M 0 M M
19 109 69 89 M 0 24 M M M 3.6 15 270 M M 0 25 270
20 109 80 95 M 0 30 M M M 2.3 14 250 M M 0 23 0
21 109 78 94 M 0 29 M M M 5.2 14 200 M M 0 18 200
22 109 74 92 M 0 27 M M M 4.2 13 230 M M 0 8 20 230
23 110 75 93 M 0 28 M M M 4.7 16 150 M M 0 28 180
24 112 79 96 M 0 31 M M M 5.7 16 90 M M 0 24 100
25 111 73 92 M 0 27 M M M 2.7 12 180 M M 0 16 310
26 111 73 92 M 0 27 M M M 4.4 15 40 M M 0 26 320
27 111 71 91 M 0 26 M M M 7.3 21 140 M M 0 30 150
28 107 72 90 M 0 25 M M M 9.3 22 120 M M 0 29 130
29 107 78 93 M 0 28 M M M 14.6 24 120 M M 0 31 120
30 103 79 91 M 0 26 M M M 10.5 25 70 M M 1 40 70
================================================================================
SM 3068 2072 0 627 0.27 M 161.8 M 4
================================================================================
AV102.3 69.1 5.4 FASTST M M 0 MAX(MPH)
MISC ----> 25 70 47 60
================================================================================
NOTES:
# LAST OF SEVERAL OCCURRENCES
COLUMN 17 PEAK WIND IN M.P.H.
PRELIMINARY LOCAL CLIMATOLOGICAL DATA (WS FORM: F-6) , PAGE 2
STATION: PECOS MUNICIPAL AIRPORT
MONTH: JUNE
YEAR: 2023
LATITUDE: 31 22 N
LONGITUDE: 103 31 W
[TEMPERATURE DATA] [PRECIPITATION DATA] SYMBOLS USED IN COLUMN 16
AVERAGE MONTHLY: 85.7 TOTAL FOR MONTH: 0.27 1 = FOG OR MIST
DPTR FM NORMAL: 0.0 DPTR FM NORMAL: M 2 = FOG REDUCING VISIBILITY
HIGHEST: 112 ON 24 GRTST 24HR 0.11 ON 7- 7 TO 1/4 MILE OR LESS
LOWEST: 56 ON 8 3 = THUNDER
SNOW, ICE PELLETS, HAIL 4 = ICE PELLETS
TOTAL MONTH: M 5 = HAIL
GRTST 24HR M ON M 6 = FREEZING RAIN OR DRIZZLE
GRTST DEPTH: M ON M 7 = DUSTSTORM OR SANDSTORM:
VSBY 1/2 MILE OR LESS
8 = SMOKE OR HAZE
[NO. OF DAYS WITH] [WEATHER - DAYS WITH] 9 = BLOWING SNOW
X = TORNADO
MAX 32 OR BELOW: 0 0.01 INCH OR MORE: 3
MAX 90 OR ABOVE: 27 0.10 INCH OR MORE: 1
MIN 32 OR BELOW: 0 0.50 INCH OR MORE: 0
MIN 0 OR BELOW: 0 1.00 INCH OR MORE: 0
[HDD (BASE 65) ]
TOTAL THIS MO. 0 CLEAR (SCALE 0-3) 30
DPTR FM NORMAL M PTCLDY (SCALE 4-7) 0
TOTAL FM JUL 1 2199 CLOUDY (SCALE 8-10) 0
DPTR FM NORMAL M
[CDD (BASE 65) ]
TOTAL THIS MO. 627
DPTR FM NORMAL M [PRESSURE DATA]
TOTAL FM JAN 1 1059 HIGHEST SLP M ON M
DPTR FM NORMAL M LOWEST SLP M ON M
[REMARKS]
#FINAL-06-23#