622
CXUS52 KTBW 071552
CF6PGD
PRELIMINARY LOCAL CLIMATOLOGICAL DATA (WS FORM: F-6)
STATION: Punta Gorda
MONTH: MARCH
YEAR: 2020
LATITUDE: 26 55 N
LONGITUDE: 82 0 W
TEMPERATURE IN F: :PCPN: SNOW: WIND :SUNSHINE: SKY :PK WND
================================================================================
1 2 3 4 5 6A 6B 7 8 9 10 11 12 13 14 15 16 17 18
12Z AVG MX 2MIN
DY MAX MIN AVG DEP HDD CDD WTR SNW DPTH SPD SPD DIR MIN PSBL S-S WX SPD DR
================================================================================
1 75 38 57 -10 8 0 0.00 0.0 0 7.5 17 70 M M 0 22 110
2 80 47 64 -3 1 0 0.00 0.0 0 8.8 23 130 M M 1 28 130
3 83 55 69 2 0 4 0.00 0.0 0 9.2 22 210 M M 1 1 26 190
4 88 59 74 7 0 9 0.00 0.0 0 9.1 21 200 M M 4 12 26 210
5 88 68 78 11 0 13 0.00 0.0 0 12.8 23 220 M M 4 1 30 230
6 80 56 68 1 0 3 0.00 0.0 0 12.5 20 330 M M 5 26 280
7 71 49 60 -7 5 0 0.00 0.0 0 13.8 24 50 M M 0 30 50
8 75 48 62 -6 3 0 0.00 0.0 0 12.6 25 80 M M 3 34 60
9 81 51 66 -2 0 1 0.00 0.0 0 11.1 26 100 M M 7 35 70
10 82 59 71 3 0 6 0.00 0.0 0 9.4 18 110 M M 5 23 110
11 84 55 70 2 0 5 0.00 0.0 0 5.1 15 280 M M 4 1 18 280
12 86 61 74 6 0 9 0.00 0.0 0 4.6 14 250 M M 4 1 18 300
13 87 57 72 4 0 7 0.00 0.0 0 5.4 14 290 M M 2 1 18 90
14 89 58 74 6 0 9 0.00 0.0 0 5.8 14 290 M M 2 1 19 80
15 88 61 75 7 0 10 0.00 0.0 0 5.6 14 280 M M 3 12 20 280
16 87 59 73 5 0 8 0.00 0.0 0 7.9 17 90 M M 2 12 24 130
17 86 61 74 5 0 9 T 0.0 0 6.4 15 240 M M 4 12 23 230
18 89 60 75 6 0 10 0.00 0.0 0 8.5 18 80 M M 1 12 26 90
19 90 58 74 5 0 9 0.00 0.0 0 7.4 17 120 M M 3 12 23 140
20 88 59 74 5 0 9 0.00 0.0 0 6.5 18 120 M M 2 1 23 110
21 87 60 74 5 0 9 0.00 0.0 0 5.1 15 280 M M 2 19 260
22 88 61 75 6 0 10 0.00 0.0 0 6.8 15 230 M M 1 18 230
23 86 59 73 4 0 8 0.00 0.0 0 5.0 16 240 M M 3 12 19 260
24 86 63 75 6 0 10 0.00 0.0 0 7.4 18 250 M M 3 18 29 240
25 85 66 76 7 0 11 0.00 0.0 0 9.6 18 250 M M 2 24 270
26 90 63 77 7 0 12 0.00 0.0 0 6.1 16 270 M M 1 128 21 280
27 92 60 76 6 0 11 0.00 0.0 0 4.6 14 240 M M 3 12 17 220
28 92 62 77 7 0 12 0.00 0.0 0 7.1 15 240 M M 0 1 19 130
29 89 59 74 4 0 9 0.00 0.0 0 5.8 15 240 M M 3 12 26 110
30 90 64 77 7 0 12 0.00 0.0 0 5.0 17 250 M M 3 2 21 240
31 86 67 77 7 0 12 T 0.0 0 12.0 22 260 M M 5 1 30 260
================================================================================
SM 2648 1803 17 237 T 0.0 244.5 M 83
================================================================================
AV 85.4 58.2 7.9 FASTST M M 3 MAX(MPH)
MISC ----> # 26 100 # 35 70
================================================================================
NOTES:
# LAST OF SEVERAL OCCURRENCES
COLUMN 17 PEAK WIND IN M.P.H.
PRELIMINARY LOCAL CLIMATOLOGICAL DATA (WS FORM: F-6) , PAGE 2
STATION: Punta Gorda
MONTH: MARCH
YEAR: 2020
LATITUDE: 26 55 N
LONGITUDE: 82 0 W
[TEMPERATURE DATA] [PRECIPITATION DATA] SYMBOLS USED IN COLUMN 16
AVERAGE MONTHLY: 71.8 TOTAL FOR MONTH: T 1 = FOG OR MIST
DPTR FM NORMAL: 3.4 DPTR FM NORMAL: -3.31 2 = FOG REDUCING VISIBILITY
HIGHEST: 92 ON 28,27 GRTST 24HR T ON 31-31 TO 1/4 MILE OR LESS
LOWEST: 38 ON 1 3 = THUNDER
SNOW, ICE PELLETS, HAIL 4 = ICE PELLETS
TOTAL MONTH: 0.0 INCH 5 = HAIL
GRTST 24HR 0.0 6 = FREEZING RAIN OR DRIZZLE
GRTST DEPTH: 0 7 = DUSTSTORM OR SANDSTORM:
VSBY 1/2 MILE OR LESS
8 = SMOKE OR HAZE
[NO. OF DAYS WITH] [WEATHER - DAYS WITH] 9 = BLOWING SNOW
X = TORNADO
MAX 32 OR BELOW: 0 0.01 INCH OR MORE: 0
MAX 90 OR ABOVE: 5 0.10 INCH OR MORE: 0
MIN 32 OR BELOW: 0 0.50 INCH OR MORE: 0
MIN 0 OR BELOW: 0 1.00 INCH OR MORE: 0
[HDD (BASE 65) ]
TOTAL THIS MO. 17 CLEAR (SCALE 0-3) 19
DPTR FM NORMAL -19 PTCLDY (SCALE 4-7) 12
TOTAL FM JUL 1 238 CLOUDY (SCALE 8-10) 0
DPTR FM NORMAL -151
[CDD (BASE 65) ]
TOTAL THIS MO. 237
DPTR FM NORMAL 96 [PRESSURE DATA]
TOTAL FM JAN 1 487 HIGHEST SLP M ON M
DPTR FM NORMAL 210 LOWEST SLP 29.78 ON 31
[REMARKS]
#FINAL-03-20#