000
CXUS51 KPBZ 010830
CF6PHD
PRELIMINARY LOCAL CLIMATOLOGICAL DATA (WS FORM: F-6)
STATION: NEW PHILADELPHIA OH
MONTH: DECEMBER
YEAR: 2022
LATITUDE: 40 28 N
LONGITUDE: 81 25 W
TEMPERATURE IN F: :PCPN: SNOW: WIND :SUNSHINE: SKY :PK WND
================================================================================
1 2 3 4 5 6A 6B 7 8 9 10 11 12 13 14 15 16 17 18
12Z AVG MX 2MIN
DY MAX MIN AVG DEP HDD CDD WTR SNW DPTH SPD SPD DIR MIN PSBL S-S WX SPD DR
================================================================================
1 36 22 29 -9 36 0 0.00 M M 5.3 20 270 M M 5 27 270
2 56 21 39 1 26 0 T M M 7.5 20 190 M M 8 29 170
3 56 29 43 6 22 0 0.21 M M 9.9 23 270 M M 9 18 34 270
4 38 20 29 -8 36 0 0.00 M M 4.0 10 200 M M 0 14 190
5 51 21 36 -1 29 0 0.00 M M 5.4 12 180 M M 3 15 180
6 50 42 46 10 19 0 0.05 M M 3.0 10 130 M M 10 18 13 140
7 52 47 50 14 15 0 0.14 M M 4.1 9 330 M M 10 1 12 310
8 47 40 44 8 21 0 0.00 M M 2.9 10 330 M M 6 18 12 20
9 48 32 40 4 25 0 0.15 M M 5.1 12 30 M M 5 1 15 30
10 40 35 38 3 27 0 0.01 M M 1.7 7 60 M M 10 1 10 50
11 44 38 41 6 24 0 0.06 M M 3.6 14 300 M M 9 18 20 300
12 39 34 37 2 28 0 T M M 4.0 9 60 M M 10 12 20
13 42 27 35 1 30 0 0.00 M M 4.2 12 120 M M 5 13 130
14 43 28 36 2 29 0 T M M 6.5 16 100 M M 5 21 120
15 47 38 43 9 22 0 0.76 M M 7.1 16 130 M M 10 1 22 120
16 42 33 38 4 27 0 T M M 3.2 15 290 M M 9 18 21 300
17 33 29 31 -2 34 0 T M M 5.6 13 250 M M 10 18 18 210
18 29 24 27 -6 38 0 T M M 8.1 14 240 M M 10 18 23 250
19 26 17 22 -11 43 0 0.00 M M 3.9 12 270 M M 8 18 250
20 34 18 26 -7 39 0 0.00 M M 1.0 8 160 M M 6 1 10 160
21 42 18 30 -2 35 0 0.00 M M 1.0 6 110 M M 0 1 8 120
22 44 31 38 6 27 0 T M M 7.2 14 120 M M 9 1 18 150
23 43 -5 19 -13 46 0 0.22 M M 15.2 28 270 M M 10 128 42 250
24 14 -2 6 -26 59 0 T M M 12.0 22 240 M M 10 8 33 250
25 14 10 12 -20 53 0 T M M 8.2 17 240 M M 8 8 26 260
26 21 7 14 -17 51 0 0.01 M M 3.2 13 210 M M 6 8 17 220
27 31 21 26 -5 39 0 0.00 M M 4.2 10 180 M M 10 14 200
28 45 23 34 3 31 0 0.00 M M 5.9 16 180 M M 0 23 180
29 59 36 48 17 17 0 0.00 M M 5.8 12 180 M M 7 16 210
30 66 41 54 24 11 0 0.01 M M 6.6 13 190 M M 6 20 200
31 60 44 52 22 13 0 0.28 M M 5.8 14 310 M M 8 1 19 310
================================================================================
SM 1292 819 952 0 1.90 M 171.2 M 222
================================================================================
AV 41.7 26.4 5.5 FASTST M M 7 MAX(MPH)
MISC ----> 28 270 42 250
================================================================================
NOTES:
# LAST OF SEVERAL OCCURRENCES
COLUMN 17 PEAK WIND IN M.P.H.
PRELIMINARY LOCAL CLIMATOLOGICAL DATA (WS FORM: F-6) , PAGE 2
STATION: NEW PHILADELPHIA OH
MONTH: DECEMBER
YEAR: 2022
LATITUDE: 40 28 N
LONGITUDE: 81 25 W
[TEMPERATURE DATA] [PRECIPITATION DATA] SYMBOLS USED IN COLUMN 16
AVERAGE MONTHLY: 34.0 TOTAL FOR MONTH: 1.90 1 = FOG OR MIST
DPTR FM NORMAL: 0.2 DPTR FM NORMAL: -0.83 2 = FOG REDUCING VISIBILITY
HIGHEST: 66 ON 30 GRTST 24HR 0.76 ON 15-15 TO 1/4 MILE OR LESS
LOWEST: -5 ON 23 3 = THUNDER
SNOW, ICE PELLETS, HAIL 4 = ICE PELLETS
TOTAL MONTH: M 5 = HAIL
GRTST 24HR M ON M 6 = FREEZING RAIN OR DRIZZLE
GRTST DEPTH: M ON M 7 = DUSTSTORM OR SANDSTORM:
VSBY 1/2 MILE OR LESS
8 = SMOKE OR HAZE
[NO. OF DAYS WITH] [WEATHER - DAYS WITH] 9 = BLOWING SNOW
X = TORNADO
MAX 32 OR BELOW: 6 0.01 INCH OR MORE: 11
MAX 90 OR ABOVE: 0 0.10 INCH OR MORE: 6
MIN 32 OR BELOW: 20 0.50 INCH OR MORE: 1
MIN 0 OR BELOW: 2 1.00 INCH OR MORE: 0
[HDD (BASE 65) ]
TOTAL THIS MO. 952 CLEAR (SCALE 0-3) 4
DPTR FM NORMAL -15 PTCLDY (SCALE 4-7) 11
TOTAL FM JUL 1 2061 CLOUDY (SCALE 8-10) 16
DPTR FM NORMAL -54
[CDD (BASE 65) ]
TOTAL THIS MO. 0
DPTR FM NORMAL 0 [PRESSURE DATA]
TOTAL FM JAN 1 908 HIGHEST SLP M ON M
DPTR FM NORMAL 128 LOWEST SLP 29.26 ON 23
[REMARKS]
#FINAL-12-22#