000
CXUS51 KPHI 010815
CF6PHL
PRELIMINARY LOCAL CLIMATOLOGICAL DATA (WS FORM: F-6)
STATION: PHILADELPHIA PA
MONTH: OCTOBER
YEAR: 2021
LATITUDE: 39 52 N
LONGITUDE: 75 15 W
TEMPERATURE IN F: :PCPN: SNOW: WIND :SUNSHINE: SKY :PK WND
================================================================================
1 2 3 4 5 6A 6B 7 8 9 10 11 12 13 14 15 16 17 18
12Z AVG MX 2MIN
DY MAX MIN AVG DEP HDD CDD WTR SNW DPTH SPD SPD DIR MIN PSBL S-S WX SPD DR
================================================================================
1 69 50 60 -4 5 0 0.00 0.0 0 6.3 10 300 M M 1 17 330
2 77 54 66 2 0 1 0.00 0.0 0 8.0 18 240 M M 6 35 210
3 83 60 72 9 0 7 0.00 0.0 0 4.7 12 220 M M 8 128 16 240
4 82 69 76 13 0 11 T 0.0 0 6.5 14 240 M M 8 1 17 230
5 70 63 67 5 0 2 2.36 0.0 0 7.5 14 50 M M 10 13 21 20
6 72 64 68 6 0 3 0.00 0.0 0 4.1 10 100 M M 10 19 10
7 77 64 71 9 0 6 0.00 0.0 0 3.5 12 190 M M 7 15 210
8 79 61 70 9 0 5 0.00 0.0 0 3.3 8 90 M M 6 11 90
9 71 63 67 6 0 2 T 0.0 0 10.6 18 80 M M 9 24 80
10 70 63 67 7 0 2 0.03 0.0 0 13.2 20 30 M M 10 1 27 30
11 72 62 67 7 0 2 0.00 0.0 0 11.4 20 40 M M 8 29 10
12 71 62 67 7 0 2 T 0.0 0 6.5 15 50 M M 9 18 24 20
13 73 62 68 9 0 3 0.00 0.0 0 3.5 10 230 M M 9 15 200
14 79 62 71 12 0 6 0.00 0.0 0 5.3 15 330 M M 6 1 21 340
15 82 61 72 14 0 7 0.00 0.0 0 4.7 13 190 M M 6 18 190
16 82 57 70 12 0 5 0.27 0.0 0 11.2 30 310 M M 7 1 40 300
17 62 51 57 -1 8 0 T 0.0 0 12.5 23 280 M M 3 32 290
18 63 49 56 -1 9 0 T 0.0 0 12.0 25 310 M M 5 34 300
19 71 46 59 2 6 0 0.00 0.0 0 11.8 21 260 M M 0 28 250
20 76 53 65 8 0 0 0.00 0.0 0 9.1 16 270 M M 2 21 280
21 76 56 66 10 0 1 0.00 0.0 0 6.9 13 200 M M 3 18 210
22 67 55 61 5 4 0 0.00 0.0 0 8.5 17 300 M M 5 20 310
23 64 51 58 2 7 0 0.01 0.0 0 6.3 16 230 M M 7 20 240
24 62 46 54 -1 11 0 T 0.0 0 3.4 9 170 M M 7 13 220
25 78 59 69 14 0 4 0.82 0.0 0 8.2 21 210 M M 8 13 28 200
26 66 50 58 4 7 0 0.66 0.0 0 13.4 29 280 M M 10 18 36 270
27 68 50 59 5 6 0 0.03 0.0 0 12.3 25 340 M M 8 1 32 350
28 65 49 57 3 8 0 0.00 0.0 0 6.7 14 110 M M 5 17 110
29 63 51 57 4 8 0 0.53 0.0 0 18.4 31 80 M M M 1 41 70
30 67 55 61 8 4 0 0.09 0.0 0 6.9 18 190 M M 8 1 24 170
31 64 52 58 5 7 0 0.01 0.0 0 10.4 23 270 M M M 27 260
================================================================================
SM 2221 1750 90 69 4.81 0.0 257.1 M 191
================================================================================
AV 71.6 56.5 8.3 FASTST M M 7 MAX(MPH)
MISC ----> 31 80 41 70
================================================================================
NOTES:
# LAST OF SEVERAL OCCURRENCES
COLUMN 17 PEAK WIND IN M.P.H.
PRELIMINARY LOCAL CLIMATOLOGICAL DATA (WS FORM: F-6) , PAGE 2
STATION: PHILADELPHIA PA
MONTH: OCTOBER
YEAR: 2021
LATITUDE: 39 52 N
LONGITUDE: 75 15 W
[TEMPERATURE DATA] [PRECIPITATION DATA] SYMBOLS USED IN COLUMN 16
AVERAGE MONTHLY: 64.0 TOTAL FOR MONTH: 4.81 1 = FOG OR MIST
DPTR FM NORMAL: 5.8 DPTR FM NORMAL: 1.34 2 = FOG REDUCING VISIBILITY
HIGHEST: 83 ON 3 GRTST 24HR 2.36 ON 4- 5 TO 1/4 MILE OR LESS
LOWEST: 46 ON 24,19 3 = THUNDER
SNOW, ICE PELLETS, HAIL 4 = ICE PELLETS
TOTAL MONTH: 0.0 INCH 5 = HAIL
GRTST 24HR 0.0 6 = FREEZING RAIN OR DRIZZLE
GRTST DEPTH: 0 7 = DUSTSTORM OR SANDSTORM:
VSBY 1/2 MILE OR LESS
8 = SMOKE OR HAZE
[NO. OF DAYS WITH] [WEATHER - DAYS WITH] 9 = BLOWING SNOW
X = TORNADO
MAX 32 OR BELOW: 0 0.01 INCH OR MORE: 10
MAX 90 OR ABOVE: 0 0.10 INCH OR MORE: 5
MIN 32 OR BELOW: 0 0.50 INCH OR MORE: 4
MIN 0 OR BELOW: 0 1.00 INCH OR MORE: 1
[HDD (BASE 65) ]
TOTAL THIS MO. 90 CLEAR (SCALE 0-3) 5
DPTR FM NORMAL -146 PTCLDY (SCALE 4-7) 14
TOTAL FM JUL 1 94 CLOUDY (SCALE 8-10) 12
DPTR FM NORMAL -170
[CDD (BASE 65) ]
TOTAL THIS MO. 69
DPTR FM NORMAL 43 [PRESSURE DATA]
TOTAL FM JAN 1 1586 HIGHEST SLP M ON M
DPTR FM NORMAL 228 LOWEST SLP 29.38 ON 26
[REMARKS]
#FINAL-10-21#