000
CXUS53 KUNR 011030
CF6PHP
PRELIMINARY LOCAL CLIMATOLOGICAL DATA (WS FORM: F-6)
STATION: PHILIP SD
MONTH: FEBRUARY
YEAR: 2021
LATITUDE: 44 3 N
LONGITUDE: 101 36 W
TEMPERATURE IN F: :PCPN: SNOW: WIND :SUNSHINE: SKY :PK WND
================================================================================
1 2 3 4 5 6A 6B 7 8 9 10 11 12 13 14 15 16 17 18
12Z AVG MX 2MIN
DY MAX MIN AVG DEP HDD CDD WTR SNW DPTH SPD SPD DIR MIN PSBL S-S WX SPD DR
================================================================================
1 45 10 28 5 37 0 0.00 M M 4.8 12 40 M M 2 12 14 80
2 31 22 27 3 38 0 T M M 4.1 12 90 M M 9 12 16 100
3 60 17 39 15 26 0 T M M 12.4 35 330 M M 6 12 45 340
4 39 12 26 2 39 0 T M M 11.5 32 290 M M 5 46 310
5 28 8 18 -6 47 0 0.04 M M 6.9 20 40 M M 8 1 25 40
6 9 2 6 -18 59 0 0.05 M M 7.9 17 350 M M 5 189 22 350
7 4 -15 -5 -29 70 0 0.06 M M 10.3 20 80 M M 8 18 23 80
8 10 -13 -1 -25 66 0 T M M 1.7 13 350 M M 2 1 16 340
9 8 -3 3 -21 62 0 T M M 6.1 15 330 M M 6 19 320
10 9 0 5 -20 60 0 0.01 M M 3.3 12 330 M M 9 1 15 330
11 4 -9 -2 -27 67 0 0.11 M M 10.8 18 50 M M 10 18 23 60
12 -1 -10 -5 -30 70 0 T M M 6.9 13 220 M M 10 15 230
13 0 -21 -10 -35 75 0 0.01 M M 5.8 13 350 M M 3 15 350
14 -2 -21 -11 -36 76 0 T M M 3.0 7 60 M M 0 8 110
15 5 -27 -11 -37 76 0 0.00 M M 10.6 23 140 M M 3 32 120
16 9 -8 1 -25 64 0 T M M 8.6 22 140 M M 7 26 140
17 22 6 14 -12 51 0 T M M 4.7 15 310 M M 10 19 330
18 26 0 13 -13 52 0 T M M 10.0 23 300 M M 5 28 300
19 28 -9 10 -16 55 0 0.00 M M 2.8 13 260 M M 1 14 260
20 37 8 23 -4 42 0 0.00 M M 4.9 15 350 M M 3 19 350
21 44 19 32 5 33 0 0.00 M M 14.2 26 300 M M 0 33 290
22 62 32 47 20 18 0 0.00 M M 17.6 43 310 M M 2 57 310
23 50 27 39 11 26 0 0.00 M M 17.2 37 310 M M 3 50 300
24 41 16 29 1 36 0 T M M 10.4 29 320 M M 5 8 38 320
25 48 11 30 2 35 0 0.00 M M 14.1 30 210 M M 0 41 220
26 49 21 35 7 30 0 0.00 M M 10.9 25 280 M M 5 31 280
27 44 15 30 1 35 0 0.34 M M 9.2 26 40 M M 4 1 35 40
28 30 9 20 -9 45 0 0.12 M M 9.5 20 360 M M 4 12 26 360
================================================================================
SM 739 99 1390 0 0.74 M 240.2 M 135
================================================================================
AV 26.4 3.5 8.6 FASTST M M 5 MAX(MPH)
MISC ----> 43 310 57 310
================================================================================
NOTES:
# LAST OF SEVERAL OCCURRENCES
COLUMN 17 PEAK WIND IN M.P.H.
PRELIMINARY LOCAL CLIMATOLOGICAL DATA (WS FORM: F-6) , PAGE 2
STATION: PHILIP SD
MONTH: FEBRUARY
YEAR: 2021
LATITUDE: 44 3 N
LONGITUDE: 101 36 W
[TEMPERATURE DATA] [PRECIPITATION DATA] SYMBOLS USED IN COLUMN 16
AVERAGE MONTHLY: 15.0 TOTAL FOR MONTH: 0.74 1 = FOG OR MIST
DPTR FM NORMAL: -10.7 DPTR FM NORMAL: 0.26 2 = FOG REDUCING VISIBILITY
HIGHEST: 62 ON 22 GRTST 24HR 0.46 ON 27-28 TO 1/4 MILE OR LESS
LOWEST: -27 ON 15 3 = THUNDER
SNOW, ICE PELLETS, HAIL 4 = ICE PELLETS
TOTAL MONTH: M 5 = HAIL
GRTST 24HR M ON M 6 = FREEZING RAIN OR DRIZZLE
GRTST DEPTH: M ON M 7 = DUSTSTORM OR SANDSTORM:
VSBY 1/2 MILE OR LESS
8 = SMOKE OR HAZE
[NO. OF DAYS WITH] [WEATHER - DAYS WITH] 9 = BLOWING SNOW
X = TORNADO
MAX 32 OR BELOW: 17 0.01 INCH OR MORE: 8
MAX 90 OR ABOVE: 0 0.10 INCH OR MORE: 3
MIN 32 OR BELOW: 28 0.50 INCH OR MORE: 0
MIN 0 OR BELOW: 12 1.00 INCH OR MORE: 0
[HDD (BASE 65) ]
TOTAL THIS MO. 1390 CLEAR (SCALE 0-3) 9
DPTR FM NORMAL 290 PTCLDY (SCALE 4-7) 13
TOTAL FM JUL 1 5143 CLOUDY (SCALE 8-10) 6
DPTR FM NORMAL -223
[CDD (BASE 65) ]
TOTAL THIS MO. 0
DPTR FM NORMAL 0 [PRESSURE DATA]
TOTAL FM JAN 1 0 HIGHEST SLP 30.82 ON 14
DPTR FM NORMAL 0 LOWEST SLP 29.56 ON 3
[REMARKS]
#FINAL-02-21#