000
CXUS53 KILX 010900
CF6PIA
PRELIMINARY LOCAL CLIMATOLOGICAL DATA (WS FORM: F-6)
STATION: PEORIA IL
MONTH: OCTOBER
YEAR: 2022
LATITUDE: 40 40 N
LONGITUDE: 89 41 W
TEMPERATURE IN F: :PCPN: SNOW: WIND :SUNSHINE: SKY :PK WND
================================================================================
1 2 3 4 5 6A 6B 7 8 9 10 11 12 13 14 15 16 17 18
12Z AVG MX 2MIN
DY MAX MIN AVG DEP HDD CDD WTR SNW DPTH SPD SPD DIR MIN PSBL S-S WX SPD DR
================================================================================
1 74 46 60 -1 5 0 0.00 0.0 0 6.0 15 70 M M 1 1 20 60
2 75 47 61 0 4 0 0.00 0.0 0 6.9 15 80 M M 0 20 90
3 73 46 60 0 5 0 0.00 0.0 0 5.5 12 60 M M 0 17 60
4 77 43 60 0 5 0 0.00 0.0 0 1.5 8 170 M M 0 12 180
5 79 43 61 1 4 0 0.10 0.0 0 4.0 14 220 M M 3 8 20 180
6 78 51 65 6 0 0 0.09 0.0 0 5.8 9 310 M M 2 1 24 10
7 59 39 49 -10 16 0 0.00 0.0 0 6.1 10 60 M M 3 M M
8 61 34 48 -10 17 0 0.00 0.0 0 5.7 16 240 M M 0 24 280
9 73 36 55 -3 10 0 0.00 0.0 0 5.4 17 280 M M 0 27 250
10 77 44 61 4 4 0 0.00 0.0 0 2.3 15 250 M M 1 21 240
11 63 55 59 2 6 0 0.44 0.0 0 10.7 21 180 M M 7 1 34 170
12 67 47 57 0 8 0 T 0.0 0 9.6 21 320 M M 6 41 320
13 59 39 49 -7 16 0 0.00 0.0 0 9.3 33 280 M M 3 47 260
14 63 33 48 -8 17 0 0.15 0.0 0 8.6 28 280 M M 3 42 230
15 56 33 45 -10 20 0 0.00 0.0 0 7.9 17 210 M M 1 25 230
16 61 41 51 -4 14 0 0.00 0.0 0 8.4 22 300 M M 2 33 300
17 46 33 40 -14 25 0 T T 0 10.7 21 300 M M 4 31 320
18 50 32 41 -13 24 0 0.00 0.0 0 10.1 21 300 M M 2 37 290
19 50 27 39 -15 26 0 0.00 0.0 0 7.5 20 280 M M 0 28 280
20 69 30 50 -3 15 0 0.00 0.0 0 5.3 14 210 M M 1 19 200
21 80 41 61 8 4 0 0.00 0.0 0 10.2 24 220 M M 0 30 220
22 82 55 69 17 0 4 0.00 0.0 0 14.6 24 180 M M 0 34 190
23 78 62 70 18 0 5 T 0.0 0 18.1 28 160 M M 1 42 170
24 77 61 69 17 0 4 0.13 0.0 0 17.4 28 180 M M 5 41 170
25 61 44 53 2 12 0 1.09 0.0 0 10.2 21 10 M M 10 1 41 30
26 58 36 47 -4 18 0 0.01 0.0 0 6.1 15 310 M M 1 28 320
27 57 35 46 -4 19 0 0.00 0.0 0 7.5 15 90 M M 0 22 130
28 62 38 50 0 15 0 0.00 0.0 0 5.3 10 90 M M 0 14 90
29 66 37 52 3 13 0 0.00 0.0 0 4.2 9 150 M M 0 1 13 70
30 60 47 54 5 11 0 0.19 0.0 0 5.5 13 70 M M 6 1 16 70
31 63 46 55 6 10 0 0.47 0.0 0 3.1 8 290 M M 6 18 12 290
================================================================================
SM 2054 1301 343 13 2.67 T 239.5 M 68
================================================================================
AV 66.3 42.0 7.7 FASTST M M 2 MAX(MPH)
MISC ----> 33 280 47 260
================================================================================
NOTES:
# LAST OF SEVERAL OCCURRENCES
COLUMN 17 PEAK WIND IN M.P.H.
PRELIMINARY LOCAL CLIMATOLOGICAL DATA (WS FORM: F-6) , PAGE 2
STATION: PEORIA IL
MONTH: OCTOBER
YEAR: 2022
LATITUDE: 40 40 N
LONGITUDE: 89 41 W
[TEMPERATURE DATA] [PRECIPITATION DATA] SYMBOLS USED IN COLUMN 16
AVERAGE MONTHLY: 54.1 TOTAL FOR MONTH: 2.67 1 = FOG OR MIST
DPTR FM NORMAL: -0.8 DPTR FM NORMAL: -0.50 2 = FOG REDUCING VISIBILITY
HIGHEST: 82 ON 22 GRTST 24HR 1.22 ON 24-25 TO 1/4 MILE OR LESS
LOWEST: 27 ON 19 3 = THUNDER
SNOW, ICE PELLETS, HAIL 4 = ICE PELLETS
TOTAL MONTH: T 5 = HAIL
GRTST 24HR T ON 17-17 6 = FREEZING RAIN OR DRIZZLE
GRTST DEPTH: 0 7 = DUSTSTORM OR SANDSTORM:
VSBY 1/2 MILE OR LESS
8 = SMOKE OR HAZE
[NO. OF DAYS WITH] [WEATHER - DAYS WITH] 9 = BLOWING SNOW
X = TORNADO
MAX 32 OR BELOW: 0 0.01 INCH OR MORE: 9
MAX 90 OR ABOVE: 0 0.10 INCH OR MORE: 7
MIN 32 OR BELOW: 3 0.50 INCH OR MORE: 1
MIN 0 OR BELOW: 0 1.00 INCH OR MORE: 1
[HDD (BASE 65) ]
TOTAL THIS MO. 343 CLEAR (SCALE 0-3) 23
DPTR FM NORMAL 8 PTCLDY (SCALE 4-7) 7
TOTAL FM JUL 1 413 CLOUDY (SCALE 8-10) 1
DPTR FM NORMAL 8
[CDD (BASE 65) ]
TOTAL THIS MO. 13
DPTR FM NORMAL -9 [PRESSURE DATA]
TOTAL FM JAN 1 1330 HIGHEST SLP 30.47 ON 8
DPTR FM NORMAL 174 LOWEST SLP 29.54 ON 25
[REMARKS]
#FINAL-10-22#