000
CXUS53 KILX 011000
CF6PIA
PRELIMINARY LOCAL CLIMATOLOGICAL DATA (WS FORM: F-6)
STATION: PEORIA IL
MONTH: DECEMBER
YEAR: 2023
LATITUDE: 40 40 N
LONGITUDE: 89 41 W
TEMPERATURE IN F: :PCPN: SNOW: WIND :SUNSHINE: SKY :PK WND
================================================================================
1 2 3 4 5 6A 6B 7 8 9 10 11 12 13 14 15 16 17 18
12Z AVG MX 2MIN
DY MAX MIN AVG DEP HDD CDD WTR SNW DPTH SPD SPD DIR MIN PSBL S-S WX SPD DR
================================================================================
1 47 39 43 7 22 0 0.64 0.0 0 5.3 12 140 M M 10 1 16 150
2 42 37 40 5 25 0 0.18 0.0 0 2.8 9 140 M M 10 12 14 140
3 41 33 37 2 28 0 0.04 0.0 0 5.7 16 270 M M 10 1 23 290
4 37 33 35 1 30 0 0.03 0.0 0 4.3 9 140 M M 7 13 260
5 42 32 37 3 28 0 0.04 0.0 0 5.7 13 350 M M 10 12 22 340
6 42 30 36 2 29 0 0.00 0.0 0 8.7 16 200 M M 4 18 23 200
7 59 35 47 14 18 0 0.00 0.0 0 12.3 20 170 M M 0 28 170
8 60 46 53 20 12 0 0.00 0.0 0 13.8 21 200 M M 5 28 200
9 56 36 46 13 19 0 0.26 0.0 0 12.7 22 280 M M 8 13 34 280
10 36 21 29 -3 36 0 0.00 0.0 0 6.6 16 290 M M 7 27 280
11 43 20 32 0 33 0 0.00 0.0 0 5.4 14 180 M M 0 17 180
12 41 27 34 2 31 0 0.00 0.0 0 5.5 13 270 M M 2 21 310
13 47 30 39 7 26 0 0.00 0.0 0 1.1 9 180 M M 4 11 230
14 53 28 41 10 24 0 0.00 0.0 0 2.7 12 220 M M 0 14 210
15 57 35 46 15 19 0 0.00 0.0 0 6.4 13 150 M M 1 22 160
16 48 42 45 14 20 0 0.49 0.0 0 8.7 17 170 M M 9 1 24 170
17 44 35 40 10 25 0 0.00 0.0 0 9.2 16 310 M M 10 1 25 320
18 35 20 28 -2 37 0 T T 0 11.7 26 320 M M 5 47 300
19 35 16 26 -4 39 0 0.00 0.0 0 8.9 18 180 M M 0 24 180
20 49 30 40 10 25 0 0.00 0.0 0 6.8 13 180 M M 1 16 170
21 50 40 45 16 20 0 0.00 0.0 0 5.2 12 180 M M 10 16 170
22 50 46 48 19 17 0 0.47 0.0 0 6.8 10 170 M M 10 1 15 180
23 54 50 52 23 13 0 0.01 0.0 0 4.8 9 160 M M 10 12 11 160
24 62 51 57 28 8 0 0.00 0.0 0 9.5 18 160 M M 6 12 27 160
25 57 40 49 21 16 0 0.60 0.0 0 12.4 21 130 M M 8 1 30 130
26 42 32 37 9 28 0 0.01 0.0 0 8.8 18 190 M M 7 24 170
27 46 37 42 14 23 0 0.03 0.0 0 9.8 21 30 M M 9 31 40
28 37 33 35 7 30 0 0.12 0.6 0 7.2 13 50 M M 8 1 20 20
29 39 30 35 7 30 0 0.13 0.3 1 7.3 13 350 M M 10 1 19 360
30 45 26 36 9 29 0 0.00 0.0 0 5.3 12 240 M M 5 12 18 220
31 37 30 34 7 31 0 T T 0 9.3 18 300 M M 10 27 280
================================================================================
SM 1433 1040 771 0 3.05 0.9 230.7 M 196
================================================================================
AV 46.2 33.5 7.4 FASTST M M 6 MAX(MPH)
MISC ----> 26 320 47 300
================================================================================
NOTES:
# LAST OF SEVERAL OCCURRENCES
COLUMN 17 PEAK WIND IN M.P.H.
PRELIMINARY LOCAL CLIMATOLOGICAL DATA (WS FORM: F-6) , PAGE 2
STATION: PEORIA IL
MONTH: DECEMBER
YEAR: 2023
LATITUDE: 40 40 N
LONGITUDE: 89 41 W
[TEMPERATURE DATA] [PRECIPITATION DATA] SYMBOLS USED IN COLUMN 16
AVERAGE MONTHLY: 39.9 TOTAL FOR MONTH: 3.05 1 = FOG OR MIST
DPTR FM NORMAL: 9.0 DPTR FM NORMAL: 0.84 2 = FOG REDUCING VISIBILITY
HIGHEST: 62 ON 24 GRTST 24HR 0.73 ON 30- 1 TO 1/4 MILE OR LESS
LOWEST: 16 ON 19 3 = THUNDER
SNOW, ICE PELLETS, HAIL 4 = ICE PELLETS
TOTAL MONTH: 0.9 INCH 5 = HAIL
GRTST 24HR 0.6 ON 28-28 6 = FREEZING RAIN OR DRIZZLE
GRTST DEPTH: 1 ON 29 7 = DUSTSTORM OR SANDSTORM:
VSBY 1/2 MILE OR LESS
8 = SMOKE OR HAZE
[NO. OF DAYS WITH] [WEATHER - DAYS WITH] 9 = BLOWING SNOW
X = TORNADO
MAX 32 OR BELOW: 0 0.01 INCH OR MORE: 14
MAX 90 OR ABOVE: 0 0.10 INCH OR MORE: 8
MIN 32 OR BELOW: 14 0.50 INCH OR MORE: 2
MIN 0 OR BELOW: 0 1.00 INCH OR MORE: 0
[HDD (BASE 65) ]
TOTAL THIS MO. 771 CLEAR (SCALE 0-3) 7
DPTR FM NORMAL -287 PTCLDY (SCALE 4-7) 11
TOTAL FM JUL 1 1697 CLOUDY (SCALE 8-10) 13
DPTR FM NORMAL -463
[CDD (BASE 65) ]
TOTAL THIS MO. 0
DPTR FM NORMAL 0 [PRESSURE DATA]
TOTAL FM JAN 1 1246 HIGHEST SLP 30.75 ON 14
DPTR FM NORMAL 89 LOWEST SLP 29.60 ON 9
[REMARKS]
#FINAL-12-23#