000
CXUS53 KILX 011519
CLSPIA
CLIMATE REPORT
NATIONAL WEATHER SERVICE LINCOLN IL
919 AM CST FRI MAR 01 2024
...................................
...THE PEORIA IL CLIMATE SUMMARY FOR THE SEASON, FROM
12/1/2023 TO 2/29/2024...
CLIMATE NORMAL PERIOD 1991 TO 2020
CLIMATE RECORD PERIOD 1883 TO 2024
WEATHER OBSERVED NORMAL DEPART LAST YEAR`S
VALUE DATE(S) VALUE FROM VALUE
NORMAL
..............................................................
TEMPERATURE (F)
RECORD
HIGH 78 02/27/2024
LOW -27 01/05/1884
HIGHEST 78R 02/27 MM MM 65
LOWEST -13 01/14 MM MM -9
AVG. MAXIMUM 43.0 36.9 6.1 41.1
AVG. MINIMUM 27.6 20.7 6.9 25.0
MEAN 35.3 28.8 6.5 33.0
DAYS MAX >= 90 0 0.0 0.0 0
DAYS MAX <= 32 10 32.8 -22.8 18
DAYS MIN <= 32 59 77.5 -18.5 61
DAYS MIN <= 0 6 6.2 -0.2 3
PRECIPITATION (INCHES)
RECORD
MAXIMUM 13.18 1950
MINIMUM 1.37 1963
TOTALS 6.93 6.26 0.67 7.75
DAILY AVG. 0.08 0.09
DAYS >= .01 32 28.8 3.2 26
DAYS >= .10 18 14.1 3.9 15
DAYS >= .50 5 3.6 1.4 6
DAYS >= 1.00 0 1.3 -1.3 2
GREATEST
24 HR. TOTAL 1.00 01/08 TO 01/09 1.41
SNOWFALL (INCHES)
RECORDS
TOTAL 52.5 2011
24 HR TOTAL 11.8 02/01/1900 TO 02/01/2011
TOTALS 18.7 20.8 -2.1 12.7
SINCE 7/1 22.8 22.4 0.4 MM
DAYS >= TRACE 19 15.7 3.3 23
DAYS >= 1.0 5 6.5 -1.5 3
GREATEST
SNOW DEPTH 8 01/12 4
01/19
24 HR TOTAL MM 5.3
DEGREE DAYS
HEATING TOTAL 2689 3258 -569 2867
SINCE 7/1 3615 4416 -801 MM
COOLING TOTAL 0 0 0 0
SINCE 1/1 0 0 0 MM
FREEZE DATES
RECORD
EARLIEST 09/20/1991
LATEST 05/25/1925
EARLIEST 10/30
LATEST 04/24
..............................................................
WIND (MPH)
AVERAGE WIND SPEED 7.9
HIGHEST WIND SPEED/DIRECTION 30/190 DATE 01/12
HIGHEST GUST SPEED/DIRECTION 48/260 DATE 02/22
SKY COVER
POSSIBLE SUNSHINE (PERCENT) MM
AVERAGE SKY COVER 0.50
NUMBER OF DAYS FAIR 38
NUMBER OF DAYS PC 20
NUMBER OF DAYS CLOUDY 33
AVERAGE RH (PERCENT) 72
WEATHER CONDITIONS. NUMBER OF DAYS WITH
THUNDERSTORM 3 MIXED PRECIP 2
HEAVY RAIN 2 RAIN 10
LIGHT RAIN 29 FREEZING RAIN 0
LT FREEZING RAIN 2 HAIL 0
HEAVY SNOW 0 SNOW 3
LIGHT SNOW 18 SLEET 1
FOG 42 FOG W/VIS <= 1/4 MILE 13
HAZE 5
- INDICATES NEGATIVE NUMBERS.
R INDICATES RECORD WAS SET OR TIED.
MM INDICATES DATA IS MISSING.
T INDICATES TRACE AMOUNT.
&&
RECORDS SET IN PEORIA IL DURING WINTER SEASON (DEC 2023-FEB 2024):
* 3RD WARMEST METEOROLOGICAL WINTER SEASON WITH MEAN TEMPERATURE 35.3F
* 3RD WARMEST DECEMBER WITH MEAN TEMPERATURE 39.9F
* TIED WITH 2017 FOR WARMEST FEBRUARY WITH MEAN TEMPERATURE 40.5F
$$