000
CXUS55 KPIH 012312
CF6PIH
PRELIMINARY LOCAL CLIMATOLOGICAL DATA (WS FORM: F-6)
STATION: POCATELLO
MONTH: FEBRUARY
YEAR: 2024
LATITUDE: 42 55 N
LONGITUDE: 112 36 W
TEMPERATURE IN F: :PCPN: SNOW: WIND :SUNSHINE: SKY :PK WND
================================================================================
1 2 3 4 5 6A 6B 7 8 9 10 11 12 13 14 15 16 17 18
12Z AVG MX 2MIN
DY MAX MIN AVG DEP HDD CDD WTR SNW DPTH SPD SPD DIR MIN PSBL S-S WX SPD DR
================================================================================
1 55 31 43 16 22 0 0.00 0.0 0 6.3 21 190 M M 5 25 180
2 45 34 40 13 25 0 0.25 T 0 12.1 21 220 M M 10 1 28 220
3 37 33 35 8 30 0 T T 0 17.3 24 250 M M 10 33 240
4 42 32 37 10 28 0 0.00 0.0 0 11.0 24 180 M M 7 31 190
5 45 35 40 13 25 0 0.58 T 0 8.9 23 180 M M 10 1 30 180
6 47 36 42 14 23 0 0.09 0.0 0 4.1 12 110 M M 10 1 15 110
7 41 32 37 9 28 0 0.08 T 0 14.9 26 240 M M 7 1 34 240
8 38 30 34 6 31 0 0.00 0.0 0 11.9 18 230 M M 6 22 240
9 36 28 32 4 33 0 T T 0 11.9 22 240 M M 9 1 28 230
10 34 23 29 1 36 0 0.05 T 0 5.9 16 260 M M 8 18 25 280
11 36 20 28 0 37 0 0.00 0.0 0 4.4 12 220 M M 3 15 230
12 43 23 33 4 32 0 0.00 0.0 0 10.5 21 180 M M 6 26 180
13 46 27 37 8 28 0 T T 0 5.6 14 190 M M 8 19 190
14 45 27 36 7 29 0 0.02 0.0 0 7.9 24 180 M M 8 1 31 180
15 46 33 40 11 25 0 0.26 0.4 0 17.3 29 240 M M 9 1 35 240
16 37 9 23 -7 42 0 0.24 3.8 0 11.7 28 230 M M 7 12 35 230
17 37 1 19 -11 46 0 0.00 0.0 3 5.3 15 30 M M 0 1 18 30
18 37 22 30 0 35 0 0.31 2.6 2 7.3 17 230 M M 8 12 22 220
19 35 14 25 -6 40 0 0.11 0.5 4 4.3 14 10 M M 6 12 18 10
20 47 19 33 2 32 0 0.00 0.0 4 5.4 18 190 M M 3 12 26 180
21 41 28 35 4 30 0 0.00 0.0 2 6.2 13 230 M M 6 18 210
22 45 31 38 6 27 0 0.00 0.0 T 7.3 16 240 M M 6 21 240
23 48 24 36 4 29 0 0.00 0.0 T 5.5 13 270 M M 2 17 240
24 51 30 41 9 24 0 0.00 0.0 0 12.7 22 180 M M 0 29 190
25 57 34 46 13 19 0 0.00 0.0 0 14.5 23 220 M M 1 32 220
26 48 26 37 4 28 0 0.27 1.7 0 20.0 36 250 M M 7 1 48 250
27 28 21 25 -8 40 0 T T 1 22.4 36 240 M M 6 1 44 240
28 42 27 35 1 30 0 0.00 0.0 1 12.5 26 180 M M 5 33 180
29 51 27 39 5 26 0 T 0.0 0 18.6 35 170 M M 5 59 200
================================================================================
SM 1240 757 880 0 2.26 9.0 303.7 M 178
================================================================================
AV 42.8 26.1 10.5 FASTST M M 6 MAX(MPH)
MISC ----> # 36 250 59 200
================================================================================
NOTES:
# LAST OF SEVERAL OCCURRENCES
COLUMN 17 PEAK WIND IN M.P.H.
PRELIMINARY LOCAL CLIMATOLOGICAL DATA (WS FORM: F-6) , PAGE 2
STATION: POCATELLO
MONTH: FEBRUARY
YEAR: 2024
LATITUDE: 42 55 N
LONGITUDE: 112 36 W
[TEMPERATURE DATA] [PRECIPITATION DATA] SYMBOLS USED IN COLUMN 16
AVERAGE MONTHLY: 34.4 TOTAL FOR MONTH: 2.26 1 = FOG OR MIST
DPTR FM NORMAL: 4.7 DPTR FM NORMAL: 1.29 2 = FOG REDUCING VISIBILITY
HIGHEST: 57 ON 25 GRTST 24HR 0.58 ON 5- 5 TO 1/4 MILE OR LESS
LOWEST: 1 ON 17 3 = THUNDER
SNOW, ICE PELLETS, HAIL 4 = ICE PELLETS
TOTAL MONTH: 9.0 INCHES 5 = HAIL
GRTST 24HR 3.8 ON 16-16 6 = FREEZING RAIN OR DRIZZLE
GRTST DEPTH: 4 ON 20,19 7 = DUSTSTORM OR SANDSTORM:
VSBY 1/2 MILE OR LESS
8 = SMOKE OR HAZE
[NO. OF DAYS WITH] [WEATHER - DAYS WITH] 9 = BLOWING SNOW
X = TORNADO
MAX 32 OR BELOW: 1 0.01 INCH OR MORE: 11
MAX 90 OR ABOVE: 0 0.10 INCH OR MORE: 7
MIN 32 OR BELOW: 23 0.50 INCH OR MORE: 1
MIN 0 OR BELOW: 0 1.00 INCH OR MORE: 0
[HDD (BASE 65) ]
TOTAL THIS MO. 880 CLEAR (SCALE 0-3) 6
DPTR FM NORMAL -110 PTCLDY (SCALE 4-7) 15
TOTAL FM JUL 1 4702 CLOUDY (SCALE 8-10) 8
DPTR FM NORMAL -468
[CDD (BASE 65) ]
TOTAL THIS MO. 0
DPTR FM NORMAL 0 [PRESSURE DATA]
TOTAL FM JAN 1 0 HIGHEST SLP 30.54 ON 17
DPTR FM NORMAL 0 LOWEST SLP 29.44 ON 7
[REMARKS]
5TH: RAINFALL OF 0.58 INCHES BREAKS OLD RECORD OF 0.18 SET IN 2020.
27TH: RAINFALL OF 0.27 INCHES TIES OLD RECORD SET IN 1963.
#FINAL-02-24#