000
CXUS55 KPIH 011858
CLMPIH
CLIMATE REPORT
NATIONAL WEATHER SERVICE POCATELLO ID
936 AM MDT MON MAY 01 2023
...................................
...THE POCATELLO CLIMATE SUMMARY FOR THE MONTH OF APRIL 2023...
CLIMATE NORMAL PERIOD 1991 TO 2020
CLIMATE RECORD PERIOD 1939 TO 2023
WEATHER OBSERVED NORMAL DEPART LAST YEAR`S
VALUE DATE(S) VALUE FROM VALUE DATE(S)
NORMAL
................................................................
TEMPERATURE (F)
RECORD
HIGH 86 04/23/2012
04/21/1994
04/29/1992
LOW 12 04/03/1945
HIGHEST 83 04/30 86 -3 73 04/08
LOWEST 14 04/06 13 1 19 04/06
AVG. MAXIMUM 56.0 58.6 -2.6 54.6
AVG. MINIMUM 29.8 32.8 -3.0 28.4
MEAN 42.9 45.7 -2.8 41.5
DAYS MAX >= 90 0 0.0 0.0 0
DAYS MAX <= 32 1 0.0 1.0 0
DAYS MIN <= 32 20 14.4 5.6 23
DAYS MIN <= 0 0 0.0 0.0 0
PRECIPITATION (INCHES)
RECORD
MAXIMUM 3.30 1963
MINIMUM 0.06 1977
TOTALS 0.63 1.20 -0.57 1.67
DAILY AVG. 0.02 0.04 -0.02 0.06
DAYS >= .01 6 9.6 -3.6 9
DAYS >= .10 2 3.9 -1.9 5
DAYS >= .50 0 0.2 -0.2 1
DAYS >= 1.00 0 0.0 0.0 0
GREATEST
24 HR. TOTAL 0.56 04/03 TO 04/04 0.69
SNOWFALL (INCHES)
RECORDS
TOTAL 15.5 1976
TOTALS 12.3 2.6 9.7 2.3
SINCE 7/1 72.2 38.1 34.1 MM
SNOWDEPTH AVG. 1 0
DAYS >= 1.0 2 0.8 1.2 1
GREATEST
SNOW DEPTH 9 04/05 1 04/12
04/13
24 HR TOTAL MM 1.2
DEGREE DAYS
HEATING TOTAL 657 579 78 698
SINCE 7/1 7129 6491 638 MM
COOLING TOTAL 0 0 0 0
SINCE 1/1 0 0 0 MM
................................................................
WIND (MPH)
AVERAGE WIND SPEED 10.7
HIGHEST WIND SPEED/DIRECTION 44/260 DATE 04/18
HIGHEST GUST SPEED/DIRECTION 53/260 DATE 04/18
SKY COVER
POSSIBLE SUNSHINE (PERCENT) MM
AVERAGE SKY COVER 0.39
NUMBER OF DAYS FAIR 15
NUMBER OF DAYS PC 9
NUMBER OF DAYS CLOUDY 6
AVERAGE RH (PERCENT) 59
WEATHER CONDITIONS. NUMBER OF DAYS WITH
THUNDERSTORM 1 MIXED PRECIP 0
HEAVY RAIN 0 RAIN 0
LIGHT RAIN 5 FREEZING RAIN 0
LT FREEZING RAIN 0 HAIL 0
HEAVY SNOW 1 SNOW 2
LIGHT SNOW 9 SLEET 0
FOG 6 FOG W/VIS <= 1/4 MILE 1
HAZE 5
- INDICATES NEGATIVE NUMBERS.
R INDICATES RECORD WAS SET OR TIED.
MM INDICATES DATA IS MISSING.
T INDICATES TRACE AMOUNT.
&&
8TH: RECORD LOW TEMPERATURE OF 18; BREAKS PREVIOUS RECORD OF 19 SET IN 2012.
$$