000
CXUS54 KBRO 010900
CF6PIL
PRELIMINARY LOCAL CLIMATOLOGICAL DATA (WS FORM: F-6)
STATION: BAYVIEW
MONTH: DECEMBER
YEAR: 2021
LATITUDE: 26 10 N
LONGITUDE: 97 20 W
TEMPERATURE IN F: :PCPN: SNOW: WIND :SUNSHINE: SKY :PK WND
================================================================================
1 2 3 4 5 6A 6B 7 8 9 10 11 12 13 14 15 16 17 18
12Z AVG MX 2MIN
DY MAX MIN AVG DEP HDD CDD WTR SNW DPTH SPD SPD DIR MIN PSBL S-S WX SPD DR
================================================================================
1 79 56 68 2 0 3 0.00 0.0 0 4.9 13 100 M M 0 1 17 120
2 82 63 73 7 0 8 0.00 0.0 0 5.4 14 90 M M 2 12 17 90
3 83 66 75 9 0 10 0.00 0.0 0 7.9 18 160 M M 3 12 23 170
4 83 70 77 12 0 12 0.00 0.0 0 9.9 20 150 M M 2 27 170
5 84 71 78 13 0 13 0.00 0.0 0 13.2 24 160 M M 1 18 33 160
6 85 65 75 10 0 10 T 0.0 0 12.1 29 350 M M 6 1 37 350
7 66 60 63 -2 2 0 0.00 0.0 0 7.4 21 360 M M 10 26 350
8 75 59 67 3 0 2 0.00 0.0 0 5.8 14 40 M M 5 18 18 30
9 85 72 79 15 0 14 T 0.0 0 12.8 24 160 M M 8 1 34 160
10 84 75 80 16 0 15 T 0.0 0 17.6 32 180 M M 7 47 180
11 82 56 69 5 0 4 T 0.0 0 15.1 38 10 M M 8 18 57 10
12 67 50 59 -5 6 0 0.00 0.0 0 12.2 18 330 M M 8 24 340
13 78 64 71 8 0 6 0.00 0.0 0 6.8 13 320 M M 5 18 15 350
14 84 67 76 13 0 11 0.00 0.0 0 9.9 21 150 M M 2 12 27 140
15 83 72 78 15 0 13 0.01 0.0 0 15.4 25 160 M M 4 1 33 150
16 83 73 78 15 0 13 T 0.0 0 14.4 25 150 M M 3 35 150
17 82 72 77 14 0 12 0.07 0.0 0 13.3 24 150 M M 5 1 32 150
18 84 65 75 13 0 10 0.03 0.0 0 12.0 28 20 M M 5 138 40 20
19 65 46 56 -6 9 0 1.37 0.0 0 20.2 26 340 M M 10 1 36 330
20 64 47 56 -6 9 0 0.30 0.0 0 12.0 23 320 M M 6 1 29 300
21 68 47 58 -4 7 0 0.00 0.0 0 5.4 12 30 M M 0 1 15 30
22 77 48 63 1 2 0 0.00 0.0 0 7.0 17 150 M M 0 12 23 190
23 78 60 69 7 0 4 0.00 0.0 0 10.2 23 160 M M 1 31 160
24 79 66 73 11 0 8 0.00 0.0 0 13.4 26 160 M M 2 37 160
25 82 66 74 13 0 9 0.00 0.0 0 12.4 24 180 M M 0 1 35 180
26 82 65 74 13 0 9 0.00 0.0 0 13.4 25 180 M M 1 1 35 180
27 82 70 76 15 0 11 0.00 0.0 M 13.6 26 160 M M 2 1 36 190
28 83 70 77 16 0 12 0.00 0.0 0 12.4 28 180 M M 3 18 39 170
29 87 69 78 17 0 13 0.00 0.0 0 7.4 16 170 M M 4 18 23 160
30 82 66 74 13 0 9 0.00 0.0 0 5.5 15 120 M M 7 12 19 120
31 84 73 79 18 0 14 0.00 0.0 0 18.1 28 170 M M 7 18 42 160
================================================================================
SM 2462 1969 35 245 1.78 0.0 347.1 M 127
================================================================================
AV 79.4 63.5 11.2 FASTST M M 4 MAX(MPH)
MISC ----> 38 10 57 10
================================================================================
NOTES:
# LAST OF SEVERAL OCCURRENCES
COLUMN 17 PEAK WIND IN M.P.H.
PRELIMINARY LOCAL CLIMATOLOGICAL DATA (WS FORM: F-6) , PAGE 2
STATION: BAYVIEW
MONTH: DECEMBER
YEAR: 2021
LATITUDE: 26 10 N
LONGITUDE: 97 20 W
[TEMPERATURE DATA] [PRECIPITATION DATA] SYMBOLS USED IN COLUMN 16
AVERAGE MONTHLY: 71.5 TOTAL FOR MONTH: 1.78 1 = FOG OR MIST
DPTR FM NORMAL: 8.5 DPTR FM NORMAL: 0.52 2 = FOG REDUCING VISIBILITY
HIGHEST: 87 ON 29 GRTST 24HR 1.37 ON 19-19 TO 1/4 MILE OR LESS
LOWEST: 46 ON 19 3 = THUNDER
SNOW, ICE PELLETS, HAIL 4 = ICE PELLETS
TOTAL MONTH: 0.0 INCH 5 = HAIL
GRTST 24HR 0.0 6 = FREEZING RAIN OR DRIZZLE
GRTST DEPTH: 0 7 = DUSTSTORM OR SANDSTORM:
VSBY 1/2 MILE OR LESS
8 = SMOKE OR HAZE
[NO. OF DAYS WITH] [WEATHER - DAYS WITH] 9 = BLOWING SNOW
X = TORNADO
MAX 32 OR BELOW: 0 0.01 INCH OR MORE: 5
MAX 90 OR ABOVE: 0 0.10 INCH OR MORE: 2
MIN 32 OR BELOW: 0 0.50 INCH OR MORE: 1
MIN 0 OR BELOW: 0 1.00 INCH OR MORE: 1
[HDD (BASE 65) ]
TOTAL THIS MO. 35 CLEAR (SCALE 0-3) 13
DPTR FM NORMAL -112 PTCLDY (SCALE 4-7) 16
TOTAL FM JUL 1 59 CLOUDY (SCALE 8-10) 2
DPTR FM NORMAL -142
[CDD (BASE 65) ]
TOTAL THIS MO. 245
DPTR FM NORMAL 160 [PRESSURE DATA]
TOTAL FM JAN 1 4163 HIGHEST SLP 30.28 ON 12
DPTR FM NORMAL 25 LOWEST SLP 29.62 ON 28
[REMARKS]
#FINAL-12-21#