013
CXUS55 KABR 011700
CF6PIR
PRELIMINARY LOCAL CLIMATOLOGICAL DATA (WS FORM: F-6)
STATION: PIERRE SD
MONTH: MAY
YEAR: 2020
LATITUDE: 44 22 N
LONGITUDE: 100 17 W
TEMPERATURE IN F: :PCPN: SNOW: WIND :SUNSHINE: SKY :PK WND
================================================================================
1 2 3 4 5 6A 6B 7 8 9 10 11 12 13 14 15 16 17 18
12Z AVG MX 2MIN
DY MAX MIN AVG DEP HDD CDD WTR SNW DPTH SPD SPD DIR MIN PSBL S-S WX SPD DR
================================================================================
1 77 49 63 10 2 0 0.00 0.0 0 17.4 33 310 M M 1 44 310
2 73 43 58 4 7 0 0.00 0.0 0 8.1 20 320 M M 0 27 320
3 76 43 60 6 5 0 T 0.0 0 11.6 24 90 M M 3 33 90
4 55 41 48 -6 17 0 1.11 0.0 0 15.8 31 350 M M 7 1 42 350
5 58 36 47 -8 18 0 0.06 0.0 0 11.5 32 290 M M 4 13 43 280
6 63 35 49 -6 16 0 0.00 0.0 0 6.5 13 320 M M 1 17 320
7 50 35 43 -12 22 0 0.54 0.0 0 11.3 24 80 M M 7 1 30 80
8 61 28 45 -11 20 0 0.00 0.0 0 6.2 12 170 M M 0 16 160
9 48 29 39 -17 26 0 T 0.0 0 20.4 45 320 M M 6 58 300
10 52 28 40 -16 25 0 0.00 0.0 0 10.7 23 350 M M 4 32 360
11 51 23 37 -19 28 0 0.00 0.0 0 4.4 15 200 M M 5 21 190
12 48 39 44 -13 21 0 0.04 0.0 0 12.7 25 130 M M 10 34 120
13 62 40 51 -6 14 0 0.03 0.0 0 9.9 24 130 M M 7 31 120
14 72 44 58 1 7 0 T 0.0 0 7.5 18 320 M M 3 31 340
15 62 39 51 -7 14 0 0.41 0.0 0 10.4 20 80 M M 5 13 27 80
16 52 47 50 -8 15 0 0.22 0.0 0 11.4 20 80 M M 10 1 26 80
17 66 46 56 -2 9 0 0.00 0.0 0 7.3 15 100 M M 6 20 60
18 68 43 56 -3 9 0 0.00 0.0 0 12.1 21 130 M M 0 27 120
19 73 51 62 3 3 0 0.00 0.0 0 18.1 26 140 M M 0 37 130
20 72 52 62 3 3 0 0.00 0.0 0 20.8 31 130 M M 3 1 43 130
21 70 57 64 4 1 0 T 0.0 0 13.1 26 150 M M 6 34 150
22 80 54 67 7 0 2 0.00 0.0 0 11.5 21 150 M M 0 1 26 130
23 79 54 67 7 0 2 0.69 0.0 0 13.2 24 290 M M 4 13 31 300
24 66 52 59 -1 6 0 0.29 0.0 0 16.0 25 320 M M 7 1 33 300
25 63 48 56 -5 9 0 0.03 0.0 0 8.8 17 310 M M 8 1 23 330
26 75 44 60 -1 5 0 0.00 0.0 0 4.1 10 290 M M 0 1 15 290
27 82 50 66 5 0 1 T 0.0 0 6.9 22 10 M M 2 30 20
28 72 48 60 -2 5 0 0.03 0.0 0 10.4 23 290 M M 4 1 31 310
29 71 44 58 -4 7 0 0.00 0.0 0 5.2 12 30 M M 2 14 360
30 68 54 61 -1 4 0 0.00 0.0 0 9.6 17 130 M M 9 24 140
31 80 51 66 4 0 1 0.00 0.0 0 13.8 23 130 M M 2 32 170
================================================================================
SM 2045 1347 318 6 3.45 0.0 346.7 M 126
================================================================================
AV 66.0 43.5 11.2 FASTST M M 4 MAX(MPH)
MISC ----> # 45 320 # 58 300
================================================================================
NOTES:
# LAST OF SEVERAL OCCURRENCES
COLUMN 17 PEAK WIND IN M.P.H.
PRELIMINARY LOCAL CLIMATOLOGICAL DATA (WS FORM: F-6) , PAGE 2
STATION: PIERRE SD
MONTH: MAY
YEAR: 2020
LATITUDE: 44 22 N
LONGITUDE: 100 17 W
[TEMPERATURE DATA] [PRECIPITATION DATA] SYMBOLS USED IN COLUMN 16
AVERAGE MONTHLY: 54.7 TOTAL FOR MONTH: 3.45 1 = FOG OR MIST
DPTR FM NORMAL: -3.2 DPTR FM NORMAL: 0.30 2 = FOG REDUCING VISIBILITY
HIGHEST: 82 ON 27 GRTST 24HR 1.11 ON 4- 4 TO 1/4 MILE OR LESS
LOWEST: 23 ON 11 3 = THUNDER
SNOW, ICE PELLETS, HAIL 4 = ICE PELLETS
TOTAL MONTH: 0.0 INCH 5 = HAIL
GRTST 24HR 0.0 6 = FREEZING RAIN OR DRIZZLE
GRTST DEPTH: 0 7 = DUSTSTORM OR SANDSTORM:
VSBY 1/2 MILE OR LESS
8 = SMOKE OR HAZE
[NO. OF DAYS WITH] [WEATHER - DAYS WITH] 9 = BLOWING SNOW
X = TORNADO
MAX 32 OR BELOW: 0 0.01 INCH OR MORE: 11
MAX 90 OR ABOVE: 0 0.10 INCH OR MORE: 6
MIN 32 OR BELOW: 4 0.50 INCH OR MORE: 3
MIN 0 OR BELOW: 0 1.00 INCH OR MORE: 1
[HDD (BASE 65) ]
TOTAL THIS MO. 318 CLEAR (SCALE 0-3) 14
DPTR FM NORMAL 71 PTCLDY (SCALE 4-7) 14
TOTAL FM JUL 1 7352 CLOUDY (SCALE 8-10) 3
DPTR FM NORMAL 115
[CDD (BASE 65) ]
TOTAL THIS MO. 6
DPTR FM NORMAL -22 [PRESSURE DATA]
TOTAL FM JAN 1 6 HIGHEST SLP 30.46 ON 10
DPTR FM NORMAL -26 LOWEST SLP 29.52 ON 1
[REMARKS]
#FINAL-05-20#