000
CXUS51 KPBZ 010730
CF6PIT
PRELIMINARY LOCAL CLIMATOLOGICAL DATA (WS FORM: F-6)
STATION: PITTSBURGH PA
MONTH: SEPTEMBER
YEAR: 2020
LATITUDE: 40 30 N
LONGITUDE: 80 13 W
TEMPERATURE IN F: :PCPN: SNOW: WIND :SUNSHINE: SKY :PK WND
================================================================================
1 2 3 4 5 6A 6B 7 8 9 10 11 12 13 14 15 16 17 18
12Z AVG MX 2MIN
DY MAX MIN AVG DEP HDD CDD WTR SNW DPTH SPD SPD DIR MIN PSBL S-S WX SPD DR
================================================================================
1 83 67 75 6 0 10 0.12 0.0 0 5.4 14 310 M M 9 138 18 310
2 81 69 75 6 0 10 0.25 0.0 0 7.8 17 250 M M 9 1 22 210
3 75 65 70 1 0 5 0.04 0.0 0 3.5 10 230 M M 8 1 15 230
4 77 55 66 -2 0 1 0.00 0.0 0 7.5 17 290 M M 6 20 340
5 77 50 64 -4 1 0 0.00 0.0 0 5.8 15 280 M M 2 20 280
6 77 57 67 -1 0 2 0.00 0.0 0 4.7 10 220 M M 6 15 310
7 80 61 71 3 0 6 0.17 0.0 0 7.3 22 340 M M 9 13 28 340
8 85 61 73 6 0 8 0.00 0.0 0 2.4 12 130 M M 4 1 14 200
9 87 62 75 8 0 10 0.00 0.0 0 2.3 10 160 M M 2 1 14 220
10 87 63 75 9 0 10 0.00 0.0 0 5.7 17 330 M M 4 21 10
11 74 63 69 3 0 4 0.00 0.0 0 6.5 13 350 M M 8 17 360
12 81 60 71 5 0 6 0.00 0.0 0 8.4 15 130 M M 6 19 140
13 76 63 70 5 0 5 0.06 0.0 0 6.7 15 10 M M 10 23 10
14 71 53 62 -3 3 0 0.00 0.0 0 9.5 23 320 M M 7 28 310
15 69 45 57 -8 8 0 0.00 0.0 0 2.1 8 130 M M 5 13 40
16 75 45 60 -4 5 0 0.00 0.0 0 2.9 10 210 M M 5 15 210
17 73 53 63 -1 2 0 0.00 0.0 0 5.5 14 360 M M 9 1 22 360
18 67 48 58 -5 7 0 0.00 0.0 0 12.2 21 360 M M 6 26 360
19 63 39 51 -12 14 0 0.00 0.0 0 4.5 13 100 M M 1 19 90
20 68 40 54 -8 11 0 0.00 0.0 0 5.0 15 100 M M 0 18 90
21 67 40 54 -8 11 0 0.00 0.0 0 2.5 13 130 M M 2 20 160
22 70 38 54 -8 11 0 0.00 0.0 0 2.3 12 310 M M 3 15 300
23 78 48 63 2 2 0 0.00 0.0 0 4.8 16 310 M M 4 19 260
24 76 56 66 5 0 1 0.00 0.0 0 2.3 10 290 M M 7 8 13 220
25 78 52 65 5 0 0 0.00 0.0 0 3.7 13 80 M M 3 1 17 110
26 78 54 66 6 0 1 0.00 0.0 0 2.6 12 250 M M 5 15 240
27 77 56 67 7 0 2 0.00 0.0 0 6.4 16 190 M M 5 23 200
28 80 58 69 10 0 4 0.03 0.0 0 9.1 24 310 M M 7 1 30 320
29 60 53 57 -2 8 0 0.16 0.0 0 5.1 18 290 M M 10 1 22 290
30 63 49 56 -2 9 0 0.09 0.0 0 11.2 26 210 M M 7 1 36 220
================================================================================
SM 2253 1623 92 85 0.92 0.0 165.7 M 169
================================================================================
AV 75.1 54.1 5.5 FASTST M M 6 MAX(MPH)
MISC ----> 26 210 36 220
================================================================================
NOTES:
# LAST OF SEVERAL OCCURRENCES
COLUMN 17 PEAK WIND IN M.P.H.
PRELIMINARY LOCAL CLIMATOLOGICAL DATA (WS FORM: F-6) , PAGE 2
STATION: PITTSBURGH PA
MONTH: SEPTEMBER
YEAR: 2020
LATITUDE: 40 30 N
LONGITUDE: 80 13 W
[TEMPERATURE DATA] [PRECIPITATION DATA] SYMBOLS USED IN COLUMN 16
AVERAGE MONTHLY: 64.6 TOTAL FOR MONTH: 0.92 1 = FOG OR MIST
DPTR FM NORMAL: 0.5 DPTR FM NORMAL: -2.19 2 = FOG REDUCING VISIBILITY
HIGHEST: 87 ON 10, 9 GRTST 24HR 0.36 ON 1- 2 TO 1/4 MILE OR LESS
LOWEST: 38 ON 22 3 = THUNDER
SNOW, ICE PELLETS, HAIL 4 = ICE PELLETS
TOTAL MONTH: 0.0 INCH 5 = HAIL
GRTST 24HR 0.0 6 = FREEZING RAIN OR DRIZZLE
GRTST DEPTH: 0 7 = DUSTSTORM OR SANDSTORM:
VSBY 1/2 MILE OR LESS
8 = SMOKE OR HAZE
[NO. OF DAYS WITH] [WEATHER - DAYS WITH] 9 = BLOWING SNOW
X = TORNADO
MAX 32 OR BELOW: 0 0.01 INCH OR MORE: 8
MAX 90 OR ABOVE: 0 0.10 INCH OR MORE: 4
MIN 32 OR BELOW: 0 0.50 INCH OR MORE: 0
MIN 0 OR BELOW: 0 1.00 INCH OR MORE: 0
[HDD (BASE 65) ]
TOTAL THIS MO. 92 CLEAR (SCALE 0-3) 6
DPTR FM NORMAL -9 PTCLDY (SCALE 4-7) 18
TOTAL FM JUL 1 92 CLOUDY (SCALE 8-10) 6
DPTR FM NORMAL -23
[CDD (BASE 65) ]
TOTAL THIS MO. 85
DPTR FM NORMAL 9 [PRESSURE DATA]
TOTAL FM JAN 1 976 HIGHEST SLP 30.57 ON 21
DPTR FM NORMAL 248 LOWEST SLP 29.70 ON 28
[REMARKS]
#FINAL-09-20#