000
CXUS51 KPBZ 011436
CLMPIT
CLIMATE REPORT
NATIONAL WEATHER SERVICE PITTSBURGH PA
1036 AM EDT WED NOV 01 2023
...................................
...THE PITTSBURGH PA CLIMATE SUMMARY FOR THE MONTH OF OCTOBER 2023...
CLIMATE NORMAL PERIOD 1991 TO 2020
CLIMATE RECORD PERIOD 1871 TO 2023
WEATHER OBSERVED NORMAL DEPART LAST YEAR`S
VALUE DATE(S) VALUE FROM VALUE DATE(S)
NORMAL
................................................................
TEMPERATURE (F)
RECORD
HIGH 91 10/03/1884
10/05/1879
LOW 16 10/29/1965
HIGHEST 85 10/03 79 6 73 10/24
10/25
LOWEST 33 10/23 29 4 32 10/29
AVG. MAXIMUM 65.4 63.1 2.3 61.5
AVG. MINIMUM 48.7 43.7 5.0 39.9
MEAN 57.0 53.4 3.6 50.7
DAYS MAX >= 90 0 0.0 0.0 0
DAYS MAX <= 32 0 0.0 0.0 0
DAYS MIN <= 32 MM 2.4 MM 1
DAYS MIN <= 0 0 0.0 0.0 0
PRECIPITATION (INCHES)
RECORD
MAXIMUM 8.20 1954
MINIMUM 0.06 1874
TOTALS 2.60 2.83 -0.23 1.87
DAILY AVG. 0.08 0.09 -0.01 0.06
DAYS >= .01 12 11.1 0.9 MM
DAYS >= .10 5 6.9 -1.9 MM
DAYS >= .50 3 1.7 1.3 MM
DAYS >= 1.00 0 0.5 -0.5 MM
GREATEST
24 HR. TOTAL 0.65 10/29 TO 10/30 0.50
SNOWFALL (INCHES)
RECORDS
TOTAL 6.6 1993
24 HR TOTAL 6.6 10/31/2020 TO 10/31/1993
TOTALS T 0.4 -0.4 T
SINCE 7/1 T 0.4 -0.4 MM
SNOWDEPTH AVG. 0 0
DAYS >= TRACE 1 0.3 0.7 2
DAYS >= 1.0 0 0.1 -0.1 0
GREATEST
24 HR TOTAL MM MM
DEGREE DAYS
HEATING TOTAL 272 370 -98 434
SINCE 7/1 304 468 -164 MM
COOLING TOTAL 33 11 22 0
SINCE 1/1 794 797 -3 MM
................................................................
WIND (MPH)
AVERAGE WIND SPEED 6.1
HIGHEST WIND SPEED/DIRECTION 24/310 DATE 10/30
HIGHEST GUST SPEED/DIRECTION 33/270 DATE 10/08
33/300 10/30
SKY COVER
AVERAGE SKY COVER 0.73
AVERAGE RH (PERCENT) 66
WEATHER CONDITIONS. NUMBER OF DAYS WITH
THUNDERSTORM 1 MIXED PRECIP 1
HEAVY RAIN 1 RAIN 6
LIGHT RAIN 16 FREEZING RAIN 0
LT FREEZING RAIN 0 HAIL 0
HEAVY SNOW 0 SNOW 0
LIGHT SNOW 1 SLEET 0
FOG 14 FOG W/VIS <= 1/4 MILE 1
HAZE 3
- INDICATES NEGATIVE NUMBERS.
R INDICATES RECORD WAS SET OR TIED.
MM INDICATES DATA IS MISSING.
T INDICATES TRACE AMOUNT.
$$