000
CXUS53 KAPX 031454
CF6PLN
PRELIMINARY LOCAL CLIMATOLOGICAL DATA (WS FORM: F-6)
STATION: PELLSTON
MONTH: OCTOBER
YEAR: 2020
LATITUDE: 45 34 N
LONGITUDE: 84 48 W
TEMPERATURE IN F: :PCPN: SNOW: WIND :SUNSHINE: SKY :PK WND
================================================================================
1 2 3 4 5 6A 6B 7 8 9 10 11 12 13 14 15 16 17 18
12Z AVG MX 2MIN
DY MAX MIN AVG DEP HDD CDD WTR SNW DPTH SPD SPD DIR MIN PSBL S-S WX SPD DR
================================================================================
1 55 40 48 -2 17 0 0.10 M M 10.0 22 330 M M 8 1 28 330
2 49 31 40 -10 25 0 0.03 M M 3.3 16 320 M M 9 1 21 320
3 49 28 39 -10 26 0 0.02 M M 1.4 8 140 M M 9 1 12 140
4 52 29 41 -8 24 0 0.19 M M 6.4 16 20 M M 8 1 23 30
5 59 27 43 -6 22 0 0.00 M M 7.2 18 210 M M 3 28 210
6 66 52 59 11 6 0 0.16 M M 9.0 23 220 M M 5 1 37 230
7 60 34 47 -1 18 0 0.02 M M 10.8 26 330 M M 6 1 37 300
8 58 33 46 -1 19 0 0.01 M M 4.6 18 310 M M 6 1 27 310
9 75 32 54 7 11 0 T M M 9.3 24 210 M M 3 1 38 220
10 71 31 51 4 14 0 0.00 M M 10.1 25 320 M M 3 36 340
11 58 28 43 -3 22 0 0.00 M M 8.0 21 110 M M 3 30 130
12 62 41 52 6 13 0 0.46 M M 11.7 32 310 M M 7 18 47 290
13 65 32 49 3 16 0 0.07 M M 6.3 24 210 M M 3 13 41 230
14 53 29 41 -4 24 0 0.28 M M 5.6 20 140 M M 5 1 26 140
15 54 36 45 0 20 0 0.24 M M 13.4 26 290 M M 9 1 40 300
16 45 29 37 -8 28 0 0.63 M M 5.4 20 200 M M 7 13 32 190
17 53 32 43 -1 22 0 0.19 M M 8.4 21 190 M M 9 1 32 210
18 54 32 43 -1 22 0 0.32 M M 4.6 17 310 M M 9 1 26 200
19 46 34 40 -4 25 0 T M M 3.6 13 290 M M 9 18 220
20 46 27 37 -6 28 0 0.17 M M 5.7 16 100 M M 7 1 22 100
21 49 41 45 2 20 0 0.23 M M 7.7 23 260 M M 10 1 33 260
22 45 32 39 -4 26 0 0.97 M M 6.9 22 90 M M 10 1 30 90
23 44 36 40 -2 25 0 1.42 M M 10.6 21 320 M M 10 13 29 310
24 41 33 37 -5 28 0 0.03 M M 4.4 14 320 M M 10 1 20 350
25 40 31 36 -6 29 0 0.08 M M 0.6 6 50 M M 10 1 7 360
26 42 30 36 -5 29 0 0.03 M M 3.1 15 350 M M 10 1 19 330
27 40 30 35 -6 30 0 0.01 M M 5.1 13 210 M M 6 1 22 230
28 48 35 42 1 23 0 0.10 M M 10.2 23 280 M M 8 1 35 250
29 41 26 34 -6 31 0 0.00 M M 8.6 17 10 M M 9 24 20
30 36 23 30 -10 35 0 0.00 M M 4.5 13 310 M M 8 20 360
31 52 18 35 -5 30 0 0.01 M M 9.6 28 190 M M 2 44 190
================================================================================
SM 1608 992 708 0 5.77 M 216.1 M 221
================================================================================
AV 51.9 32.0 7.0 FASTST M M 7 MAX(MPH)
MISC ----> 32 310 47 290
================================================================================
NOTES:
# LAST OF SEVERAL OCCURRENCES
COLUMN 17 PEAK WIND IN M.P.H.
PRELIMINARY LOCAL CLIMATOLOGICAL DATA (WS FORM: F-6) , PAGE 2
STATION: PELLSTON
MONTH: OCTOBER
YEAR: 2020
LATITUDE: 45 34 N
LONGITUDE: 84 48 W
[TEMPERATURE DATA] [PRECIPITATION DATA] SYMBOLS USED IN COLUMN 16
AVERAGE MONTHLY: 41.9 TOTAL FOR MONTH: 5.77 1 = FOG OR MIST
DPTR FM NORMAL: -2.9 DPTR FM NORMAL: 2.15 2 = FOG REDUCING VISIBILITY
HIGHEST: 75 ON 9 GRTST 24HR 2.31 ON 22-23 TO 1/4 MILE OR LESS
LOWEST: 18 ON 31 3 = THUNDER
SNOW, ICE PELLETS, HAIL 4 = ICE PELLETS
TOTAL MONTH: M 5 = HAIL
GRTST 24HR M ON M 6 = FREEZING RAIN OR DRIZZLE
GRTST DEPTH: M ON M 7 = DUSTSTORM OR SANDSTORM:
VSBY 1/2 MILE OR LESS
8 = SMOKE OR HAZE
[NO. OF DAYS WITH] [WEATHER - DAYS WITH] 9 = BLOWING SNOW
X = TORNADO
MAX 32 OR BELOW: 0 0.01 INCH OR MORE: 24
MAX 90 OR ABOVE: 0 0.10 INCH OR MORE: 14
MIN 32 OR BELOW: 20 0.50 INCH OR MORE: 3
MIN 0 OR BELOW: 0 1.00 INCH OR MORE: 1
[HDD (BASE 65) ]
TOTAL THIS MO. 708 CLEAR (SCALE 0-3) 6
DPTR FM NORMAL 78 PTCLDY (SCALE 4-7) 12
TOTAL FM JUL 1 1039 CLOUDY (SCALE 8-10) 13
DPTR FM NORMAL -40
[CDD (BASE 65) ]
TOTAL THIS MO. 0
DPTR FM NORMAL -2 [PRESSURE DATA]
TOTAL FM JAN 1 353 HIGHEST SLP 30.38 ON 31
DPTR FM NORMAL 133 LOWEST SLP 29.39 ON 15
[REMARKS]
#FINAL-10-20#