516
CXUS56 KLOX 011655
CF6PMD
PRELIMINARY LOCAL CLIMATOLOGICAL DATA (WS FORM: F-6)
STATION: PALMDALE AIRPORT CA
MONTH: AUGUST
YEAR: 2020
LATITUDE: 34 37 N
LONGITUDE: 118 5 W
TEMPERATURE IN F: :PCPN: SNOW: WIND :SUNSHINE: SKY :PK WND
================================================================================
1 2 3 4 5 6A 6B 7 8 9 10 11 12 13 14 15 16 17 18
12Z AVG MX 2MIN
DY MAX MIN AVG DEP HDD CDD WTR SNW DPTH SPD SPD DIR MIN PSBL S-S WX SPD DR
================================================================================
1 105 61 83 0 0 18 0.00 0.0 0 10.4 22 240 M M 0 26 240
2 102 70 86 3 0 21 0.00 0.0 0 13.5 30 280 M M 0 40 290
3 105 70 88 5 0 23 0.00 0.0 0 14.3 33 270 M M 0 41 280
4 96 71 84 1 0 19 0.00 0.0 0 14.2 24 230 M M 0 30 230
5 94 69 82 -1 0 17 0.00 0.0 0 15.3 26 240 M M 0 34 240
6 89 60 75 -7 0 10 0.00 0.0 0 12.4 24 220 M M 0 30 240
7 92 61 77 -5 0 12 0.00 0.0 0 9.5 22 220 M M 0 26 220
8 96 62 79 -3 0 14 0.00 0.0 0 7.1 24 240 M M 0 29 240
9 100 65 83 1 0 18 0.00 0.0 0 7.0 21 240 M M 0 24 240
10 100 67 84 2 0 19 0.00 0.0 0 11.0 25 210 M M 0 31 200
11 100 62 81 -1 0 16 0.00 0.0 0 9.9 23 240 M M 0 27 240
12 103 61 82 0 0 17 0.00 0.0 0 10.0 23 230 M M 0 29 240
13 103 79 91 9 0 26 T 0.0 0 8.7 28 290 M M 1 32 280
14 106 71 89 7 0 24 0.00 0.0 0 8.1 23 230 M M 0 8 28 230
15 108 72 90 8 0 25 T 0.0 0 6.5 24 280 M M 0 38 28 280
16 111 74 93 11 0 28 0.00 0.0 0 6.4 18 220 M M 0 8 23 210
17 111 78 95 14 0 30 0.00 0.0 0 7.3 18 220 M M 0 8 22 220
18 105 73 89 8 0 24 T 0.0 0 6.5 39 160 M M 1 38 45 170
19 109 75 92 11 0 27 0.07 0.0 0 9.2 41 280 M M 0 38 52 280
20 109 69 89 8 0 24 0.00 0.0 0 6.8 20 230 M M 1 8 27 210
21 107 69 88 7 0 23 0.00 0.0 0 8.2 22 230 M M 1 8 26 240
22 100 76 88 7 0 23 0.00 0.0 0 12.4 24 220 M M 0 8 28 210
23 99 75 87 7 0 22 0.00 0.0 0 11.3 23 240 M M 0 28 230
24 100 73 87 7 0 22 0.00 0.0 0 8.8 28 250 M M 0 33 250
25 100 74 87 7 0 22 0.00 0.0 0 13.4 23 240 M M 0 29 260
26 100 64 82 2 0 17 0.00 0.0 0 9.3 22 240 M M 0 28 230
27 100 67 84 4 0 19 0.00 0.0 0 10.6 25 220 M M 0 34 230
28 98 63 81 2 0 16 0.00 0.0 0 10.1 23 240 M M 0 30 240
29 97 62 80 1 0 15 0.00 0.0 0 8.1 22 230 M M 0 27 260
30 99 62 81 2 0 16 0.00 0.0 0 6.1 17 230 M M 0 23 250
31 97 61 79 0 0 14 0.00 0.0 0 8.6 22 250 M M 0 26 230
================================================================================
SM 3141 2116 0 621 0.07 0.0 301.0 M 4
================================================================================
AV101.3 68.3 9.7 FASTST M M 0 MAX(MPH)
MISC ----> # 41 280 # 52 280
================================================================================
NOTES:
# LAST OF SEVERAL OCCURRENCES
COLUMN 17 PEAK WIND IN M.P.H.
PRELIMINARY LOCAL CLIMATOLOGICAL DATA (WS FORM: F-6) , PAGE 2
STATION: PALMDALE AIRPORT CA
MONTH: AUGUST
YEAR: 2020
LATITUDE: 34 37 N
LONGITUDE: 118 5 W
[TEMPERATURE DATA] [PRECIPITATION DATA] SYMBOLS USED IN COLUMN 16
AVERAGE MONTHLY: 84.8 TOTAL FOR MONTH: 0.07 1 = FOG OR MIST
DPTR FM NORMAL: 3.6 DPTR FM NORMAL: -0.07 2 = FOG REDUCING VISIBILITY
HIGHEST: 111 ON 17,16 GRTST 24HR 0.07 ON 19-19 TO 1/4 MILE OR LESS
LOWEST: 60 ON 6 3 = THUNDER
SNOW, ICE PELLETS, HAIL 4 = ICE PELLETS
TOTAL MONTH: 0.0 INCH 5 = HAIL
GRTST 24HR 0.0 6 = FREEZING RAIN OR DRIZZLE
GRTST DEPTH: 0 7 = DUSTSTORM OR SANDSTORM:
VSBY 1/2 MILE OR LESS
8 = SMOKE OR HAZE
[NO. OF DAYS WITH] [WEATHER - DAYS WITH] 9 = BLOWING SNOW
X = TORNADO
MAX 32 OR BELOW: 0 0.01 INCH OR MORE: 1
MAX 90 OR ABOVE: 30 0.10 INCH OR MORE: 0
MIN 32 OR BELOW: 0 0.50 INCH OR MORE: 0
MIN 0 OR BELOW: 0 1.00 INCH OR MORE: 0
[HDD (BASE 65) ]
TOTAL THIS MO. 0 CLEAR (SCALE 0-3) 31
DPTR FM NORMAL 0 PTCLDY (SCALE 4-7) 0
TOTAL FM JUL 1 0 CLOUDY (SCALE 8-10) 0
DPTR FM NORMAL 0
[CDD (BASE 65) ]
TOTAL THIS MO. 621
DPTR FM NORMAL 117 [PRESSURE DATA]
TOTAL FM JAN 1 1709 HIGHEST SLP 29.97 ON 18
DPTR FM NORMAL 227 LOWEST SLP 29.67 ON 26
[REMARKS]
#FINAL-08-20#