000
CXUS56 KLOX 011257
CF6PMD
PRELIMINARY LOCAL CLIMATOLOGICAL DATA (WS FORM: F-6)
STATION: PALMDALE AIRPORT CA
MONTH: DECEMBER
YEAR: 2023
LATITUDE: 34 37 N
LONGITUDE: 118 5 W
TEMPERATURE IN F: :PCPN: SNOW: WIND :SUNSHINE: SKY :PK WND
================================================================================
1 2 3 4 5 6A 6B 7 8 9 10 11 12 13 14 15 16 17 18
12Z AVG MX 2MIN
DY MAX MIN AVG DEP HDD CDD WTR SNW DPTH SPD SPD DIR MIN PSBL S-S WX SPD DR
================================================================================
1 57 38 48 1 17 0 0.00 M M 11.7 23 290 M M 0 30 300
2 66 32 49 3 16 0 0.00 M M 6.6 21 280 M M 0 27 280
3 66 34 50 4 15 0 0.00 M M 4.5 10 340 M M 0 13 30
4 69 37 53 7 12 0 0.00 M M 3.8 10 20 M M 0 13 30
5 72 36 54 8 11 0 0.00 M M 3.5 13 80 M M 0 16 70
6 75 36 56 10 9 0 0.00 M M 6.9 21 230 M M 0 29 220
7 58 40 49 4 16 0 0.00 M M 16.7 35 280 M M 0 40 280
8 60 33 47 2 18 0 0.00 M M 5.8 15 280 M M 0 19 280
9 57 29 43 -2 22 0 0.00 M M 9.0 25 60 M M 0 33 50
10 60 26 43 -2 22 0 0.00 M M 3.6 9 170 M M 0 12 330
11 64 29 47 2 18 0 0.00 M M 2.4 9 210 M M 0 10 210
12 66 30 48 4 17 0 0.00 M M 2.9 10 170 M M 0 11 180
13 62 27 45 1 20 0 0.00 M M 5.1 14 60 M M 0 19 50
14 63 29 46 2 19 0 0.00 M M 4.4 9 30 M M 0 12 50
15 65 28 47 3 18 0 0.00 M M 3.9 16 30 M M 0 22 40
16 66 28 47 3 18 0 0.00 M M 3.6 9 210 M M 0 10 200
17 62 33 48 4 17 0 0.00 M M 3.5 10 190 M M 0 11 190
18 68 41 55 11 10 0 0.01 M M 4.0 17 230 M M 5 25 220
19 67 51 59 15 6 0 T M M 8.0 23 200 M M 7 30 190
20 61 42 52 8 13 0 0.35 M M 5.3 14 110 M M 8 128 17 110
21 58 49 54 10 11 0 0.04 M M 4.1 13 260 M M 7 1 16 260
22 54 42 48 4 17 0 0.11 M M 5.2 13 30 M M 8 1 18 300
23 65 38 52 8 13 0 0.00 M M 6.3 17 230 M M 0 20 220
24 59 34 47 3 18 0 0.00 M M 3.3 8 210 M M 0 1 9 200
25 60 33 47 3 18 0 T M M 2.7 8 190 M M 0 18 10 300
26 61 40 51 7 14 0 0.00 M M 3.3 9 260 M M 0 11 260
27 62 36 49 5 16 0 0.00 M M 3.0 12 280 M M 0 1 12 270
28 61 32 47 3 18 0 0.00 M M 2.8 8 200 M M 0 10 10
29 58 35 47 3 18 0 0.00 M M 2.7 8 200 M M 0 9 210
30 56 34 45 1 20 0 0.16 M M 9.9 20 240 M M 4 18 27 230
31 51 33 42 -2 23 0 0.00 M M 3.6 10 190 M M 1 18 13 230
================================================================================
SM 1929 1085 500 0 0.67 M 162.1 M 40
================================================================================
AV 62.2 35.0 5.2 FASTST M M 1 MAX(MPH)
MISC ----> 35 280 40 280
================================================================================
NOTES:
# LAST OF SEVERAL OCCURRENCES
COLUMN 17 PEAK WIND IN M.P.H.
PRELIMINARY LOCAL CLIMATOLOGICAL DATA (WS FORM: F-6) , PAGE 2
STATION: PALMDALE AIRPORT CA
MONTH: DECEMBER
YEAR: 2023
LATITUDE: 34 37 N
LONGITUDE: 118 5 W
[TEMPERATURE DATA] [PRECIPITATION DATA] SYMBOLS USED IN COLUMN 16
AVERAGE MONTHLY: 48.6 TOTAL FOR MONTH: 0.67 1 = FOG OR MIST
DPTR FM NORMAL: 3.9 DPTR FM NORMAL: -0.35 2 = FOG REDUCING VISIBILITY
HIGHEST: 75 ON 6 GRTST 24HR 0.39 ON 20-21 TO 1/4 MILE OR LESS
LOWEST: 26 ON 10 3 = THUNDER
SNOW, ICE PELLETS, HAIL 4 = ICE PELLETS
TOTAL MONTH: M 5 = HAIL
GRTST 24HR M ON M 6 = FREEZING RAIN OR DRIZZLE
GRTST DEPTH: M ON M 7 = DUSTSTORM OR SANDSTORM:
VSBY 1/2 MILE OR LESS
8 = SMOKE OR HAZE
[NO. OF DAYS WITH] [WEATHER - DAYS WITH] 9 = BLOWING SNOW
X = TORNADO
MAX 32 OR BELOW: 0 0.01 INCH OR MORE: 5
MAX 90 OR ABOVE: 0 0.10 INCH OR MORE: 3
MIN 32 OR BELOW: 10 0.50 INCH OR MORE: 0
MIN 0 OR BELOW: 0 1.00 INCH OR MORE: 0
[HDD (BASE 65) ]
TOTAL THIS MO. 500 CLEAR (SCALE 0-3) 25
DPTR FM NORMAL -131 PTCLDY (SCALE 4-7) 5
TOTAL FM JUL 1 986 CLOUDY (SCALE 8-10) 1
DPTR FM NORMAL -128
[CDD (BASE 65) ]
TOTAL THIS MO. 0
DPTR FM NORMAL 0 [PRESSURE DATA]
TOTAL FM JAN 1 1764 HIGHEST SLP 30.46 ON 9
DPTR FM NORMAL -180 LOWEST SLP 29.79 ON 19
[REMARKS]
#FINAL-12-23#