000
CXUS53 KPAH 010850
CF6POF
PRELIMINARY LOCAL CLIMATOLOGICAL DATA (WS FORM: F-6)
STATION: POPLAR BLUFF MO
MONTH: JULY
YEAR: 2023
LATITUDE: 36 46 N
LONGITUDE: 90 19 W
TEMPERATURE IN F: :PCPN: SNOW: WIND :SUNSHINE: SKY :PK WND
================================================================================
1 2 3 4 5 6A 6B 7 8 9 10 11 12 13 14 15 16 17 18
12Z AVG MX 2MIN
DY MAX MIN AVG DEP HDD CDD WTR SNW DPTH SPD SPD DIR MIN PSBL S-S WX SPD DR
================================================================================
1 93 75 84 5 0 19 T M M 7.5 37 300 M M 1 13 54 310
2 92 72 82 3 0 17 0.02 M M 8.2 28 210 M M 1 3 38 220
3 91 67 79 -1 0 14 0.00 M M 3.6 12 150 M M 0 17 160
4 90 71 81 1 0 16 0.00 M M 5.1 14 210 M M 2 1 19 160
5 90 71 81 1 0 16 0.50 M M 4.9 24 350 M M 2 13 37 300
6 92 72 82 2 0 17 T M M 4.2 10 350 M M 3 15 30
7 85 70 78 -2 0 13 M M M 4.8 10 170 M M 2 M M
8 88 73 81 1 0 16 M M M 6.3 15 240 M M 9 3 19 360
9 78 63 71 -9 0 6 0.00 M M 4.9 12 20 M M 6 1 15 20
10 85 60 73 -7 0 8 0.00 M M 3.6 13 190 M M 0 17 190
11 85 61 73 -7 0 8 0.00 M M 4.0 12 210 M M 0 1 16 200
12 91 64 78 -2 0 13 0.00 M M 5.5 15 180 M M 3 1 22 170
13 89 74 82 2 0 17 0.18 M M 6.1 18 200 M M 2 138 28 210
14 89 71 80 0 0 15 0.00 M M 4.7 14 200 M M 0 19 190
15 95 73 84 4 0 19 T M M 6.2 14 320 M M 2 1 20 310
16 90 68 79 -1 0 14 0.00 M M 4.3 14 330 M M 0 19 190
17 90 70 80 0 0 15 1.06 M M 5.3 26 100 M M 1 138 43 110
18 82 69 76 -4 0 11 0.30 M M 3.5 29 320 M M 5 13 43 320
19 83 71 77 -3 0 12 T M M 7.1 18 140 M M 6 26 120
20 91 74 83 3 0 18 0.04 M M 4.4 12 280 M M 2 13 22 240
21 81 68 75 -5 0 10 T M M 5.4 13 30 M M 2 21 30
22 86 64 75 -5 0 10 0.00 M M 4.4 14 340 M M 1 20 340
23 89 63 76 -4 0 11 0.00 M M 3.1 13 210 M M 0 1 16 200
24 89 71 80 0 0 15 0.00 M M 5.3 22 310 M M 0 3 28 320
25 90 73 82 2 0 17 0.00 M M 7.8 18 200 M M 1 1 25 190
26 92 76 84 4 0 19 0.01 M M 10.9 24 210 M M 0 34 210
27 95 77 86 6 0 21 0.00 M M 9.7 18 200 M M 1 26 190
28 95 74 85 5 0 20 0.00 M M 8.9 17 190 M M 0 1 24 190
29 92 71 82 2 0 17 T M M 7.0 29 240 M M 2 3 39 250
30 89 69 79 -1 0 14 0.05 M M 2.8 13 50 M M 3 1 18 40
31 88 71 80 0 0 15 0.00 M M 4.2 9 180 M M 1 1 15 100
================================================================================
SM 2755 2166 0 453 2.16 M 173.7 M 58
================================================================================
AV 88.9 69.9 5.6 FASTST M M 2 MAX(MPH)
MISC ----> 37 300 54 310
================================================================================
NOTES:
# LAST OF SEVERAL OCCURRENCES
COLUMN 17 PEAK WIND IN M.P.H.
PRELIMINARY LOCAL CLIMATOLOGICAL DATA (WS FORM: F-6) , PAGE 2
STATION: POPLAR BLUFF MO
MONTH: JULY
YEAR: 2023
LATITUDE: 36 46 N
LONGITUDE: 90 19 W
[TEMPERATURE DATA] [PRECIPITATION DATA] SYMBOLS USED IN COLUMN 16
AVERAGE MONTHLY: 79.4 TOTAL FOR MONTH: 2.16 1 = FOG OR MIST
DPTR FM NORMAL: -0.3 DPTR FM NORMAL: -1.58 2 = FOG REDUCING VISIBILITY
HIGHEST: 95 ON 28,27 GRTST 24HR 1.35 ON 17-18 TO 1/4 MILE OR LESS
LOWEST: 60 ON 10 3 = THUNDER
SNOW, ICE PELLETS, HAIL 4 = ICE PELLETS
TOTAL MONTH: M 5 = HAIL
GRTST 24HR M ON M 6 = FREEZING RAIN OR DRIZZLE
GRTST DEPTH: M ON M 7 = DUSTSTORM OR SANDSTORM:
VSBY 1/2 MILE OR LESS
8 = SMOKE OR HAZE
[NO. OF DAYS WITH] [WEATHER - DAYS WITH] 9 = BLOWING SNOW
X = TORNADO
MAX 32 OR BELOW: 0 0.01 INCH OR MORE: 8
MAX 90 OR ABOVE: 16 0.10 INCH OR MORE: 4
MIN 32 OR BELOW: 0 0.50 INCH OR MORE: 2
MIN 0 OR BELOW: 0 1.00 INCH OR MORE: 1
[HDD (BASE 65) ]
TOTAL THIS MO. 0 CLEAR (SCALE 0-3) 26
DPTR FM NORMAL 0 PTCLDY (SCALE 4-7) 4
TOTAL FM JUL 1 0 CLOUDY (SCALE 8-10) 1
DPTR FM NORMAL 0
[CDD (BASE 65) ]
TOTAL THIS MO. 453
DPTR FM NORMAL -3 [PRESSURE DATA]
TOTAL FM JAN 1 1012 HIGHEST SLP 30.14 ON 29
DPTR FM NORMAL 16 LOWEST SLP 29.76 ON 15
[REMARKS]
#FINAL-07-23#