000
CXUS55 KALY 010710
CF6POU
PRELIMINARY LOCAL CLIMATOLOGICAL DATA (WS FORM: F-6)
STATION: POUGHKEEPSIE NY
MONTH: MAY
YEAR: 2021
LATITUDE: 41 37 N
LONGITUDE: 73 53 W
TEMPERATURE IN F: :PCPN: SNOW: WIND :SUNSHINE: SKY :PK WND
================================================================================
1 2 3 4 5 6A 6B 7 8 9 10 11 12 13 14 15 16 17 18
12Z AVG MX 2MIN
DY MAX MIN AVG DEP HDD CDD WTR SNW DPTH SPD SPD DIR MIN PSBL S-S WX SPD DR
================================================================================
1 62 40 51 -4 14 0 0.00 M M 8.3 20 290 M M 2 26 270
2 81 49 65 10 0 0 0.00 M M 7.2 24 20 M M 4 31 10
3 64 50 57 1 8 0 0.12 M M 2.0 10 110 M M 6 1 13 140
4 69 53 61 5 4 0 0.25 M M 5.1 13 140 M M 9 1 20 140
5 58 45 52 -4 13 0 0.38 M M 3.8 10 320 M M 9 1 14 110
6 65 39 52 -4 13 0 0.00 M M 5.2 20 330 M M 1 12 25 340
7 65 39 52 -5 13 0 0.01 M M 4.3 15 100 M M 4 20 110
8 51 44 48 -9 17 0 0.06 M M 1.9 9 240 M M 9 11 240
9 62 36 49 -9 16 0 0.42 M M 3.7 17 240 M M 5 1 23 240
10 58 44 51 -7 14 0 0.24 M M 4.6 10 260 M M 9 1 14 360
11 63 37 50 -8 15 0 0.00 M M 7.9 23 250 M M 2 34 310
12 66 37 52 -6 13 0 0.00 M M 5.1 15 10 M M 3 20 10
13 70 34 52 -7 13 0 0.00 M M 2.3 14 340 M M 1 21 360
14 76 37 57 -2 8 0 0.00 M M 1.8 14 240 M M 1 18 240
15 76 42 59 0 6 0 0.00 M M 1.5 8 220 M M 0 M M
16 75 48 62 2 3 0 T M M 3.1 23 330 M M 2 29 330
17 77 43 60 0 5 0 0.00 M M 2.5 13 260 M M 1 14 240
18 82 47 65 5 0 0 0.00 M M 2.7 14 280 M M 1 19 290
19 85 49 67 7 0 2 0.00 M M 3.8 15 20 M M 0 23 30
20 81 53 67 6 0 2 0.00 M M 3.7 10 210 M M 0 15 200
21 87 51 69 8 0 4 0.00 M M 4.1 12 250 M M 0 16 230
22 88 59 74 13 0 9 0.00 M M 2.7 12 320 M M 1 16 260
23 87 59 73 11 0 8 0.00 M M 7.4 21 360 M M 5 28 10
24 70 46 58 -4 7 0 0.00 M M 5.1 16 230 M M 4 23 220
25 80 58 69 7 0 4 0.00 M M 6.5 15 240 M M 5 23 220
26 92 60 76 14 0 11 0.26 M M 6.5 18 300 M M 2 1 26 300
27 80 55 68 5 0 3 0.04 M M 4.9 15 40 M M 3 12 25 300
28 64 46 55 -8 10 0 1.31 M M 7.6 14 10 M M 6 1 18 20
29 50 45 48 -15 17 0 0.38 M M 7.8 15 20 M M 10 1 18 10
30 50 46 48 -16 17 0 0.85 M M 6.7 13 20 M M 10 18 17 20
31 68 47 58 -6 7 0 0.01 M M 3.9 14 360 M M 6 1 20 360
================================================================================
SM 2202 1438 233 43 4.33 M 143.7 M 121
================================================================================
AV 71.0 46.4 4.6 FASTST M M 4 MAX(MPH)
MISC ----> 24 20 34 310
================================================================================
NOTES:
# LAST OF SEVERAL OCCURRENCES
COLUMN 17 PEAK WIND IN M.P.H.
PRELIMINARY LOCAL CLIMATOLOGICAL DATA (WS FORM: F-6) , PAGE 2
STATION: POUGHKEEPSIE NY
MONTH: MAY
YEAR: 2021
LATITUDE: 41 37 N
LONGITUDE: 73 53 W
[TEMPERATURE DATA] [PRECIPITATION DATA] SYMBOLS USED IN COLUMN 16
AVERAGE MONTHLY: 58.7 TOTAL FOR MONTH: 4.33 1 = FOG OR MIST
DPTR FM NORMAL: -0.8 DPTR FM NORMAL: 0.86 2 = FOG REDUCING VISIBILITY
HIGHEST: 92 ON 26 GRTST 24HR 1.69 ON 28-29 TO 1/4 MILE OR LESS
LOWEST: 34 ON 13 3 = THUNDER
SNOW, ICE PELLETS, HAIL 4 = ICE PELLETS
TOTAL MONTH: M 5 = HAIL
GRTST 24HR M ON M 6 = FREEZING RAIN OR DRIZZLE
GRTST DEPTH: M ON M 7 = DUSTSTORM OR SANDSTORM:
VSBY 1/2 MILE OR LESS
8 = SMOKE OR HAZE
[NO. OF DAYS WITH] [WEATHER - DAYS WITH] 9 = BLOWING SNOW
X = TORNADO
MAX 32 OR BELOW: 0 0.01 INCH OR MORE: 13
MAX 90 OR ABOVE: 1 0.10 INCH OR MORE: 9
MIN 32 OR BELOW: 0 0.50 INCH OR MORE: 2
MIN 0 OR BELOW: 0 1.00 INCH OR MORE: 1
[HDD (BASE 65) ]
TOTAL THIS MO. 233 CLEAR (SCALE 0-3) 16
DPTR FM NORMAL 27 PTCLDY (SCALE 4-7) 9
TOTAL FM JUL 1 5540 CLOUDY (SCALE 8-10) 6
DPTR FM NORMAL -418
[CDD (BASE 65) ]
TOTAL THIS MO. 43
DPTR FM NORMAL 8 [PRESSURE DATA]
TOTAL FM JAN 1 46 HIGHEST SLP M ON M
DPTR FM NORMAL 6 LOWEST SLP 29.61 ON 2
[REMARKS]
#FINAL-05-21#