000
CXUS55 KALY 011719
CF6POU
PRELIMINARY LOCAL CLIMATOLOGICAL DATA (WS FORM: F-6)
STATION: POUGHKEEPSIE NY
MONTH: MARCH
YEAR: 2020
LATITUDE: 41 37 N
LONGITUDE: 73 53 W
TEMPERATURE IN F: :PCPN: SNOW: WIND :SUNSHINE: SKY :PK WND
================================================================================
1 2 3 4 5 6A 6B 7 8 9 10 11 12 13 14 15 16 17 18
12Z AVG MX 2MIN
DY MAX MIN AVG DEP HDD CDD WTR SNW DPTH SPD SPD DIR MIN PSBL S-S WX SPD DR
================================================================================
1 41 20 31 -1 34 0 0.00 M M 6.8 18 260 M M 2 26 310
2 61 24 43 11 22 0 0.00 M M 4.0 16 150 M M 4 22 160
3 61 45 53 21 12 0 0.21 M M 5.9 20 270 M M 7 1 25 260
4 54 38 46 13 19 0 0.00 M M 13.7 33 280 M M 4 45 280
5 51 30 41 8 24 0 0.00 M M 5.4 15 310 M M 2 26 350
6 46 25 36 3 29 0 0.01 M M 4.7 20 30 M M 6 25 30
7 45 25 35 1 30 0 0.00 M M 10.5 23 350 M M 3 32 10
8 61 21 41 7 24 0 0.00 M M 4.3 18 250 M M 1 8 24 260
9 73 30 52 18 13 0 0.00 M M 5.7 17 220 M M 0 24 220
10 65 40 53 19 12 0 0.03 M M 7.5 22 230 M M 6 31 230
11 53 35 44 9 21 0 0.00 M M 5.3 16 310 M M 3 23 320
12 49 29 39 4 26 0 0.06 M M 3.7 12 140 M M 8 1 15 120
13 69 43 56 20 9 0 0.16 M M 8.5 25 260 M M 6 1 35 290
14 51 38 45 9 20 0 0.00 M M 9.9 20 260 M M 1 25 260
15 51 32 42 6 23 0 0.00 M M 6.6 16 30 M M 5 21 20
16 47 23 35 -2 30 0 0.00 M M 6.9 16 120 M M 2 22 120
17 52 34 43 6 22 0 0.05 M M 3.8 14 290 M M 8 1 18 300
18 55 26 41 4 24 0 0.01 M M 3.0 10 160 M M 0 15 150
19 49 38 44 6 21 0 0.65 M M 4.0 10 350 M M 10 1 14 340
20 72 45 59 21 6 0 0.11 M M 5.9 22 250 M M 8 1 31 230
21 53 33 43 5 22 0 0.00 M M 10.1 18 360 M M 1 26 360
22 45 24 35 -4 30 0 0.00 M M 8.0 15 20 M M 0 19 360
23 35 32 34 -5 31 0 0.54 M M 6.9 14 130 M M 9 18 19 130
24 50 30 40 0 25 0 0.00 M M 5.8 17 20 M M 5 21 30
25 47 28 38 -2 27 0 0.00 M M 3.9 14 30 M M 6 17 40
26 60 25 43 3 22 0 0.00 M M 2.5 14 250 M M 0 16 240
27 65 35 50 9 15 0 0.00 M M 5.3 20 20 M M 2 24 30
28 51 31 41 0 24 0 0.46 M M 2.7 9 360 M M 6 1 12 150
29 51 42 47 5 18 0 0.12 M M 5.0 13 120 M M 10 138 19 120
30 50 38 44 2 21 0 0.06 M M 3.5 8 90 M M 10 1 11 70
31 51 37 44 2 21 0 0.01 M M 3.4 12 40 M M 10 15 30
================================================================================
SM 1664 996 677 0 2.48 M 183.2 M 145
================================================================================
AV 53.7 32.1 5.9 FASTST M M 5 MAX(MPH)
MISC ----> # 33 280 # 45 280
================================================================================
NOTES:
# LAST OF SEVERAL OCCURRENCES
COLUMN 17 PEAK WIND IN M.P.H.
PRELIMINARY LOCAL CLIMATOLOGICAL DATA (WS FORM: F-6) , PAGE 2
STATION: POUGHKEEPSIE NY
MONTH: MARCH
YEAR: 2020
LATITUDE: 41 37 N
LONGITUDE: 73 53 W
[TEMPERATURE DATA] [PRECIPITATION DATA] SYMBOLS USED IN COLUMN 16
AVERAGE MONTHLY: 42.9 TOTAL FOR MONTH: 2.48 1 = FOG OR MIST
DPTR FM NORMAL: 6.1 DPTR FM NORMAL: -1.09 2 = FOG REDUCING VISIBILITY
HIGHEST: 73 ON 9 GRTST 24HR 0.65 ON 19-19 TO 1/4 MILE OR LESS
LOWEST: 20 ON 1 3 = THUNDER
SNOW, ICE PELLETS, HAIL 4 = ICE PELLETS
TOTAL MONTH: M 5 = HAIL
GRTST 24HR M ON M 6 = FREEZING RAIN OR DRIZZLE
GRTST DEPTH: M ON M 7 = DUSTSTORM OR SANDSTORM:
VSBY 1/2 MILE OR LESS
8 = SMOKE OR HAZE
[NO. OF DAYS WITH] [WEATHER - DAYS WITH] 9 = BLOWING SNOW
X = TORNADO
MAX 32 OR BELOW: 0 0.01 INCH OR MORE: 14
MAX 90 OR ABOVE: 0 0.10 INCH OR MORE: 7
MIN 32 OR BELOW: 17 0.50 INCH OR MORE: 2
MIN 0 OR BELOW: 0 1.00 INCH OR MORE: 0
[HDD (BASE 65) ]
TOTAL THIS MO. 677 CLEAR (SCALE 0-3) 13
DPTR FM NORMAL -197 PTCLDY (SCALE 4-7) 11
TOTAL FM JUL 1 4790 CLOUDY (SCALE 8-10) 7
DPTR FM NORMAL -655
[CDD (BASE 65) ]
TOTAL THIS MO. 0
DPTR FM NORMAL 0 [PRESSURE DATA]
TOTAL FM JAN 1 0 HIGHEST SLP 30.69 ON 22
DPTR FM NORMAL 0 LOWEST SLP 29.39 ON 3
[REMARKS]
#FINAL-03-20#