000
CXUS51 KALY 010909
CLMPOU
CLIMATE REPORT
NATIONAL WEATHER SERVICE ALBANY NY
409 AM EST FRI DEC 01 2023
...................................
...THE POUGHKEEPSIE NY CLIMATE SUMMARY FOR THE MONTH OF NOVEMBER 2023...
CLIMATE NORMAL PERIOD: 1991 TO 2020
CLIMATE RECORD PERIOD: 1931 TO 2023
WEATHER OBSERVED NORMAL DEPART LAST YEAR`S
VALUE DATE(S) VALUE FROM VALUE DATE(S)
NORMAL
................................................................
TEMPERATURE (F)
RECORD
HIGH 82 11/01/1950
LOW 3 11/24/1989
HIGHEST 68 11/07 77 11/05
LOWEST 19 11/21 18 11/21
AVG. MAXIMUM 51.2 51.4 -0.2 55.9
AVG. MINIMUM 29.2 31.6 -2.4 32.5
MEAN 40.2 41.5 -1.3 44.2
DAYS MAX >= 90 0 0.0 0.0 0
DAYS MAX <= 32 0 0.2 -0.2 0
DAYS MIN <= 32 21 17.5 3.5 16
DAYS MIN <= 0 0 0.0 0.0 0
PRECIPITATION (INCHES)
RECORD
MAXIMUM 8.31 1932
MINIMUM 0.67 1976
TOTALS 2.07 3.27 -1.20 2.58
DAILY AVG. 0.07 0.09
DAYS >= .01 11 10.0 1.0 11
DAYS >= .10 4 5.7 -1.7 7
DAYS >= .50 2 2.2 -0.2 2
DAYS >= 1.00 0 0.8 -0.8 0
GREATEST
24 HR. TOTAL 1.02 11/21 TO 11/22
DEGREE DAYS
HEATING TOTAL 737 705 32 585
SINCE 7/1 1109 1225 -116 MM
COOLING TOTAL 0 0 0 4
SINCE 1/1 775 744 31 MM
................................................................
WIND (MPH)
AVERAGE WIND SPEED 4.1
HIGHEST WIND SPEED/DIRECTION 23/250 DATE 11/27
23/260 11/28
HIGHEST GUST SPEED/DIRECTION 31/300 DATE 11/28
SKY COVER
AVERAGE SKY COVER 0.33
AVERAGE RH (PERCENT) 67
WEATHER CONDITIONS. NUMBER OF DAYS WITH
THUNDERSTORM 0 MIXED PRECIP 0
HEAVY RAIN 1 RAIN 4
LIGHT RAIN 11 FREEZING RAIN 0
LT FREEZING RAIN 0 HAIL 0
HEAVY SNOW 0 SNOW 0
LIGHT SNOW 1 SLEET 0
FOG 12 FOG W/VIS <= 1/4 MILE 0
HAZE 4
- INDICATES NEGATIVE NUMBERS.
R INDICATES RECORD WAS SET OR TIED.
MM INDICATES DATA IS MISSING.
T INDICATES TRACE AMOUNT.
$$