000
CXUS51 KALY 010811
CLSPOU
CLIMATE REPORT
NATIONAL WEATHER SERVICE ALBANY NY
411 AM EDT THU SEP 01 2022
...................................
...THE POUGHKEEPSIE NY CLIMATE SUMMARY FOR THE SEASON, FROM
6/1/2022 TO 8/31/2022...
CLIMATE NORMAL PERIOD: 1991 TO 2020
CLIMATE RECORD PERIOD: 1931 TO 2022
WEATHER OBSERVED NORMAL DEPART LAST YEAR`S
VALUE DATE(S) VALUE FROM VALUE DATE(S)
NORMAL
................................................................
TEMPERATURE (F)
RECORD
HIGH 104 08/01/1933
LOW 35 06/01/2001
06/01/1984
HIGHEST 99 08/04 98 06/30
LOWEST 45 06/05 43 06/01
06/20
AVG. MAXIMUM 85.9 82.5 3.4 83.2
AVG. MINIMUM 61.0 60.1 0.9 62.5
MEAN 73.5 71.3 2.2 72.8
DAYS MAX >= 90 30 16.1 13.9 19
DAYS MAX <= 32 0 0.0 0.0 0
DAYS MIN <= 32 0 0.0 0.0 0
DAYS MIN <= 0 0 0.0 0.0 0
PRECIPITATION (INCHES)
RECORD
MAXIMUM 22.32 1945
MINIMUM 2.87 1966
TOTALS 4.79 11.97 -7.18 13.79
DAILY AVG. 0.05 0.15
DAYS >= .01 23 35.9 -12.9 37
DAYS >= .10 13 21.1 -8.1 20
DAYS >= .50 4 8.5 -4.5 9
DAYS >= 1.00 0 3.1 -3.1 5
GREATEST
24 HR. TOTAL 0.86
DEGREE DAYS
HEATING TOTAL 19 46 -27 27
SINCE 7/1 0 8 -8 MM
COOLING TOTAL 825 624 201 774
SINCE 1/1 905 664 241 MM
................................................................
WIND (MPH)
AVERAGE WIND SPEED 4.3
HIGHEST WIND SPEED/DIRECTION 30/280 DATE 07/24
HIGHEST GUST SPEED/DIRECTION 43/290 DATE 07/24
WEATHER CONDITIONS. NUMBER OF DAYS WITH
THUNDERSTORM 6 MIXED PRECIP 0
HEAVY RAIN 9 RAIN 10
LIGHT RAIN 24 FREEZING RAIN 0
LT FREEZING RAIN 0 HAIL 0
HEAVY SNOW 0 SNOW 0
LIGHT SNOW 0 SLEET 0
FOG 31 FOG W/VIS <= 1/4 MILE 4
HAZE 8
- INDICATES NEGATIVE NUMBERS.
R INDICATES RECORD WAS SET OR TIED.
MM INDICATES DATA IS MISSING.
T INDICATES TRACE AMOUNT.
$$