000
CXUS51 KALY 010648
CLSPOU
CLIMATE REPORT
NATIONAL WEATHER SERVICE ALBANY NY
248 AM EDT THU JUN 01 2023
...................................
...THE POUGHKEEPSIE NY CLIMATE SUMMARY FOR THE SEASON, FROM
3/1/2023 TO 5/31/2023...
CLIMATE NORMAL PERIOD: 1991 TO 2020
CLIMATE RECORD PERIOD: 1931 TO 2023
WEATHER OBSERVED NORMAL DEPART LAST YEAR`S
VALUE DATE(S) VALUE FROM VALUE DATE(S)
NORMAL
................................................................
TEMPERATURE (F)
RECORD
HIGH 98 05/22/1941
LOW -13 03/19/1967
HIGHEST 91 04/14 93 05/31
LOWEST 20 03/01 12 03/04
AVG. MAXIMUM 62.4 59.9 2.5 61.5
AVG. MINIMUM 37.6 37.5 0.1 39.4
MEAN 50.0 48.7 1.3 50.5
DAYS MAX >= 90 2 1.3 0.7 3
DAYS MAX <= 32 0 1.7 -1.7 1
DAYS MIN <= 32 30 32.3 -2.3 29
DAYS MIN <= 0 0 0.3 -0.3 0
PRECIPITATION (INCHES)
RECORD
MAXIMUM 22.74 1983
MINIMUM 3.37 1941
TOTALS 8.95 10.18 -1.23 11.17
DAILY AVG. 0.10 0.12
DAYS >= .01 29 35.0 -6.0 39
DAYS >= .10 20 20.2 -0.2 31
DAYS >= .50 6 5.7 0.3 5
DAYS >= 1.00 2 1.8 0.2 1
GREATEST
24 HR. TOTAL 1.56 03/13 TO 03/14
DEGREE DAYS
HEATING TOTAL 1385 1538 -153 1389
SINCE 7/1 5163 5958 -795 5446
COOLING TOTAL 23 41 -18 80
SINCE 1/1 23 40 -17 80
................................................................
WIND (MPH)
AVERAGE WIND SPEED 5.2
HIGHEST WIND SPEED/DIRECTION 32/260 DATE 04/01
HIGHEST GUST SPEED/DIRECTION 46/250 DATE 04/01
WEATHER CONDITIONS. NUMBER OF DAYS WITH
THUNDERSTORM 3 MIXED PRECIP 0
HEAVY RAIN 3 RAIN 13
LIGHT RAIN 29 FREEZING RAIN 0
LT FREEZING RAIN 0 HAIL 0
HEAVY SNOW 0 SNOW 1
LIGHT SNOW 6 SLEET 0
FOG 34 FOG W/VIS <= 1/4 MILE 8
HAZE 11
- INDICATES NEGATIVE NUMBERS.
R INDICATES RECORD WAS SET OR TIED.
MM INDICATES DATA IS MISSING.
T INDICATES TRACE AMOUNT.
$$