000
CXUS56 KLOX 011155
CF6PRB
PRELIMINARY LOCAL CLIMATOLOGICAL DATA (WS FORM: F-6)
STATION: PASO ROBLES AIRPORT CA
MONTH: MAY
YEAR: 2022
LATITUDE: 35 40 N
LONGITUDE: 120 38 W
TEMPERATURE IN F: :PCPN: SNOW: WIND :SUNSHINE: SKY :PK WND
================================================================================
1 2 3 4 5 6A 6B 7 8 9 10 11 12 13 14 15 16 17 18
12Z AVG MX 2MIN
DY MAX MIN AVG DEP HDD CDD WTR SNW DPTH SPD SPD DIR MIN PSBL S-S WX SPD DR
================================================================================
1 82 45 64 4 1 0 0.00 M M 10.0 21 310 M M 0 26 330
2 82 44 63 3 2 0 0.00 M M 12.4 22 310 M M 1 28 300
3 83 37 60 -1 5 0 0.00 M M 3.7 18 100 M M 0 8 21 130
4 89 40 65 4 0 0 0.00 M M 5.1 17 190 M M 0 22 200
5 88 42 65 4 0 0 0.00 M M 7.6 21 300 M M 0 26 310
6 87 44 66 5 0 1 0.00 M M 8.2 24 290 M M 0 8 30 310
7 81 49 65 3 0 0 0.00 M M 14.1 26 320 M M 2 33 310
8 70 44 57 -5 8 0 0.00 M M 18.0 31 320 M M 0 37 300
9 67 39 53 -9 12 0 0.00 M M 9.5 21 330 M M 0 27 300
10 68 40 54 -8 11 0 0.00 M M 10.1 26 330 M M 1 31 330
11 72 39 56 -6 9 0 0.00 M M 11.2 25 330 M M 0 30 330
12 78 37 58 -5 7 0 0.00 M M 7.7 18 320 M M 0 23 320
13 89 41 65 2 0 0 0.00 M M 8.5 20 320 M M 0 33 320
14 94 51 73 10 0 8 0.00 M M 6.9 15 310 M M 0 18 300
15 92 53 73 10 0 8 0.00 M M 10.7 25 310 M M 0 30 320
16 86 49 68 5 0 3 0.00 M M 14.5 26 330 M M 0 30 320
17 88 44 66 2 0 1 0.00 M M 10.8 22 310 M M 0 27 320
18 96 46 71 7 0 6 0.00 M M 7.3 20 320 M M 0 23 330
19 97 52 75 11 0 10 0.00 M M 11.5 28 310 M M 0 33 340
20 81 48 65 1 0 0 0.00 M M 9.8 22 210 M M 0 27 200
21 84 43 64 0 1 0 0.00 M M 7.6 23 210 M M 0 27 200
22 91 41 66 1 0 1 0.00 M M 6.5 20 310 M M 0 24 310
23 93 48 71 6 0 6 0.00 M M 7.3 22 340 M M 0 25 340
24 100 48 74 9 0 9 0.00 M M 3.9 15 320 M M 0 18 320
25 98 56 77 12 0 12 0.00 M M 9.0 26 200 M M 0 32 200
26 82 52 67 2 0 2 0.00 M M 12.3 26 210 M M 0 32 200
27 76 54 65 -1 0 0 0.00 M M 9.6 23 200 M M 4 8 28 210
28 81 52 67 1 0 2 0.00 M M 13.2 22 310 M M 3 29 310
29 84 53 69 3 0 4 0.00 M M 12.6 24 330 M M 1 29 310
30 84 46 65 -1 0 0 0.00 M M 11.4 22 320 M M 0 28 320
31 87 43 65 -1 0 0 0.00 M M 7.5 20 320 M M 0 24 320
================================================================================
SM 2630 1420 56 73 0.00 M 298.5 M 12
================================================================================
AV 84.8 45.8 9.6 FASTST M M 0 MAX(MPH)
MISC ----> 31 320 37 300
================================================================================
NOTES:
# LAST OF SEVERAL OCCURRENCES
COLUMN 17 PEAK WIND IN M.P.H.
PRELIMINARY LOCAL CLIMATOLOGICAL DATA (WS FORM: F-6) , PAGE 2
STATION: PASO ROBLES AIRPORT CA
MONTH: MAY
YEAR: 2022
LATITUDE: 35 40 N
LONGITUDE: 120 38 W
[TEMPERATURE DATA] [PRECIPITATION DATA] SYMBOLS USED IN COLUMN 16
AVERAGE MONTHLY: 65.3 TOTAL FOR MONTH: 0.00 1 = FOG OR MIST
DPTR FM NORMAL: 2.0 DPTR FM NORMAL: -0.31 2 = FOG REDUCING VISIBILITY
HIGHEST: 100 ON 24 GRTST 24HR 0.00 ON 1- 1 TO 1/4 MILE OR LESS
LOWEST: 37 ON 12, 3 3 = THUNDER
SNOW, ICE PELLETS, HAIL 4 = ICE PELLETS
TOTAL MONTH: M 5 = HAIL
GRTST 24HR M ON M 6 = FREEZING RAIN OR DRIZZLE
GRTST DEPTH: M ON M 7 = DUSTSTORM OR SANDSTORM:
VSBY 1/2 MILE OR LESS
8 = SMOKE OR HAZE
[NO. OF DAYS WITH] [WEATHER - DAYS WITH] 9 = BLOWING SNOW
X = TORNADO
MAX 32 OR BELOW: 0 0.01 INCH OR MORE: 0
MAX 90 OR ABOVE: 8 0.10 INCH OR MORE: 0
MIN 32 OR BELOW: 0 0.50 INCH OR MORE: 0
MIN 0 OR BELOW: 0 1.00 INCH OR MORE: 0
[HDD (BASE 65) ]
TOTAL THIS MO. 56 CLEAR (SCALE 0-3) 30
DPTR FM NORMAL -52 PTCLDY (SCALE 4-7) 1
TOTAL FM JUL 1 2288 CLOUDY (SCALE 8-10) 0
DPTR FM NORMAL -447
[CDD (BASE 65) ]
TOTAL THIS MO. 73
DPTR FM NORMAL 17 [PRESSURE DATA]
TOTAL FM JAN 1 89 HIGHEST SLP 30.31 ON 12
DPTR FM NORMAL 26 LOWEST SLP 29.71 ON 24
[REMARKS]
#FINAL-05-22#