000
CXUS56 KFGZ 010900
CF6PRC
PRELIMINARY LOCAL CLIMATOLOGICAL DATA (WS FORM: F-6)
STATION: PRESCOTT AZ AIRPORT
MONTH: AUGUST
YEAR: 2020
LATITUDE: 34 39 N
LONGITUDE: 112 26 W
TEMPERATURE IN F: :PCPN: SNOW: WIND :SUNSHINE: SKY :PK WND
================================================================================
1 2 3 4 5 6A 6B 7 8 9 10 11 12 13 14 15 16 17 18
12Z AVG MX 2MIN
DY MAX MIN AVG DEP HDD CDD WTR SNW DPTH SPD SPD DIR MIN PSBL S-S WX SPD DR
================================================================================
1 97 66 82 7 0 17 0.00 M M 8.9 21 250 M M 0 3 26 240
2 94 68 81 6 0 16 0.00 M M 9.7 22 240 M M 0 27 250
3 95 65 80 5 0 15 0.00 M M 9.2 21 230 M M 0 29 180
4 91 65 78 3 0 13 0.00 M M 9.5 21 220 M M 0 32 240
5 90 63 77 2 0 12 0.00 M M 10.0 24 230 M M 0 32 210
6 89 58 74 0 0 9 0.00 M M 11.6 28 240 M M 0 43 240
7 90 57 74 0 0 9 0.00 M M 9.7 25 230 M M 0 36 210
8 92 60 76 2 0 11 0.00 M M 9.0 22 230 M M 0 28 240
9 93 59 76 2 0 11 0.00 M M 6.3 22 240 M M 0 29 230
10 93 60 77 3 0 12 0.00 M M 9.4 23 240 M M 0 30 240
11 92 62 77 3 0 12 0.00 0.0 0 8.2 20 260 M M 2 25 250
12 93 65 79 5 0 14 0.00 0.0 0 7.1 18 270 M M 0 30 280
13 96 66 81 7 0 16 0.00 0.0 0 6.0 20 230 M M 0 26 250
14 101 64 83 9 0 18 0.00 M M 7.3 23 350 M M 0 34 350
15 101 63 82 8 0 17 0.00 M M 6.2 18 330 M M 0 23 260
16 101 69 85 11 0 20 T M M 6.4 23 230 M M 1 3 32 280
17 99 66 83 9 0 18 T M M 5.6 32 150 M M 1 38 44 140
18 97 67 82 9 0 17 0.00 M M 5.8 23 150 M M 0 3 27 150
19 98 65 82 9 0 17 0.00 M M 5.1 17 220 M M 0 3 22 220
20 95 69 82 9 0 17 T M M 6.7 28 280 M M 0 38 35 280
21 92 65 79 6 0 14 T M M 8.1 33 10 M M 1 3 40 10
22 93 64 79 6 0 14 T M M 5.1 23 310 M M 0 3 27 320
23 90 68 79 6 0 14 0.00 M M 4.6 16 40 M M 1 3 20 190
24 94 62 78 5 0 13 0.00 M M 5.5 16 300 M M 1 3 19 300
25 92 64 78 5 0 13 0.01 M M 5.6 M 340 M M 1 3 109 340
26 96 61 79 6 0 14 0.00 M M 6.2 20 270 M M 0 26 190
27 94 62 78 6 0 13 T M M 6.3 20 130 M M 2 3 26 130
28 91 63 77 5 0 12 T M M 6.4 17 220 M M 2 24 210
29 87 66 77 5 0 12 0.02 M M 6.9 18 230 M M 4 3 24 200
30 84 62 73 1 0 8 0.08 M M 7.7 26 200 M M 5 3 41 360
31 84 58 71 -1 0 6 0.00 M M 7.5 21 250 M M 1 25 250
================================================================================
SM 2894 1972 0 424 0.11 0.0 227.6 M 22
================================================================================
AV 93.4 63.6 7.3 FASTST M M 1 MAX(MPH)
MISC ----> # 33 10 #109 340
================================================================================
NOTES:
# LAST OF SEVERAL OCCURRENCES
COLUMN 17 PEAK WIND IN M.P.H.
PRELIMINARY LOCAL CLIMATOLOGICAL DATA (WS FORM: F-6) , PAGE 2
STATION: PRESCOTT AZ AIRPORT
MONTH: AUGUST
YEAR: 2020
LATITUDE: 34 39 N
LONGITUDE: 112 26 W
[TEMPERATURE DATA] [PRECIPITATION DATA] SYMBOLS USED IN COLUMN 16
AVERAGE MONTHLY: 78.5 TOTAL FOR MONTH: 0.11 1 = FOG OR MIST
DPTR FM NORMAL: 5.0 DPTR FM NORMAL: -2.51 2 = FOG REDUCING VISIBILITY
HIGHEST: 101 ON 16,15 GRTST 24HR 0.08 ON 30-30 TO 1/4 MILE OR LESS
LOWEST: 57 ON 7 3 = THUNDER
SNOW, ICE PELLETS, HAIL 4 = ICE PELLETS
TOTAL MONTH: 0.0 INCH 5 = HAIL
GRTST 24HR 0.0 6 = FREEZING RAIN OR DRIZZLE
GRTST DEPTH: 0 7 = DUSTSTORM OR SANDSTORM:
VSBY 1/2 MILE OR LESS
8 = SMOKE OR HAZE
[NO. OF DAYS WITH] [WEATHER - DAYS WITH] 9 = BLOWING SNOW
X = TORNADO
MAX 32 OR BELOW: 0 0.01 INCH OR MORE: 3
MAX 90 OR ABOVE: 27 0.10 INCH OR MORE: 0
MIN 32 OR BELOW: 0 0.50 INCH OR MORE: 0
MIN 0 OR BELOW: 0 1.00 INCH OR MORE: 0
[HDD (BASE 65) ]
TOTAL THIS MO. 0 CLEAR (SCALE 0-3) 29
DPTR FM NORMAL -1 PTCLDY (SCALE 4-7) 2
TOTAL FM JUL 1 0 CLOUDY (SCALE 8-10) 0
DPTR FM NORMAL -1
[CDD (BASE 65) ]
TOTAL THIS MO. 424
DPTR FM NORMAL 158 [PRESSURE DATA]
TOTAL FM JAN 1 1083 HIGHEST SLP M ON M
DPTR FM NORMAL 262 LOWEST SLP 29.77 ON 31
[REMARKS]
#FINAL-08-20#