000
CXUS56 KPDT 011910
CF6PSC
PRELIMINARY LOCAL CLIMATOLOGICAL DATA (WS FORM: F-6)
STATION: PASCO WA
MONTH: FEBRUARY
YEAR: 2023
LATITUDE: 46 16 N
LONGITUDE: 119 7 W
TEMPERATURE IN F: :PCPN: SNOW: WIND :SUNSHINE: SKY :PK WND
================================================================================
1 2 3 4 5 6A 6B 7 8 9 10 11 12 13 14 15 16 17 18
12Z AVG MX 2MIN
DY MAX MIN AVG DEP HDD CDD WTR SNW DPTH SPD SPD DIR MIN PSBL S-S WX SPD DR
================================================================================
1 36 20 28 -8 37 0 0.00 M M 2.0 8 340 M M 0 9 330
2 42 17 30 -6 35 0 0.00 M M 2.1 6 330 M M 0 9 20
3 39 19 29 -7 36 0 0.00 M M 2.2 12 140 M M 2 14 130
4 54 35 45 9 20 0 0.00 M M 4.1 15 340 M M 8 19 340
5 48 35 42 5 23 0 0.23 M M 6.0 17 240 M M 10 1 23 240
6 55 37 46 9 19 0 0.00 M M 13.7 24 230 M M 1 32 220
7 53 41 47 10 18 0 T M M 11.4 26 240 M M 2 35 240
8 54 29 42 5 23 0 0.00 M M 7.8 23 240 M M 0 28 250
9 54 24 39 2 26 0 0.00 M M 3.3 14 330 M M 0 18 330
10 49 28 39 2 26 0 0.00 M M 3.9 12 290 M M 2 15 290
11 51 22 37 -1 28 0 0.00 M M 1.8 7 160 M M 0 1 9 170
12 55 23 39 1 26 0 0.00 M M 2.3 9 140 M M 0 13 150
13 55 38 47 9 18 0 0.00 M M 15.4 28 230 M M 4 36 230
14 53 28 41 3 24 0 0.00 M M 7.9 23 240 M M 5 31 240
15 50 20 35 -3 30 0 0.00 M M 5.1 15 210 M M 0 22 210
16 49 21 35 -3 30 0 0.00 M M 2.7 10 130 M M 0 15 130
17 55 33 44 5 21 0 0.00 M M 8.0 21 220 M M 6 27 220
18 57 35 46 7 19 0 T M M 7.3 18 230 M M 6 24 230
19 56 37 47 8 18 0 0.00 M M 14.8 24 230 M M 2 33 220
20 57 47 52 13 13 0 0.00 M M 18.9 51 230 M M 1 78 68 210
21 55 36 46 6 19 0 0.00 M M 18.0 32 240 M M 3 7 48 240
22 37 22 30 -10 35 0 0.01 M M 16.8 25 360 M M 9 8 34 360
23 28 18 23 -17 42 0 T M M 16.0 24 360 M M 10 8 31 360
24 33 10 22 -18 43 0 0.00 M M 7.0 14 150 M M 0 19 140
25 36 13 25 -16 40 0 0.00 M M 3.4 12 140 M M 0 14 130
26 53 20 37 -4 28 0 T M M 12.7 31 230 M M 3 42 230
27 47 23 35 -6 30 0 T M M 6.6 18 270 M M 4 1 22 280
28 48 23 36 -6 29 0 0.00 M M 8.5 24 210 M M 6 1 33 220
================================================================================
SM 1359 754 756 0 0.24 M 229.7 M 84
================================================================================
AV 48.5 26.9 8.2 FASTST M M 3 MAX(MPH)
MISC ----> 51 230 68 210
================================================================================
NOTES:
# LAST OF SEVERAL OCCURRENCES
COLUMN 17 PEAK WIND IN M.P.H.
PRELIMINARY LOCAL CLIMATOLOGICAL DATA (WS FORM: F-6) , PAGE 2
STATION: PASCO WA
MONTH: FEBRUARY
YEAR: 2023
LATITUDE: 46 16 N
LONGITUDE: 119 7 W
[TEMPERATURE DATA] [PRECIPITATION DATA] SYMBOLS USED IN COLUMN 16
AVERAGE MONTHLY: 37.7 TOTAL FOR MONTH: 0.24 1 = FOG OR MIST
DPTR FM NORMAL: -0.7 DPTR FM NORMAL: -0.39 2 = FOG REDUCING VISIBILITY
HIGHEST: 57 ON 20,18 GRTST 24HR 0.23 ON 5- 5 TO 1/4 MILE OR LESS
LOWEST: 10 ON 24 3 = THUNDER
SNOW, ICE PELLETS, HAIL 4 = ICE PELLETS
TOTAL MONTH: M 5 = HAIL
GRTST 24HR M ON M 6 = FREEZING RAIN OR DRIZZLE
GRTST DEPTH: M ON M 7 = DUSTSTORM OR SANDSTORM:
VSBY 1/2 MILE OR LESS
8 = SMOKE OR HAZE
[NO. OF DAYS WITH] [WEATHER - DAYS WITH] 9 = BLOWING SNOW
X = TORNADO
MAX 32 OR BELOW: 1 0.01 INCH OR MORE: 2
MAX 90 OR ABOVE: 0 0.10 INCH OR MORE: 1
MIN 32 OR BELOW: 18 0.50 INCH OR MORE: 0
MIN 0 OR BELOW: 0 1.00 INCH OR MORE: 0
[HDD (BASE 65) ]
TOTAL THIS MO. 756 CLEAR (SCALE 0-3) 17
DPTR FM NORMAL 11 PTCLDY (SCALE 4-7) 8
TOTAL FM JUL 1 3997 CLOUDY (SCALE 8-10) 3
DPTR FM NORMAL 135
[CDD (BASE 65) ]
TOTAL THIS MO. 0
DPTR FM NORMAL 0 [PRESSURE DATA]
TOTAL FM JAN 1 0 HIGHEST SLP 30.53 ON 8
DPTR FM NORMAL 0 LOWEST SLP 29.42 ON 21
[REMARKS]
#FINAL-02-23#