000
CXUS55 KALY 010710
CF6PSF
PRELIMINARY LOCAL CLIMATOLOGICAL DATA (WS FORM: F-6)
STATION: PITTSFIELD MA
MONTH: APRIL
YEAR: 2023
LATITUDE: 42 25 N
LONGITUDE: 73 18 W
TEMPERATURE IN F: :PCPN: SNOW: WIND :SUNSHINE: SKY :PK WND
================================================================================
1 2 3 4 5 6A 6B 7 8 9 10 11 12 13 14 15 16 17 18
12Z AVG MX 2MIN
DY MAX MIN AVG DEP HDD CDD WTR SNW DPTH SPD SPD DIR MIN PSBL S-S WX SPD DR
================================================================================
1 67 37 52 14 13 0 0.74 M M 8.1 43 270 M M 8 18 57 260
2 44 28 36 -3 29 0 0.05 M M 13.6 28 300 M M 4 40 320
3 56 21 39 0 26 0 0.00 M M 7.2 22 240 M M 1 33 240
4 69 39 54 14 11 0 T M M 5.3 17 60 M M 6 22 60
5 48 38 43 3 22 0 T M M 8.8 20 110 M M 10 1 27 130
6 69 38 54 14 11 0 0.12 M M 4.8 18 320 M M 9 12 28 320
7 46 30 38 -3 27 0 0.00 M M 13.5 26 280 M M 1 40 290
8 47 25 36 -5 29 0 0.00 M M 6.3 17 300 M M 0 25 300
9 52 26 39 -3 26 0 0.00 M M 3.2 15 260 M M 2 23 260
10 62 26 44 2 21 0 0.00 M M 4.0 16 290 M M 0 20 280
11 68 31 50 7 15 0 0.00 M M 10.4 31 280 M M 1 48 290
12 73 51 62 19 3 0 0.00 M M 13.8 28 290 M M 0 39 280
13 84 45 65 22 0 0 0.00 M M 6.7 20 280 M M 0 24 290
14 86 56 71 27 0 6 0.00 M M 4.1 15 260 M M 0 18 250
15 78 53 66 22 0 1 T M M 7.1 21 150 M M 3 1 27 130
16 72 55 64 19 1 0 0.01 M M 8.0 17 140 M M 9 12 24 130
17 59 47 53 8 12 0 0.17 M M 6.9 16 150 M M 10 1 20 150
18 47 35 41 -5 24 0 0.06 M M 7.5 18 290 M M 10 1 23 290
19 45 32 39 -7 26 0 0.00 M M 9.4 24 270 M M 7 30 270
20 61 33 47 1 18 0 0.00 M M 5.1 16 290 M M 3 20 290
21 74 41 58 11 7 0 0.00 M M 7.0 18 130 M M 2 26 140
22 59 46 53 6 12 0 0.05 M M 8.1 18 120 M M 10 1 26 120
23 50 40 45 -3 20 0 1.53 M M 6.9 16 280 M M 10 1 22 300
24 51 33 42 -6 23 0 0.00 M M 6.5 14 300 M M 7 17 300
25 53 30 42 -7 23 0 0.00 M M 4.8 18 270 M M 3 1 22 270
26 56 28 42 -7 23 0 0.17 M M 3.7 16 290 M M 5 1 22 120
27 58 37 48 -1 17 0 0.00 M M 2.5 13 270 M M 4 1 15 270
28 62 33 48 -2 17 0 0.00 M M 6.2 17 140 M M 3 12 24 130
29 52 41 47 -3 18 0 0.20 M M 9.5 21 120 M M 10 1 30 110
30 50 45 48 -3 17 0 0.43 M M 8.5 17 50 M M 10 1 24 60
================================================================================
SM 1798 1120 491 7 3.53 M 217.5 M 148
================================================================================
AV 59.9 37.3 7.2 FASTST M M 5 MAX(MPH)
MISC ----> 43 270 57 260
================================================================================
NOTES:
# LAST OF SEVERAL OCCURRENCES
COLUMN 17 PEAK WIND IN M.P.H.
PRELIMINARY LOCAL CLIMATOLOGICAL DATA (WS FORM: F-6) , PAGE 2
STATION: PITTSFIELD MA
MONTH: APRIL
YEAR: 2023
LATITUDE: 42 25 N
LONGITUDE: 73 18 W
[TEMPERATURE DATA] [PRECIPITATION DATA] SYMBOLS USED IN COLUMN 16
AVERAGE MONTHLY: 48.6 TOTAL FOR MONTH: 3.53 1 = FOG OR MIST
DPTR FM NORMAL: 4.1 DPTR FM NORMAL: 0.15 2 = FOG REDUCING VISIBILITY
HIGHEST: 86 ON 14 GRTST 24HR 1.58 ON 22-23 TO 1/4 MILE OR LESS
LOWEST: 21 ON 3 3 = THUNDER
SNOW, ICE PELLETS, HAIL 4 = ICE PELLETS
TOTAL MONTH: M 5 = HAIL
GRTST 24HR M ON M 6 = FREEZING RAIN OR DRIZZLE
GRTST DEPTH: M ON M 7 = DUSTSTORM OR SANDSTORM:
VSBY 1/2 MILE OR LESS
8 = SMOKE OR HAZE
[NO. OF DAYS WITH] [WEATHER - DAYS WITH] 9 = BLOWING SNOW
X = TORNADO
MAX 32 OR BELOW: 0 0.01 INCH OR MORE: 11
MAX 90 OR ABOVE: 0 0.10 INCH OR MORE: 7
MIN 32 OR BELOW: 10 0.50 INCH OR MORE: 2
MIN 0 OR BELOW: 0 1.00 INCH OR MORE: 1
[HDD (BASE 65) ]
TOTAL THIS MO. 491 CLEAR (SCALE 0-3) 13
DPTR FM NORMAL -126 PTCLDY (SCALE 4-7) 8
TOTAL FM JUL 1 5999 CLOUDY (SCALE 8-10) 9
DPTR FM NORMAL -828
[CDD (BASE 65) ]
TOTAL THIS MO. 7
DPTR FM NORMAL 5 [PRESSURE DATA]
TOTAL FM JAN 1 7 HIGHEST SLP M ON M
DPTR FM NORMAL 5 LOWEST SLP 29.03 ON 30
[REMARKS]
#FINAL-04-23#