000
CXUS55 KALY 010810
CF6PSF
PRELIMINARY LOCAL CLIMATOLOGICAL DATA (WS FORM: F-6)
STATION: PITTSFIELD MA
MONTH: DECEMBER
YEAR: 2023
LATITUDE: 42 25 N
LONGITUDE: 73 18 W
TEMPERATURE IN F: :PCPN: SNOW: WIND :SUNSHINE: SKY :PK WND
================================================================================
1 2 3 4 5 6A 6B 7 8 9 10 11 12 13 14 15 16 17 18
12Z AVG MX 2MIN
DY MAX MIN AVG DEP HDD CDD WTR SNW DPTH SPD SPD DIR MIN PSBL S-S WX SPD DR
================================================================================
1 50 28 39 6 26 0 0.07 M M 3.3 20 210 M M 4 1 32 220
2 47 39 43 11 22 0 0.01 M M 1.2 9 220 M M 10 12 14 200
3 44 36 40 8 25 0 0.32 M M 5.6 15 70 M M 10 12 26 60
4 45 33 39 7 26 0 0.07 M M 6.1 17 300 M M 10 12 28 300
5 33 30 32 1 33 0 T M M 5.2 16 280 M M 10 25 300
6 32 20 26 -5 39 0 T M M 5.8 23 290 M M 10 18 35 290
7 29 17 23 -8 42 0 T M M 3.9 15 290 M M 7 18 27 310
8 44 29 37 7 28 0 0.00 M M 1.9 8 150 M M 8 1 13 140
9 50 29 40 10 25 0 0.00 M M 1.5 13 200 M M 6 1 19 180
10 55 38 47 17 18 0 1.13 M M 5.5 18 310 M M 9 1 25 300
11 42 30 36 6 29 0 0.37 M M 12.6 24 290 M M 10 1 40 290
12 38 29 34 5 31 0 0.00 M M 9.6 18 290 M M 4 27 200
13 38 25 32 3 33 0 T M M 12.8 23 290 M M 6 35 290
14 33 17 25 -4 40 0 0.00 M M 7.4 21 290 M M 1 30 290
15 49 22 36 8 29 0 0.00 M M 3.2 18 280 M M 0 29 300
16 52 33 43 15 22 0 0.00 M M 5.2 17 300 M M 2 24 290
17 49 36 43 15 22 0 0.29 M M 7.3 15 120 M M 9 18 25 110
18 60 35 48 20 17 0 2.30 M M 10.1 23 280 M M 9 1 40 120
19 39 27 33 6 32 0 0.00 M M 11.2 23 290 M M 7 36 310
20 36 21 29 2 36 0 0.00 M M 9.5 21 310 M M 3 32 320
21 32 15 24 -3 41 0 0.00 M M 8.0 18 330 M M 2 26 330
22 33 12 23 -3 42 0 0.00 M M 2.2 9 320 M M 0 11 320
23 34 16 25 -1 40 0 T M M 0.7 8 210 M M 6 13 150
24 38 31 35 9 30 0 0.02 M M 0.1 5 320 M M 10 12 7 60
25 48 30 39 13 26 0 0.00 M M 0.5 5 20 M M 8 12 7 180
26 45 27 36 11 29 0 0.00 M M 0.1 5 20 M M 9 12 6 50
27 48 39 44 19 21 0 0.12 M M 1.1 6 60 M M 10 1 7 60
28 47 42 45 20 20 0 0.34 M M 7.8 20 50 M M 10 1 29 70
29 45 39 42 17 23 0 0.06 M M 5.0 14 290 M M 10 1 20 280
30 39 31 35 11 30 0 0.05 M M 12.4 21 290 M M 10 1 30 280
31 32 30 31 7 34 0 0.00 M M 10.1 22 280 M M 10 33 290
================================================================================
SM 1306 886 911 0 5.15 M 176.9 M 220
================================================================================
AV 42.1 28.6 5.7 FASTST M M 7 MAX(MPH)
MISC ----> 24 290 # 40 290
================================================================================
NOTES:
# LAST OF SEVERAL OCCURRENCES
COLUMN 17 PEAK WIND IN M.P.H.
PRELIMINARY LOCAL CLIMATOLOGICAL DATA (WS FORM: F-6) , PAGE 2
STATION: PITTSFIELD MA
MONTH: DECEMBER
YEAR: 2023
LATITUDE: 42 25 N
LONGITUDE: 73 18 W
[TEMPERATURE DATA] [PRECIPITATION DATA] SYMBOLS USED IN COLUMN 16
AVERAGE MONTHLY: 35.4 TOTAL FOR MONTH: 5.15 1 = FOG OR MIST
DPTR FM NORMAL: 7.2 DPTR FM NORMAL: 1.52 2 = FOG REDUCING VISIBILITY
HIGHEST: 60 ON 18 GRTST 24HR 2.55 ON 17-18 TO 1/4 MILE OR LESS
LOWEST: 12 ON 22 3 = THUNDER
SNOW, ICE PELLETS, HAIL 4 = ICE PELLETS
TOTAL MONTH: M 5 = HAIL
GRTST 24HR M ON M 6 = FREEZING RAIN OR DRIZZLE
GRTST DEPTH: M ON M 7 = DUSTSTORM OR SANDSTORM:
VSBY 1/2 MILE OR LESS
8 = SMOKE OR HAZE
[NO. OF DAYS WITH] [WEATHER - DAYS WITH] 9 = BLOWING SNOW
X = TORNADO
MAX 32 OR BELOW: 4 0.01 INCH OR MORE: 13
MAX 90 OR ABOVE: 0 0.10 INCH OR MORE: 7
MIN 32 OR BELOW: 21 0.50 INCH OR MORE: 2
MIN 0 OR BELOW: 0 1.00 INCH OR MORE: 2
[HDD (BASE 65) ]
TOTAL THIS MO. 911 CLEAR (SCALE 0-3) 5
DPTR FM NORMAL -230 PTCLDY (SCALE 4-7) 9
TOTAL FM JUL 1 2346 CLOUDY (SCALE 8-10) 17
DPTR FM NORMAL -375
[CDD (BASE 65) ]
TOTAL THIS MO. 0
DPTR FM NORMAL 0 [PRESSURE DATA]
TOTAL FM JAN 1 421 HIGHEST SLP 30.63 ON 14
DPTR FM NORMAL 76 LOWEST SLP 28.99 ON 18
[REMARKS]
#FINAL-12-23#