000
CXUS54 KFWD 010730
CF6PSN
PRELIMINARY LOCAL CLIMATOLOGICAL DATA (WS FORM: F-6)
STATION: PALESTINE
MONTH: OCTOBER
YEAR: 2021
LATITUDE: 31 46 N
LONGITUDE: 95 42 W
TEMPERATURE IN F: :PCPN: SNOW: WIND :SUNSHINE: SKY :PK WND
================================================================================
1 2 3 4 5 6A 6B 7 8 9 10 11 12 13 14 15 16 17 18
12Z AVG MX 2MIN
DY MAX MIN AVG DEP HDD CDD WTR SNW DPTH SPD SPD DIR MIN PSBL S-S WX SPD DR
================================================================================
1 82 68 75 4 0 10 0.01 M M 4.4 9 160 M M 6 18 18 310
2 88 70 79 8 0 14 0.00 M M 2.5 9 280 M M 6 18 13 270
3 90 68 79 9 0 14 0.00 M M 4.8 14 300 M M 3 18 21 300
4 88 57 73 3 0 8 0.00 M M 4.7 16 10 M M 2 18 21 10
5 88 52 70 0 0 5 0.00 M M 3.4 12 20 M M 1 18 16 360
6 88 55 72 2 0 7 0.00 M M 3.4 9 290 M M 1 18 17 99
7 90 57 74 5 0 9 0.00 M M 3.9 9 220 M M 1 14 220
8 91 63 77 8 0 12 0.00 M M 4.5 9 190 M M 1 18 16 190
9 90 63 77 9 0 12 0.00 M M 7.4 14 190 M M 4 18 22 180
10 93 68 81 13 0 16 0.02 M M 11.2 17 170 M M 8 31 190
11 82 61 72 4 0 7 0.12 M M 4.7 23 270 M M 3 3 36 270
12 81 63 72 4 0 7 0.01 M M 7.7 18 140 M M 5 13 28 140
13 90 72 81 14 0 16 0.01 M M 10.3 16 180 M M 6 1 23 180
14 82 70 76 9 0 11 0.34 M M 5.5 12 200 M M 9 1 18 200
15 84 59 72 5 0 7 0.00 M M 9.1 16 340 M M 6 1 23 330
16 73 46 60 -6 5 0 0.00 M M 5.3 16 30 M M 0 8 20 20
17 75 41 58 -8 7 0 0.00 M M 2.3 9 80 M M 0 12 80
18 77 46 62 -4 3 0 0.00 M M 2.9 9 110 M M 1 8 15 190
19 81 55 68 2 0 3 0.00 M M 5.9 12 200 M M 4 17 200
20 84 57 71 6 0 6 0.00 M M 2.0 8 200 M M 2 1 12 210
21 88 63 76 11 0 11 0.00 M M 2.7 9 40 M M 4 1 12 290
22 88 64 76 12 0 11 0.00 M M 5.6 9 110 M M 4 16 100
23 86 68 77 13 0 12 0.00 M M 7.5 12 180 M M 6 1 21 170
24 86 64 75 11 0 10 0.00 M M 6.7 13 210 M M 4 22 210
25 88 70 79 15 0 14 0.18 M M 1.5 6 140 M M 5 12 M M
26 84 70 77 14 0 12 0.00 M M 7.5 14 160 M M 6 1 20 160
27 77 55 66 3 0 1 0.65 M M 9.8 18 290 M M 6 1 30 180
28 72 54 63 1 2 0 0.00 M M 16.5 30 310 M M 2 45 320
29 70 43 57 -5 8 0 0.00 M M 11.8 24 340 M M 0 39 330
30 73 37 55 -7 10 0 0.00 M M 2.6 9 280 M M 0 8 17 270
31 81 43 62 0 3 0 0.00 M M 1.7 7 110 M M 1 M M
================================================================================
SM 2590 1822 38 235 1.34 M 179.7 M 107
================================================================================
AV 83.5 58.8 5.8 FASTST M M 3 MAX(MPH)
MISC ----> 30 310 45 320
================================================================================
NOTES:
# LAST OF SEVERAL OCCURRENCES
COLUMN 17 PEAK WIND IN M.P.H.
PRELIMINARY LOCAL CLIMATOLOGICAL DATA (WS FORM: F-6) , PAGE 2
STATION: PALESTINE
MONTH: OCTOBER
YEAR: 2021
LATITUDE: 31 46 N
LONGITUDE: 95 42 W
[TEMPERATURE DATA] [PRECIPITATION DATA] SYMBOLS USED IN COLUMN 16
AVERAGE MONTHLY: 71.2 TOTAL FOR MONTH: 1.34 1 = FOG OR MIST
DPTR FM NORMAL: 4.9 DPTR FM NORMAL: -3.73 2 = FOG REDUCING VISIBILITY
HIGHEST: 93 ON 10 GRTST 24HR 0.65 ON 27-27 TO 1/4 MILE OR LESS
LOWEST: 37 ON 30 3 = THUNDER
SNOW, ICE PELLETS, HAIL 4 = ICE PELLETS
TOTAL MONTH: M 5 = HAIL
GRTST 24HR M ON M 6 = FREEZING RAIN OR DRIZZLE
GRTST DEPTH: M ON M 7 = DUSTSTORM OR SANDSTORM:
VSBY 1/2 MILE OR LESS
8 = SMOKE OR HAZE
[NO. OF DAYS WITH] [WEATHER - DAYS WITH] 9 = BLOWING SNOW
X = TORNADO
MAX 32 OR BELOW: 0 0.01 INCH OR MORE: 8
MAX 90 OR ABOVE: 6 0.10 INCH OR MORE: 4
MIN 32 OR BELOW: 0 0.50 INCH OR MORE: 1
MIN 0 OR BELOW: 0 1.00 INCH OR MORE: 0
[HDD (BASE 65) ]
TOTAL THIS MO. 38 CLEAR (SCALE 0-3) 15
DPTR FM NORMAL -43 PTCLDY (SCALE 4-7) 14
TOTAL FM JUL 1 38 CLOUDY (SCALE 8-10) 2
DPTR FM NORMAL -48
[CDD (BASE 65) ]
TOTAL THIS MO. 235
DPTR FM NORMAL 112 [PRESSURE DATA]
TOTAL FM JAN 1 2439 HIGHEST SLP M ON M
DPTR FM NORMAL 147 LOWEST SLP M ON M
[REMARKS]
#FINAL-10-21#