000
CXUS56 KSGX 011045
CF6PSP
PRELIMINARY LOCAL CLIMATOLOGICAL DATA (WS FORM: F-6)
STATION: PALM SPRINGS INTL AIRPORT CA
MONTH: MARCH
YEAR: 2022
LATITUDE: 33 49 N
LONGITUDE: 116 30 W
TEMPERATURE IN F: :PCPN: SNOW: WIND :SUNSHINE: SKY :PK WND
================================================================================
1 2 3 4 5 6A 6B 7 8 9 10 11 12 13 14 15 16 17 18
12Z AVG MX 2MIN
DY MAX MIN AVG DEP HDD CDD WTR SNW DPTH SPD SPD DIR MIN PSBL S-S WX SPD DR
================================================================================
1 93 54 74 10 0 9 0.00 M M 5.0 12 330 M M 0 14 350
2 90 57 74 9 0 9 0.00 M M 6.4 14 120 M M 0 16 120
3 84 55 70 5 0 5 0.00 M M 6.3 25 330 M M 0 31 320
4 71 56 64 -1 1 0 T M M 6.5 24 350 M M 3 29 350
5 67 49 58 -7 7 0 T M M 9.4 31 230 M M 2 41 230
6 71 43 57 -9 8 0 0.00 M M 6.1 15 320 M M 0 20 300
7 73 47 60 -6 5 0 0.00 M M 8.0 29 360 M M 0 34 360
8 74 49 62 -4 3 0 0.00 M M 4.3 13 250 M M 0 16 20
9 79 48 64 -2 1 0 0.00 M M 2.9 12 160 M M 0 15 140
10 76 52 64 -2 1 0 0.00 M M 8.3 31 10 M M 1 38 330
11 75 49 62 -5 3 0 0.00 M M 6.2 20 10 M M 0 24 20
12 81 52 67 0 0 2 0.00 M M 3.6 9 120 M M 0 13 150
13 85 51 68 1 0 3 0.00 M M 7.1 29 330 M M 0 40 330
14 86 54 70 3 0 5 0.00 M M 4.1 13 330 M M 0 15 340
15 89 57 73 5 0 8 0.00 M M 4.9 12 330 M M 0 14 330
16 86 63 75 7 0 10 0.00 M M 9.0 25 340 M M 0 32 320
17 86 60 73 5 0 8 0.00 M M 5.5 13 70 M M 0 16 80
18 89 60 75 7 0 10 0.00 M M 3.2 10 340 M M 0 14 70
19 86 60 73 5 0 8 0.00 M M 8.6 28 330 M M 0 38 330
20 82 58 70 2 0 5 0.00 M M 10.5 29 320 M M 1 36 310
21 87 55 71 3 0 6 0.00 M M 6.0 25 10 M M 0 35 10
22 91 66 79 10 0 14 0.00 M M 7.5 20 10 M M 0 26 360
23 87 63 75 6 0 10 0.00 M M 6.4 15 110 M M 0 18 100
24 91 61 76 7 0 11 0.00 M M 5.3 10 120 M M 0 17 120
25 96 66 81 12 0 16 0.00 M M 4.9 13 110 M M 0 16 120
26 94 65 80 11 0 15 0.00 M M 4.4 16 320 M M 0 21 320
27 91 64 78 8 0 13 0.00 M M 7.3 25 330 M M 0 33 330
28 79 58 69 -1 0 4 T M M 11.9 29 320 M M 4 42 350
29 77 53 65 -5 0 0 0.00 M M 9.2 25 310 M M 0 33 310
30 89 55 72 2 0 7 0.00 M M 7.3 23 320 M M 0 27 320
31 82 58 70 0 0 5 0.00 M M 9.4 22 320 M M 0 26 320
================================================================================
SM 2587 1738 29 183 T M 205.5 M 11
================================================================================
AV 83.5 56.1 6.6 FASTST M M 0 MAX(MPH)
MISC ----> # 31 10 42 350
================================================================================
NOTES:
# LAST OF SEVERAL OCCURRENCES
COLUMN 17 PEAK WIND IN M.P.H.
PRELIMINARY LOCAL CLIMATOLOGICAL DATA (WS FORM: F-6) , PAGE 2
STATION: PALM SPRINGS INTL AIRPORT CA
MONTH: MARCH
YEAR: 2022
LATITUDE: 33 49 N
LONGITUDE: 116 30 W
[TEMPERATURE DATA] [PRECIPITATION DATA] SYMBOLS USED IN COLUMN 16
AVERAGE MONTHLY: 69.8 TOTAL FOR MONTH: T 1 = FOG OR MIST
DPTR FM NORMAL: 2.3 DPTR FM NORMAL: -0.51 2 = FOG REDUCING VISIBILITY
HIGHEST: 96 ON 25 GRTST 24HR T ON 4- 4 TO 1/4 MILE OR LESS
LOWEST: 43 ON 6 3 = THUNDER
SNOW, ICE PELLETS, HAIL 4 = ICE PELLETS
TOTAL MONTH: M 5 = HAIL
GRTST 24HR M ON M 6 = FREEZING RAIN OR DRIZZLE
GRTST DEPTH: M ON M 7 = DUSTSTORM OR SANDSTORM:
VSBY 1/2 MILE OR LESS
8 = SMOKE OR HAZE
[NO. OF DAYS WITH] [WEATHER - DAYS WITH] 9 = BLOWING SNOW
X = TORNADO
MAX 32 OR BELOW: 0 0.01 INCH OR MORE: 0
MAX 90 OR ABOVE: 7 0.10 INCH OR MORE: 0
MIN 32 OR BELOW: 0 0.50 INCH OR MORE: 0
MIN 0 OR BELOW: 0 1.00 INCH OR MORE: 0
[HDD (BASE 65) ]
TOTAL THIS MO. 29 CLEAR (SCALE 0-3) 30
DPTR FM NORMAL -25 PTCLDY (SCALE 4-7) 1
TOTAL FM JUL 1 468 CLOUDY (SCALE 8-10) 0
DPTR FM NORMAL -218
[CDD (BASE 65) ]
TOTAL THIS MO. 183
DPTR FM NORMAL 51 [PRESSURE DATA]
TOTAL FM JAN 1 263 HIGHEST SLP 30.38 ON 11
DPTR FM NORMAL 80 LOWEST SLP 29.65 ON 28
[REMARKS]
#FINAL-03-22#