000
CXUS54 KHGX 011510
CF6PSX
PRELIMINARY LOCAL CLIMATOLOGICAL DATA (WS FORM: F-6)
STATION: PALACIOS
MONTH: DECEMBER
YEAR: 2023
LATITUDE: 28 43 N
LONGITUDE: 96 15 W
TEMPERATURE IN F: :PCPN: SNOW: WIND :SUNSHINE: SKY :PK WND
================================================================================
1 2 3 4 5 6A 6B 7 8 9 10 11 12 13 14 15 16 17 18
12Z AVG MX 2MIN
DY MAX MIN AVG DEP HDD CDD WTR SNW DPTH SPD SPD DIR MIN PSBL S-S WX SPD DR
================================================================================
1 73 61 67 6 0 2 0.61 0.0 0 7.6 13 20 M M 10 123 15 20
2 66 54 60 0 5 0 0.00 0.0 0 5.5 13 310 M M 8 12 24 290
3 68 48 58 -2 7 0 0.00 0.0 0 3.8 12 200 M M 2 128 15 200
4 73 50 62 2 3 0 0.00 0.0 0 7.0 18 340 M M 0 18 28 340
5 71 49 60 0 5 0 0.00 0.0 0 6.6 12 40 M M 0 13 40
6 69 47 58 -2 7 0 0.00 0.0 0 8.3 16 60 M M 0 1 21 50
7 73 46 60 0 5 0 0.00 0.0 0 9.3 18 160 M M 2 27 150
8 74 67 71 12 0 6 0.12 0.0 0 10.8 16 180 M M 9 1 24 170
9 78 61 70 11 0 5 T 0.0 0 11.8 29 350 M M 8 1 37 360
10 61 42 52 -7 13 0 0.00 0.0 0 11.7 32 350 M M 1 54 360
11 64 36 50 -9 15 0 0.00 0.0 0 6.5 9 110 M M 0 M M
12 70 45 58 -1 7 0 0.00 0.0 0 14.0 23 90 M M 5 31 90
13 67 58 63 5 2 0 0.05 0.0 0 14.1 20 80 M M 5 26 80
14 71 56 64 6 1 0 T 0.0 0 16.4 25 80 M M 5 32 80
15 70 59 65 7 0 0 0.18 0.0 0 11.3 17 70 M M 10 1 21 60
16 65 46 56 -2 9 0 T 0.0 0 16.0 24 350 M M 3 1 43 10
17 64 38 51 -7 14 0 0.00 0.0 0 4.5 10 190 M M 0 13 200
18 75 41 58 0 7 0 0.00 0.0 0 5.8 12 350 M M 1 12 18 40
19 70 43 57 0 8 0 0.00 0.0 0 10.4 21 110 M M 1 27 100
20 74 59 67 10 0 2 0.09 0.0 0 11.3 20 100 M M 6 18 24 110
21 74 61 68 11 0 3 0.00 0.0 0 11.2 18 110 M M 5 22 100
22 72 60 66 9 0 1 0.00 0.0 0 7.5 14 110 M M 7 1 18 110
23 74 61 68 11 0 3 1.48 0.0 0 11.0 26 140 M M 9 1 41 140
24 75 59 67 10 0 2 0.19 0.0 0 8.2 18 120 M M 6 13 24 120
25 60 46 53 -3 12 0 0.00 0.0 0 13.4 22 330 M M 1 34 340
26 61 44 53 -3 12 0 0.00 0.0 0 6.5 12 60 M M 8 14 60
27 68 44 56 0 9 0 0.00 0.0 0 9.2 20 350 M M 0 1 24 360
28 59 38 49 -7 16 0 0.00 0.0 0 6.2 17 330 M M 0 23 340
29 57 38 48 -8 17 0 0.00 0.0 0 7.3 16 310 M M 0 22 310
30 62 37 50 -6 15 0 0.00 0.0 0 4.8 9 160 M M 0 12 160
31 71 42 57 1 8 0 0.00 0.0 0 3.8 10 140 M M 5 12 13 150
================================================================================
SM 2129 1536 197 24 2.72 0.0 281.8 M 117
================================================================================
AV 68.7 49.5 9.1 FASTST M M 4 MAX(MPH)
MISC ----> 32 350 54 360
================================================================================
NOTES:
# LAST OF SEVERAL OCCURRENCES
COLUMN 17 PEAK WIND IN M.P.H.
PRELIMINARY LOCAL CLIMATOLOGICAL DATA (WS FORM: F-6) , PAGE 2
STATION: PALACIOS
MONTH: DECEMBER
YEAR: 2023
LATITUDE: 28 43 N
LONGITUDE: 96 15 W
[TEMPERATURE DATA] [PRECIPITATION DATA] SYMBOLS USED IN COLUMN 16
AVERAGE MONTHLY: 59.1 TOTAL FOR MONTH: 2.72 1 = FOG OR MIST
DPTR FM NORMAL: 1.1 DPTR FM NORMAL: -0.26 2 = FOG REDUCING VISIBILITY
HIGHEST: 78 ON 9 GRTST 24HR 1.65 ON 23-24 TO 1/4 MILE OR LESS
LOWEST: 36 ON 11 3 = THUNDER
SNOW, ICE PELLETS, HAIL 4 = ICE PELLETS
TOTAL MONTH: 0.0 INCH 5 = HAIL
GRTST 24HR 0.0 6 = FREEZING RAIN OR DRIZZLE
GRTST DEPTH: 0 7 = DUSTSTORM OR SANDSTORM:
VSBY 1/2 MILE OR LESS
8 = SMOKE OR HAZE
[NO. OF DAYS WITH] [WEATHER - DAYS WITH] 9 = BLOWING SNOW
X = TORNADO
MAX 32 OR BELOW: 0 0.01 INCH OR MORE: 7
MAX 90 OR ABOVE: 0 0.10 INCH OR MORE: 5
MIN 32 OR BELOW: 0 0.50 INCH OR MORE: 2
MIN 0 OR BELOW: 0 1.00 INCH OR MORE: 1
[HDD (BASE 65) ]
TOTAL THIS MO. 197 CLEAR (SCALE 0-3) 15
DPTR FM NORMAL -58 PTCLDY (SCALE 4-7) 12
TOTAL FM JUL 1 373 CLOUDY (SCALE 8-10) 4
DPTR FM NORMAL -13
[CDD (BASE 65) ]
TOTAL THIS MO. 24
DPTR FM NORMAL -14 [PRESSURE DATA]
TOTAL FM JAN 1 3978 HIGHEST SLP 30.40 ON 6
DPTR FM NORMAL 456 LOWEST SLP 29.75 ON 24
[REMARKS]
#FINAL-12-23#