000
CXUS56 KOTX 010910
CF6PUW
PRELIMINARY LOCAL CLIMATOLOGICAL DATA (WS FORM: F-6)
STATION: PULLMAN_MOSCOW AIRPORT
MONTH: SEPTEMBER
YEAR: 2021
LATITUDE: 46 44 N
LONGITUDE: 117 7 W
TEMPERATURE IN F: :PCPN: SNOW: WIND :SUNSHINE: SKY :PK WND
================================================================================
1 2 3 4 5 6A 6B 7 8 9 10 11 12 13 14 15 16 17 18
12Z AVG MX 2MIN
DY MAX MIN AVG DEP HDD CDD WTR SNW DPTH SPD SPD DIR MIN PSBL S-S WX SPD DR
================================================================================
1 69 37 53 -11 12 0 0.00 M M 3.1 13 270 M M 0 8 16 260
2 71 38 55 -9 10 0 0.00 M M 3.2 12 290 M M 0 8 15 270
3 77 41 59 -4 6 0 0.00 M M 1.7 9 350 M M 0 13 130
4 82 53 68 5 0 3 0.00 M M 3.6 12 90 M M 0 8 15 90
5 83 54 69 6 0 4 0.00 M M 4.3 16 230 M M 0 8 21 250
6 81 52 67 4 0 2 0.00 M M 7.3 16 280 M M 0 21 230
7 89 46 68 6 0 3 0.00 M M 2.7 10 90 M M 0 8 14 100
8 83 53 68 6 0 3 0.00 M M 4.0 15 260 M M 0 8 20 250
9 85 58 72 10 0 7 T M M 5.1 16 100 M M 0 8 22 100
10 73 56 65 3 0 0 0.15 M M 7.3 21 230 M M 4 18 31 250
11 71 51 61 0 4 0 T M M 6.3 15 240 M M 4 20 230
12 73 49 61 0 4 0 0.00 M M 2.7 12 280 M M 0 15 290
13 70 45 58 -3 7 0 0.00 M M 4.9 14 300 M M 0 19 270
14 75 40 58 -2 7 0 0.00 M M 3.2 12 230 M M 2 8 18 240
15 71 51 61 1 4 0 0.00 M M 12.6 22 270 M M 2 8 31 260
16 63 39 51 -9 14 0 0.00 M M 5.7 18 240 M M 0 25 230
17 75 47 61 1 4 0 0.00 M M 8.4 17 130 M M 3 8 21 150
18 65 49 57 -2 8 0 0.29 M M 6.9 23 290 M M 8 18 30 290
19 60 47 54 -5 11 0 T M M 10.0 22 240 M M 6 26 240
20 63 45 54 -5 11 0 0.00 M M 6.7 16 230 M M 4 22 240
21 74 46 60 2 5 0 0.00 M M 11.2 22 100 M M 0 25 90
22 73 49 61 3 4 0 0.00 M M 8.6 22 280 M M 0 8 27 280
23 70 45 58 0 7 0 0.00 M M 1.8 12 210 M M 0 15 220
24 79 44 62 5 3 0 0.00 M M 4.5 21 90 M M 0 26 90
25 80 54 67 10 0 2 0.00 M M 4.8 13 240 M M 0 21 270
26 77 49 63 7 2 0 0.00 M M 4.9 21 230 M M 0 8 25 260
27 70 46 58 2 7 0 0.22 M M 5.8 24 300 M M 6 18 33 290
28 55 44 50 -6 15 0 0.16 M M 9.8 21 230 M M 6 1 26 250
29 62 39 51 -4 14 0 0.00 M M 3.9 13 90 M M 3 14 90
30 72 46 59 4 6 0 0.02 M M 10.0 21 90 M M 3 8 24 90
================================================================================
SM 2191 1413 165 24 0.84 M 175.0 M 51
================================================================================
AV 73.0 47.1 5.8 FASTST M M 2 MAX(MPH)
MISC ----> 24 300 33 290
================================================================================
NOTES:
# LAST OF SEVERAL OCCURRENCES
COLUMN 17 PEAK WIND IN M.P.H.
PRELIMINARY LOCAL CLIMATOLOGICAL DATA (WS FORM: F-6) , PAGE 2
STATION: PULLMAN_MOSCOW AIRPORT
MONTH: SEPTEMBER
YEAR: 2021
LATITUDE: 46 44 N
LONGITUDE: 117 7 W
[TEMPERATURE DATA] [PRECIPITATION DATA] SYMBOLS USED IN COLUMN 16
AVERAGE MONTHLY: 60.1 TOTAL FOR MONTH: 0.84 1 = FOG OR MIST
DPTR FM NORMAL: 0.3 DPTR FM NORMAL: 0.19 2 = FOG REDUCING VISIBILITY
HIGHEST: 89 ON 7 GRTST 24HR 0.38 ON 27-28 TO 1/4 MILE OR LESS
LOWEST: 37 ON 1 3 = THUNDER
SNOW, ICE PELLETS, HAIL 4 = ICE PELLETS
TOTAL MONTH: M 5 = HAIL
GRTST 24HR M ON M 6 = FREEZING RAIN OR DRIZZLE
GRTST DEPTH: M ON M 7 = DUSTSTORM OR SANDSTORM:
VSBY 1/2 MILE OR LESS
8 = SMOKE OR HAZE
[NO. OF DAYS WITH] [WEATHER - DAYS WITH] 9 = BLOWING SNOW
X = TORNADO
MAX 32 OR BELOW: 0 0.01 INCH OR MORE: 5
MAX 90 OR ABOVE: 0 0.10 INCH OR MORE: 4
MIN 32 OR BELOW: 0 0.50 INCH OR MORE: 0
MIN 0 OR BELOW: 0 1.00 INCH OR MORE: 0
[HDD (BASE 65) ]
TOTAL THIS MO. 165 CLEAR (SCALE 0-3) 22
DPTR FM NORMAL -24 PTCLDY (SCALE 4-7) 8
TOTAL FM JUL 1 224 CLOUDY (SCALE 8-10) 0
DPTR FM NORMAL -63
[CDD (BASE 65) ]
TOTAL THIS MO. 24
DPTR FM NORMAL -8 [PRESSURE DATA]
TOTAL FM JAN 1 557 HIGHEST SLP M ON M
DPTR FM NORMAL 275 LOWEST SLP 29.62 ON 18
[REMARKS]
#FINAL-09-21#