000
CXUS56 KOTX 011010
CF6PUW
PRELIMINARY LOCAL CLIMATOLOGICAL DATA (WS FORM: F-6)
STATION: PULLMAN_MOSCOW AIRPORT
MONTH: DECEMBER
YEAR: 2023
LATITUDE: 46 44 N
LONGITUDE: 117 7 W
TEMPERATURE IN F: :PCPN: SNOW: WIND :SUNSHINE: SKY :PK WND
================================================================================
1 2 3 4 5 6A 6B 7 8 9 10 11 12 13 14 15 16 17 18
12Z AVG MX 2MIN
DY MAX MIN AVG DEP HDD CDD WTR SNW DPTH SPD SPD DIR MIN PSBL S-S WX SPD DR
================================================================================
1 34 22 28 -6 37 0 0.11 M M 10.1 18 250 M M 10 12 26 250
2 41 32 37 3 28 0 0.37 M M 13.5 29 250 M M 7 1 36 230
3 45 28 37 3 28 0 0.14 M M 7.8 18 100 M M 7 12 22 130
4 49 34 42 9 23 0 0.07 M M 9.1 17 90 M M 9 12 22 90
5 52 46 49 16 16 0 0.11 M M 8.8 15 100 M M 10 1 20 140
6 51 42 47 14 18 0 0.06 M M 9.3 28 240 M M 7 1 35 230
7 45 34 40 7 25 0 0.17 M M 15.5 29 250 M M 8 1 41 240
8 39 26 33 1 32 0 T M M 9.3 20 240 M M 3 28 240
9 35 26 31 -1 34 0 0.08 M M 10.4 18 110 M M 4 1 22 100
10 36 32 34 2 31 0 0.90 M M 9.9 18 130 M M 10 1 21 130
11 41 35 38 6 27 0 T M M 5.1 12 100 M M 10 1 14 90
12 39 34 37 5 28 0 T M M 6.0 14 100 M M 10 12 17 100
13 40 33 37 5 28 0 0.00 M M 12.0 18 100 M M 4 23 100
14 37 31 34 2 31 0 T M M 10.7 18 110 M M 5 23 100
15 41 31 36 5 29 0 0.00 M M 9.9 18 110 M M 0 22 120
16 40 28 34 3 31 0 0.00 M M 6.0 13 150 M M 1 12 16 100
17 42 29 36 5 29 0 0.00 M M 9.5 18 100 M M 0 23 100
18 43 31 37 6 28 0 0.06 M M 10.2 18 100 M M 6 1 22 100
19 48 37 43 12 22 0 0.11 M M 10.3 20 100 M M 10 1 23 90
20 51 32 42 11 23 0 T M M 4.4 12 100 M M 7 12 13 100
21 47 26 37 6 28 0 0.00 M M 6.2 12 100 M M 2 12 15 110
22 44 32 38 7 27 0 0.12 M M 10.3 22 250 M M 7 1 28 240
23 36 25 31 0 34 0 0.00 M M 8.1 17 250 M M 1 24 250
24 32 23 28 -3 37 0 0.00 M M 11.8 22 100 M M 2 18 27 100
25 35 25 30 -1 35 0 0.00 M M 15.2 25 90 M M 3 29 90
26 38 31 35 4 30 0 0.11 M M 13.7 22 90 M M 7 1268 26 90
27 39 31 35 4 30 0 0.00 M M 14.8 23 100 M M 3 28 100
28 46 35 41 10 24 0 T M M 9.0 16 110 M M 3 21 100
29 50 40 45 14 20 0 0.00 M M 15.0 22 100 M M 4 25 100
30 45 28 37 6 28 0 0.00 M M 3.6 16 100 M M 1 19 100
31 43 31 37 6 28 0 0.07 M M 3.0 7 110 M M 9 12 11 210
================================================================================
SM 1304 970 869 0 2.48 M 298.5 M 170
================================================================================
AV 42.1 31.3 9.6 FASTST M M 5 MAX(MPH)
MISC ----> # 29 250 41 240
================================================================================
NOTES:
# LAST OF SEVERAL OCCURRENCES
COLUMN 17 PEAK WIND IN M.P.H.
PRELIMINARY LOCAL CLIMATOLOGICAL DATA (WS FORM: F-6) , PAGE 2
STATION: PULLMAN_MOSCOW AIRPORT
MONTH: DECEMBER
YEAR: 2023
LATITUDE: 46 44 N
LONGITUDE: 117 7 W
[TEMPERATURE DATA] [PRECIPITATION DATA] SYMBOLS USED IN COLUMN 16
AVERAGE MONTHLY: 36.7 TOTAL FOR MONTH: 2.48 1 = FOG OR MIST
DPTR FM NORMAL: 5.0 DPTR FM NORMAL: 0.27 2 = FOG REDUCING VISIBILITY
HIGHEST: 52 ON 5 GRTST 24HR 0.96 ON 9-10 TO 1/4 MILE OR LESS
LOWEST: 22 ON 1 3 = THUNDER
SNOW, ICE PELLETS, HAIL 4 = ICE PELLETS
TOTAL MONTH: M 5 = HAIL
GRTST 24HR M ON M 6 = FREEZING RAIN OR DRIZZLE
GRTST DEPTH: M ON M 7 = DUSTSTORM OR SANDSTORM:
VSBY 1/2 MILE OR LESS
8 = SMOKE OR HAZE
[NO. OF DAYS WITH] [WEATHER - DAYS WITH] 9 = BLOWING SNOW
X = TORNADO
MAX 32 OR BELOW: 1 0.01 INCH OR MORE: 14
MAX 90 OR ABOVE: 0 0.10 INCH OR MORE: 9
MIN 32 OR BELOW: 21 0.50 INCH OR MORE: 1
MIN 0 OR BELOW: 0 1.00 INCH OR MORE: 0
[HDD (BASE 65) ]
TOTAL THIS MO. 869 CLEAR (SCALE 0-3) 8
DPTR FM NORMAL -162 PTCLDY (SCALE 4-7) 15
TOTAL FM JUL 1 2339 CLOUDY (SCALE 8-10) 8
DPTR FM NORMAL -285
[CDD (BASE 65) ]
TOTAL THIS MO. 0
DPTR FM NORMAL 0 [PRESSURE DATA]
TOTAL FM JAN 1 361 HIGHEST SLP M ON M
DPTR FM NORMAL 78 LOWEST SLP 29.61 ON 6
[REMARKS]
#FINAL-12-23#