000
CXUS51 KBOX 010810
CF6PVD
PRELIMINARY LOCAL CLIMATOLOGICAL DATA (WS FORM: F-6)
STATION: PROVIDENCE RI
MONTH: JULY
YEAR: 2023
LATITUDE: 41 43 N
LONGITUDE: 71 26 W
TEMPERATURE IN F: :PCPN: SNOW: WIND :SUNSHINE: SKY :PK WND
================================================================================
1 2 3 4 5 6A 6B 7 8 9 10 11 12 13 14 15 16 17 18
12Z AVG MX 2MIN
DY MAX MIN AVG DEP HDD CDD WTR SNW DPTH SPD SPD DIR MIN PSBL S-S WX SPD DR
================================================================================
1 80 61 71 -2 0 6 0.00 0.0 0 5.6 15 150 M M 4 128 17 150
2 79 65 72 -1 0 7 0.24 0.0 0 8.4 20 180 M M 7 18 26 180
3 86 70 78 5 0 13 0.05 0.0 0 7.0 15 250 M M 8 13 20 280
4 80 69 75 2 0 10 0.96 0.0 0 2.9 14 350 M M 9 123 18 360
5 86 67 77 3 0 12 0.00 0.0 0 5.8 14 160 M M 5 1 16 140
6 89 69 79 5 0 14 0.00 0.0 0 7.0 17 200 M M 3 1 21 170
7 81 69 75 1 0 10 0.00 0.0 0 8.7 17 150 M M 7 1 22 150
8 85 71 78 4 0 13 0.00 0.0 0 5.4 15 160 M M 8 1 19 160
9 80 70 75 1 0 10 0.00 0.0 0 5.3 14 180 M M 10 1 18 170
10 73 65 69 -5 0 4 1.91 0.0 0 7.0 16 110 M M 9 1 21 100
11 87 64 76 2 0 11 0.00 0.0 0 8.2 18 300 M M 2 25 310
12 89 67 78 4 0 13 0.00 0.0 0 6.4 16 200 M M 4 8 20 190
13 87 68 78 3 0 13 T 0.0 0 8.4 22 200 M M 5 13 27 190
14 80 66 73 -2 0 8 0.58 0.0 0 7.5 21 280 M M 8 138 28 270
15 83 70 77 2 0 12 0.03 0.0 0 8.7 18 150 M M 9 13 23 160
16 77 72 75 0 0 10 3.35 0.0 0 10.7 22 170 M M 10 13 28 170
17 87 71 79 4 0 14 0.00 0.0 0 6.6 14 220 M M 6 18 17 220
18 83 71 77 2 0 12 0.00 0.0 0 7.6 17 190 M M 8 1 21 190
19 83 70 77 2 0 12 0.00 0.0 0 6.2 15 270 M M 7 18 18 260
20 85 67 76 1 0 11 0.00 0.0 0 5.3 15 160 M M 3 18 160
21 78 67 73 -2 0 8 0.37 0.0 0 7.9 18 150 M M 7 18 22 170
22 83 65 74 -1 0 9 0.00 0.0 0 5.4 14 300 M M 5 18 17 290
23 85 64 75 0 0 10 0.00 0.0 0 6.1 15 160 M M 2 18 170
24 84 65 75 0 0 10 0.00 0.0 0 6.5 16 200 M M 4 22 210
25 84 66 75 0 0 10 0.10 0.0 0 7.1 18 190 M M 6 13 23 190
26 87 64 76 1 0 11 0.00 0.0 0 7.2 17 210 M M 2 8 22 210
27 88 69 79 4 0 14 0.12 0.0 0 11.1 24 260 M M 6 138 36 260
28 89 71 80 5 0 15 0.00 0.0 0 7.1 14 240 M M 2 18 180
29 86 65 76 1 0 11 0.66 0.0 0 8.5 26 30 M M 6 13 33 30
30 77 61 69 -6 0 4 0.00 0.0 0 8.5 24 10 M M 4 29 10
31 81 59 70 -5 0 5 0.00 0.0 0 6.7 16 290 M M 3 22 250
================================================================================
SM 2582 2078 0 322 8.37 0.0 220.8 M 179
================================================================================
AV 83.3 67.0 7.1 FASTST M M 6 MAX(MPH)
MISC ----> 26 30 36 260
================================================================================
NOTES:
# LAST OF SEVERAL OCCURRENCES
COLUMN 17 PEAK WIND IN M.P.H.
PRELIMINARY LOCAL CLIMATOLOGICAL DATA (WS FORM: F-6) , PAGE 2
STATION: PROVIDENCE RI
MONTH: JULY
YEAR: 2023
LATITUDE: 41 43 N
LONGITUDE: 71 26 W
[TEMPERATURE DATA] [PRECIPITATION DATA] SYMBOLS USED IN COLUMN 16
AVERAGE MONTHLY: 75.2 TOTAL FOR MONTH: 8.37 1 = FOG OR MIST
DPTR FM NORMAL: 0.8 DPTR FM NORMAL: 5.46 2 = FOG REDUCING VISIBILITY
HIGHEST: 89 ON 28,12 GRTST 24HR 3.35 ON 16-16 TO 1/4 MILE OR LESS
LOWEST: 59 ON 31 3 = THUNDER
SNOW, ICE PELLETS, HAIL 4 = ICE PELLETS
TOTAL MONTH: 0.0 INCH 5 = HAIL
GRTST 24HR 0.0 6 = FREEZING RAIN OR DRIZZLE
GRTST DEPTH: 0 7 = DUSTSTORM OR SANDSTORM:
VSBY 1/2 MILE OR LESS
8 = SMOKE OR HAZE
[NO. OF DAYS WITH] [WEATHER - DAYS WITH] 9 = BLOWING SNOW
X = TORNADO
MAX 32 OR BELOW: 0 0.01 INCH OR MORE: 11
MAX 90 OR ABOVE: 0 0.10 INCH OR MORE: 9
MIN 32 OR BELOW: 0 0.50 INCH OR MORE: 5
MIN 0 OR BELOW: 0 1.00 INCH OR MORE: 2
[HDD (BASE 65) ]
TOTAL THIS MO. 0 CLEAR (SCALE 0-3) 6
DPTR FM NORMAL -2 PTCLDY (SCALE 4-7) 17
TOTAL FM JUL 1 0 CLOUDY (SCALE 8-10) 8
DPTR FM NORMAL 0
[CDD (BASE 65) ]
TOTAL THIS MO. 322
DPTR FM NORMAL 29 [PRESSURE DATA]
TOTAL FM JAN 1 393 HIGHEST SLP 30.12 ON 24
DPTR FM NORMAL -67 LOWEST SLP 29.60 ON 29
[REMARKS]
#FINAL-07-23#