000
CXUS51 KBOX 011121
CF6PVD
PRELIMINARY LOCAL CLIMATOLOGICAL DATA (WS FORM: F-6)
STATION: PROVIDENCE RI
MONTH: NOVEMBER
YEAR: 2020
LATITUDE: 41 43 N
LONGITUDE: 71 26 W
TEMPERATURE IN F: :PCPN: SNOW: WIND :SUNSHINE: SKY :PK WND
================================================================================
1 2 3 4 5 6A 6B 7 8 9 10 11 12 13 14 15 16 17 18
12Z AVG MX 2MIN
DY MAX MIN AVG DEP HDD CDD WTR SNW DPTH SPD SPD DIR MIN PSBL S-S WX SPD DR
================================================================================
1 51 34 43 -6 22 0 0.73 0.0 0 4.6 28 320 M M 9 1 42 320
2 44 32 38 -11 27 0 0.00 0.0 0 15.1 33 280 M M 2 50 290
3 47 29 38 -10 27 0 T 0.0 0 10.6 26 330 M M 5 35 220
4 57 31 44 -4 21 0 0.00 0.0 0 7.5 17 160 M M 3 21 150
5 69 43 56 8 9 0 0.00 0.0 0 9.3 24 220 M M 4 12 31 230
6 72 51 62 15 3 0 0.00 0.0 0 8.4 20 220 M M 3 25 220
7 76 45 61 14 4 0 0.00 0.0 0 4.4 12 260 M M 4 15 250
8 75 41 58 11 7 0 0.00 0.0 0 2.5 8 170 M M 1 11 10
9 75 41 58 12 7 0 0.00 0.0 0 2.1 12 160 M M 1 12 160
10 74 42 58 12 7 0 0.00 0.0 0 8.1 20 230 M M 3 12 27 220
11 74 56 65 19 0 0 0.03 0.0 0 10.4 17 230 M M 8 25 220
12 66 49 58 12 7 0 0.06 0.0 0 7.6 22 10 M M 10 1 27 360
13 51 40 46 1 19 0 0.22 0.0 0 7.1 13 30 M M 9 1 16 340
14 52 33 43 -2 22 0 0.00 0.0 0 7.8 17 310 M M 3 24 320
15 62 28 45 0 20 0 0.42 0.0 0 11.0 33 180 M M 5 1 47 200
16 55 39 47 3 18 0 0.01 0.0 0 9.7 20 260 M M 4 1 25 240
17 51 32 42 -2 23 0 0.00 0.0 0 7.8 16 250 M M 6 22 300
18 37 24 31 -13 34 0 0.00 0.0 0 9.7 22 360 M M 2 29 310
19 49 20 35 -9 30 0 0.00 0.0 0 9.3 21 220 M M 5 30 220
20 63 48 56 13 9 0 0.00 0.0 0 11.4 21 240 M M 3 26 230
21 65 45 55 12 10 0 0.00 0.0 0 8.0 16 40 M M 5 20 300
22 50 37 44 1 21 0 T 0.0 0 10.0 16 10 M M 7 21 40
23 60 37 49 7 16 0 1.37 0.0 0 12.0 26 210 M M 7 138 35 200
24 46 29 38 -4 27 0 0.00 0.0 0 7.5 16 300 M M 1 21 310
25 57 29 43 1 22 0 T 0.0 0 5.4 24 200 M M 8 31 200
26 61 48 55 14 10 0 0.40 0.0 0 6.6 23 200 M M 8 1 30 180
27 59 41 50 9 15 0 0.00 0.0 0 2.3 9 10 M M 8 12 11 20
28 55 38 47 7 18 0 0.00 0.0 0 5.6 14 310 M M 7 20 300
29 55 30 43 3 22 0 0.00 0.0 0 5.1 13 210 M M 1 18 210
30 63 34 49 9 16 0 2.74 0.0 0 13.9 39 150 M M 8 13 57 150
================================================================================
SM 1771 1126 493 0 5.98 0.0 240.8 M 150
================================================================================
AV 59.0 37.5 8.0 FASTST M M 5 MAX(MPH)
MISC ----> # 39 150 # 57 150
================================================================================
NOTES:
# LAST OF SEVERAL OCCURRENCES
COLUMN 17 PEAK WIND IN M.P.H.
PRELIMINARY LOCAL CLIMATOLOGICAL DATA (WS FORM: F-6) , PAGE 2
STATION: PROVIDENCE RI
MONTH: NOVEMBER
YEAR: 2020
LATITUDE: 41 43 N
LONGITUDE: 71 26 W
[TEMPERATURE DATA] [PRECIPITATION DATA] SYMBOLS USED IN COLUMN 16
AVERAGE MONTHLY: 48.3 TOTAL FOR MONTH: 5.98 1 = FOG OR MIST
DPTR FM NORMAL: 3.8 DPTR FM NORMAL: 1.47 2 = FOG REDUCING VISIBILITY
HIGHEST: 76 ON 7 GRTST 24HR 2.74 ON 30-30 TO 1/4 MILE OR LESS
LOWEST: 20 ON 19 3 = THUNDER
SNOW, ICE PELLETS, HAIL 4 = ICE PELLETS
TOTAL MONTH: 0.0 INCH 5 = HAIL
GRTST 24HR 0.0 6 = FREEZING RAIN OR DRIZZLE
GRTST DEPTH: 0 7 = DUSTSTORM OR SANDSTORM:
VSBY 1/2 MILE OR LESS
8 = SMOKE OR HAZE
[NO. OF DAYS WITH] [WEATHER - DAYS WITH] 9 = BLOWING SNOW
X = TORNADO
MAX 32 OR BELOW: 0 0.01 INCH OR MORE: 9
MAX 90 OR ABOVE: 0 0.10 INCH OR MORE: 6
MIN 32 OR BELOW: 10 0.50 INCH OR MORE: 3
MIN 0 OR BELOW: 0 1.00 INCH OR MORE: 2
[HDD (BASE 65) ]
TOTAL THIS MO. 493 CLEAR (SCALE 0-3) 10
DPTR FM NORMAL -124 PTCLDY (SCALE 4-7) 16
TOTAL FM JUL 1 850 CLOUDY (SCALE 8-10) 4
DPTR FM NORMAL -225
[CDD (BASE 65) ]
TOTAL THIS MO. 0
DPTR FM NORMAL 0 [PRESSURE DATA]
TOTAL FM JAN 1 1043 HIGHEST SLP 30.64 ON 19
DPTR FM NORMAL 299 LOWEST SLP 29.50 ON 30
[REMARKS]
#FINAL-11-20#