000
CXUS53 KLOT 011810
CLMPWK
CLIMATE REPORT
NATIONAL WEATHER SERVICE CHICAGO IL
1210 PM CST FRI DEC 01 2023
...................................
...THE CHICAGO EXECUTIVE AIRPORT CLIMATE SUMMARY FOR THE MONTH OF NOVEMBER 2023...
CLIMATE NORMAL PERIOD: 1991 TO 2020
CLIMATE RECORD PERIOD: 1996 TO 2023
WEATHER OBSERVED NORMAL DEPART LAST YEAR`S
VALUE DATE(S) VALUE FROM VALUE DATE(S)
NORMAL
................................................................
TEMPERATURE (F)
RECORD
HIGH 76 11/10/2022
11/09/2020
11/08/2020
LOW 9 11/12/2019
HIGHEST 70 11/06 76 11/10
LOWEST 14 11/28 13 11/20
AVG. MAXIMUM 50.4 48.5 1.9 52.0
AVG. MINIMUM 32.2 33.4 -1.2 33.5
MEAN 41.3 40.9 0.4 42.8
DAYS MAX >= 90 0 0.0 0.0 0
DAYS MAX <= 32 2 2.0 0.0 2
DAYS MIN <= 32 16 15.1 0.9 15
DAYS MIN <= 0 0 0.0 0.0 0
PRECIPITATION (INCHES)
RECORD
MAXIMUM 5.02 2003
MINIMUM 0.35 1999
TOTALS 0.70 2.15 -1.45 1.03
DAILY AVG. 0.02 0.07 -0.05 0.03
DAYS >= .01 5 9.1 -4.1 6
DAYS >= .10 3 4.3 -1.3 4
DAYS >= .50 0 1.1 -1.1 0
DAYS >= 1.00 0 0.2 -0.2 0
GREATEST
24 HR. TOTAL 0.53 11/20 TO 11/21 0.41
DEGREE DAYS
HEATING TOTAL 704 722 -18 664
SINCE 7/1 1058 1181 -123 MM
COOLING TOTAL 0 0 0 4
SINCE 1/1 878 933 -55 MM
................................................................
WIND (MPH)
AVERAGE WIND SPEED 7.6
HIGHEST WIND SPEED/DIRECTION 28/210 DATE 11/16
HIGHEST GUST SPEED/DIRECTION 41/210 DATE 11/16
AVERAGE RH (PERCENT) 65
WEATHER CONDITIONS. NUMBER OF DAYS WITH
THUNDERSTORM 0 MIXED PRECIP 0
HEAVY RAIN 0 RAIN 1
LIGHT RAIN 4 FREEZING RAIN 0
LT FREEZING RAIN 0 HAIL 0
HEAVY SNOW 0 SNOW 0
LIGHT SNOW 2 SLEET 0
FOG 8 FOG W/VIS <= 1/4 MILE 0
HAZE 3
- INDICATES NEGATIVE NUMBERS.
R INDICATES RECORD WAS SET OR TIED.
MM INDICATES DATA IS MISSING.
T INDICATES TRACE AMOUNT.
$$