000
CXUS53 KUNR 011030
CF6RAP
PRELIMINARY LOCAL CLIMATOLOGICAL DATA (WS FORM: F-6)
STATION: RAPID CITY AIRPORT SD
MONTH: FEBRUARY
YEAR: 2022
LATITUDE: 44 2 N
LONGITUDE: 103 4 W
TEMPERATURE IN F: :PCPN: SNOW: WIND :SUNSHINE: SKY :PK WND
================================================================================
1 2 3 4 5 6A 6B 7 8 9 10 11 12 13 14 15 16 17 18
12Z AVG MX 2MIN
DY MAX MIN AVG DEP HDD CDD WTR SNW DPTH SPD SPD DIR MIN PSBL S-S WX SPD DR
================================================================================
1 30 4 17 -7 48 0 0.00 M M 19.0 31 360 M M 4 41 340
2 8 -4 2 -22 63 0 0.01 M M 7.6 14 160 M M 9 8 18 160
3 29 -4 13 -11 52 0 0.00 M M 5.8 16 140 M M 1 23 140
4 34 12 23 -1 42 0 T M M 7.2 20 20 M M 4 25 10
5 54 25 40 16 25 0 0.00 M M 15.0 33 320 M M 3 43 330
6 47 26 37 12 28 0 0.00 M M 15.0 35 330 M M 3 47 330
7 62 24 43 18 22 0 0.00 M M 6.0 17 290 M M 0 23 310
8 52 27 40 15 25 0 0.00 M M 23.0 45 330 M M 1 59 320
9 48 21 35 10 30 0 0.12 M M 11.6 32 320 M M 5 12 40 340
10 63 17 40 15 25 0 0.02 M M 12.9 33 310 M M 8 12 44 350
11 35 11 23 -2 42 0 0.03 M M 21.0 37 320 M M 8 19 52 320
12 39 10 25 0 40 0 0.01 M M 12.5 39 330 M M 5 1 52 320
13 60 11 36 11 29 0 0.00 M M 11.4 33 340 M M 1 44 340
14 45 19 32 6 33 0 0.00 M M 10.5 25 160 M M 0 33 170
15 44 16 30 4 35 0 0.02 M M 15.0 38 340 M M 2 1 48 340
16 29 8 19 -7 46 0 0.03 M M 13.0 22 330 M M 8 1 27 350
17 42 1 22 -4 43 0 0.00 M M 7.6 21 260 M M 4 28 250
18 51 19 35 9 30 0 T M M 17.1 36 330 M M 5 1 46 320
19 61 19 40 14 25 0 0.00 M M 10.9 22 250 M M 2 28 250
20 53 14 34 7 31 0 T M M 12.4 23 70 M M 2 30 80
21 13 -8 3 -24 62 0 0.03 M M 23.0 30 340 M M 10 18 41 360
22 -2 -16 -9 -36 74 0 0.06 M M 18.3 28 330 M M 8 8 35 340
23 1 -17 -8 -36 73 0 0.01 M M 8.0 18 140 M M 5 22 150
24 11 -6 3 -25 62 0 0.01 M M 5.7 14 150 M M 6 18 17 150
25 24 -5 10 -18 55 0 T M M 2.6 9 90 M M 0 13 130
26 37 1 19 -10 46 0 0.00 M M 4.0 12 300 M M 0 13 300
27 57 14 36 7 29 0 0.00 M M 3.3 14 20 M M 0 18 20
28 63 30 47 18 18 0 0.00 M M 6.0 20 350 M M 2 25 360
================================================================================
SM 1090 269 1133 0 0.35 M 325.4 M 106
================================================================================
AV 38.9 9.6 11.6 FASTST M M 4 MAX(MPH)
MISC ----> 45 330 59 320
================================================================================
NOTES:
# LAST OF SEVERAL OCCURRENCES
COLUMN 17 PEAK WIND IN M.P.H.
PRELIMINARY LOCAL CLIMATOLOGICAL DATA (WS FORM: F-6) , PAGE 2
STATION: RAPID CITY AIRPORT SD
MONTH: FEBRUARY
YEAR: 2022
LATITUDE: 44 2 N
LONGITUDE: 103 4 W
[TEMPERATURE DATA] [PRECIPITATION DATA] SYMBOLS USED IN COLUMN 16
AVERAGE MONTHLY: 24.3 TOTAL FOR MONTH: 0.35 1 = FOG OR MIST
DPTR FM NORMAL: -1.8 DPTR FM NORMAL: -0.15 2 = FOG REDUCING VISIBILITY
HIGHEST: 63 ON 28,10 GRTST 24HR 0.12 ON 9- 9 TO 1/4 MILE OR LESS
LOWEST: -17 ON 23 3 = THUNDER
SNOW, ICE PELLETS, HAIL 4 = ICE PELLETS
TOTAL MONTH: M 5 = HAIL
GRTST 24HR M ON M 6 = FREEZING RAIN OR DRIZZLE
GRTST DEPTH: M ON M 7 = DUSTSTORM OR SANDSTORM:
VSBY 1/2 MILE OR LESS
8 = SMOKE OR HAZE
[NO. OF DAYS WITH] [WEATHER - DAYS WITH] 9 = BLOWING SNOW
X = TORNADO
MAX 32 OR BELOW: 9 0.01 INCH OR MORE: 11
MAX 90 OR ABOVE: 0 0.10 INCH OR MORE: 1
MIN 32 OR BELOW: 28 0.50 INCH OR MORE: 0
MIN 0 OR BELOW: 7 1.00 INCH OR MORE: 0
[HDD (BASE 65) ]
TOTAL THIS MO. 1133 CLEAR (SCALE 0-3) 13
DPTR FM NORMAL 43 PTCLDY (SCALE 4-7) 10
TOTAL FM JUL 1 4756 CLOUDY (SCALE 8-10) 5
DPTR FM NORMAL -502
[CDD (BASE 65) ]
TOTAL THIS MO. 0
DPTR FM NORMAL 0 [PRESSURE DATA]
TOTAL FM JAN 1 0 HIGHEST SLP 30.84 ON 22
DPTR FM NORMAL 0 LOWEST SLP 29.56 ON 20
[REMARKS]
#FINAL-02-22#