000
CXUS53 KUNR 010930
CF6RAP
PRELIMINARY LOCAL CLIMATOLOGICAL DATA (WS FORM: F-6)
STATION: RAPID CITY AIRPORT SD
MONTH: MARCH
YEAR: 2021
LATITUDE: 44 2 N
LONGITUDE: 103 4 W
TEMPERATURE IN F: :PCPN: SNOW: WIND :SUNSHINE: SKY :PK WND
================================================================================
1 2 3 4 5 6A 6B 7 8 9 10 11 12 13 14 15 16 17 18
12Z AVG MX 2MIN
DY MAX MIN AVG DEP HDD CDD WTR SNW DPTH SPD SPD DIR MIN PSBL S-S WX SPD DR
================================================================================
1 54 16 35 4 30 0 0.00 M M 7.0 22 150 M M 1 28 150
2 59 26 43 12 22 0 0.00 M M 9.6 29 320 M M 0 39 340
3 63 29 46 15 19 0 0.00 M M 8.5 15 80 M M 0 21 130
4 63 25 44 12 21 0 0.00 M M 4.8 13 130 M M 0 8 17 130
5 64 30 47 15 18 0 0.00 M M 7.1 13 60 M M 0 8 16 30
6 70 26 48 16 17 0 0.00 M M 9.9 32 170 M M 0 42 170
7 61 32 47 14 18 0 0.00 M M 10.1 25 330 M M 0 32 330
8 62 28 45 12 20 0 0.00 M M 7.1 18 140 M M 0 24 140
9 54 36 45 12 20 0 0.00 M M 17.5 36 340 M M 2 46 350
10 36 19 28 -6 37 0 0.06 M M 13.1 24 330 M M 9 1 32 320
11 46 17 32 -2 33 0 0.00 M M 6.7 21 170 M M 1 27 170
12 50 21 36 2 29 0 0.00 M M 7.8 20 180 M M 7 25 170
13 53 22 38 4 27 0 0.10 M M 3.7 16 120 M M 7 1 21 70
14 40 28 34 -1 31 0 0.55 M M 14.5 28 20 M M 10 12 35 30
15 33 26 30 -5 35 0 0.12 M M 4.9 12 90 M M 10 1 14 90
16 34 21 28 -7 37 0 T M M 6.4 23 330 M M 10 12 29 330
17 42 24 33 -3 32 0 0.00 M M 11.3 24 340 M M 3 33 330
18 39 23 31 -5 34 0 0.00 M M 12.3 25 160 M M 4 1 32 170
19 57 27 42 6 23 0 0.00 M M 8.8 15 160 M M 0 19 160
20 68 32 50 13 15 0 0.00 M M 10.2 33 330 M M 0 44 340
21 53 29 41 4 24 0 0.00 M M 18.5 36 330 M M 6 47 320
22 56 23 40 3 25 0 0.00 M M 9.7 28 180 M M 1 36 170
23 51 32 42 4 23 0 T M M 22.5 35 330 M M 7 1 44 340
24 51 26 39 1 26 0 T M M 13.2 30 330 M M 4 40 320
25 57 22 40 2 25 0 0.00 M M 6.0 15 330 M M 1 20 320
26 48 32 40 2 25 0 0.06 M M 14.7 25 340 M M 8 1 33 350
27 50 25 38 -1 27 0 0.00 M M 15.2 33 300 M M 2 12 43 330
28 71 22 47 8 18 0 0.00 M M 9.2 25 280 M M 0 34 290
29 70 32 51 12 14 0 0.00 M M 27.8 59 330 M M 0 8 75 340
30 41 16 29 -11 36 0 0.00 M M 18.8 32 330 M M 2 8 42 320
31 49 11 30 -10 35 0 0.00 M M 8.2 25 350 M M 0 35 340
================================================================================
SM 1645 778 796 0 0.89 M 345.1 M 95
================================================================================
AV 53.1 25.1 11.1 FASTST M M 3 MAX(MPH)
MISC ----> 59 330 75 340
================================================================================
NOTES:
# LAST OF SEVERAL OCCURRENCES
COLUMN 17 PEAK WIND IN M.P.H.
PRELIMINARY LOCAL CLIMATOLOGICAL DATA (WS FORM: F-6) , PAGE 2
STATION: RAPID CITY AIRPORT SD
MONTH: MARCH
YEAR: 2021
LATITUDE: 44 2 N
LONGITUDE: 103 4 W
[TEMPERATURE DATA] [PRECIPITATION DATA] SYMBOLS USED IN COLUMN 16
AVERAGE MONTHLY: 39.1 TOTAL FOR MONTH: 0.89 1 = FOG OR MIST
DPTR FM NORMAL: 3.7 DPTR FM NORMAL: -0.04 2 = FOG REDUCING VISIBILITY
HIGHEST: 71 ON 28 GRTST 24HR 0.66 ON 14-15 TO 1/4 MILE OR LESS
LOWEST: 11 ON 31 3 = THUNDER
SNOW, ICE PELLETS, HAIL 4 = ICE PELLETS
TOTAL MONTH: M 5 = HAIL
GRTST 24HR M ON M 6 = FREEZING RAIN OR DRIZZLE
GRTST DEPTH: M ON M 7 = DUSTSTORM OR SANDSTORM:
VSBY 1/2 MILE OR LESS
8 = SMOKE OR HAZE
[NO. OF DAYS WITH] [WEATHER - DAYS WITH] 9 = BLOWING SNOW
X = TORNADO
MAX 32 OR BELOW: 0 0.01 INCH OR MORE: 5
MAX 90 OR ABOVE: 0 0.10 INCH OR MORE: 3
MIN 32 OR BELOW: 30 0.50 INCH OR MORE: 1
MIN 0 OR BELOW: 0 1.00 INCH OR MORE: 0
[HDD (BASE 65) ]
TOTAL THIS MO. 796 CLEAR (SCALE 0-3) 20
DPTR FM NORMAL -122 PTCLDY (SCALE 4-7) 7
TOTAL FM JUL 1 5989 CLOUDY (SCALE 8-10) 4
DPTR FM NORMAL -138
[CDD (BASE 65) ]
TOTAL THIS MO. 0
DPTR FM NORMAL 0 [PRESSURE DATA]
TOTAL FM JAN 1 0 HIGHEST SLP 30.49 ON 31
DPTR FM NORMAL 0 LOWEST SLP 29.21 ON 29
[REMARKS]
#FINAL-03-21#