000
CXUS52 KRAH 011507
CLMRDU
CLIMATE REPORT
NATIONAL WEATHER SERVICE RALEIGH NC
1007 AM EST FRI MAR 01 2024
...................................
...THE RALEIGH NC CLIMATE SUMMARY FOR THE MONTH OF FEBRUARY 2024...
CLIMATE NORMAL PERIOD 1991 TO 2020
CLIMATE RECORD PERIOD 1887 TO 2024
WEATHER OBSERVED NORMAL DEPART LAST YEAR`S
VALUE DATE(S) VALUE FROM VALUE
NORMAL
..............................................................
TEMPERATURE (F)
RECORD
HIGH 85 02/23/2023
LOW -2 02/14/1899
HIGHEST 76 02/10 85
LOWEST 27 02/19 23
AVG. MAXIMUM 60.3 55.8 4.5 65.0
AVG. MINIMUM 37.9 34.2 3.7 42.9
MEAN 49.1 45.0 4.1 54.0
DAYS MAX >= 90 0 0
DAYS MAX <= 32 0 0
DAYS MIN <= 32 8 5
DAYS MIN <= 0 0 0
PRECIPITATION (INCHES)
RECORD
MAXIMUM 9.73 1939
TOTALS 1.91 2.78 -0.87 2.52
DAYS >= .01 9
DAYS >= .10 5
DAYS >= .50 1
DAYS >= 1.00 0
GREATEST
24 HR. TOTAL 0.77 02/12 TO 02/13
SNOWFALL (INCHES)
RECORDS
TOTAL 21.0 1948
SNOW DEPTH 10 02/19/1979
TOTALS 0.0 1.4 -1.4 0.0
SINCE 7/1 T
SNOWDEPTH AVG. 0
DAYS >= TRACE 0
DAYS >= 1.0 0 0.5 -0.5 0
DEGREE DAYS
HEATING TOTAL 452 562 -110 318
SINCE 7/1 2043 2537 -494 MM
COOLING TOTAL 0 2 -2 14
SINCE 1/1 4 2 2 MM
..............................................................
WIND (MPH)
AVERAGE WIND SPEED 6.3
HIGHEST WIND SPEED/DIRECTION 28/220 DATE 02/28
HIGHEST GUST SPEED/DIRECTION 51/280 DATE 02/28
SKY COVER
POSSIBLE SUNSHINE (PERCENT) MM
AVERAGE SKY COVER 0.56
NUMBER OF DAYS FAIR 8
NUMBER OF DAYS PC 11
NUMBER OF DAYS CLOUDY 10
AVERAGE RH (PERCENT) 57
WEATHER CONDITIONS. NUMBER OF DAYS WITH
THUNDERSTORM 1 MIXED PRECIP 0
HEAVY RAIN 3 RAIN 3
LIGHT RAIN 9 FREEZING RAIN 0
LT FREEZING RAIN 0 HAIL 0
HEAVY SNOW 0 SNOW 0
LIGHT SNOW 0 SLEET 0
FOG 7 FOG W/VIS <= 1/4 MILE 1
HAZE 0
- INDICATES NEGATIVE NUMBERS.
R INDICATES RECORD WAS SET OR TIED.
MM INDICATES DATA IS MISSING.
T INDICATES TRACE AMOUNT.
&&
A DAILY RECORD HIGH TEMPERATURE OF 76 DEGREES WAS SET AT RALEIGH NC
ON FEBRUARY 10. THIS BROKE THE OLD RECORD OF 75 DEGREES LAST SET IN
2023.
$$