000
CXUS53 KGRB 280708
CF6RHI
PRELIMINARY LOCAL CLIMATOLOGICAL DATA (WS FORM: F-6)
STATION: RHINELANDER WI
MONTH: MARCH
YEAR: 2024
LATITUDE: 45 37 N
LONGITUDE: 89 27 W
TEMPERATURE IN F: :PCPN: SNOW: WIND :SUNSHINE: SKY :PK WND
================================================================================
1 2 3 4 5 6A 6B 7 8 9 10 11 12 13 14 15 16 17 18
12Z AVG MX 2MIN
DY MAX MIN AVG DEP HDD CDD WTR SNW DPTH SPD SPD DIR MIN PSBL S-S WX SPD DR
================================================================================
1 51 23 37 16 28 0 0.00 0.0 0 11.7 25 200 M M 0 38 190
2 56 31 44 22 21 0 0.00 0.0 0 7.9 16 200 M M 0 22 180
3 52 32 42 20 23 0 0.15 0.0 0 12.7 26 270 M M 5 138 37 260
4 41 28 35 12 30 0 0.33 0.9 0 4.0 13 320 M M 5 1 21 330
5 45 22 34 11 31 0 0.00 0.0 0 3.4 13 80 M M 0 17 80
6 48 16 32 8 33 0 0.00 0.0 0 6.5 15 120 M M 0 23 100
7 51 29 40 16 25 0 0.00 0.0 0 6.6 14 160 M M 4 8 22 160
8 40 26 33 9 32 0 0.00 0.0 0 4.4 9 360 M M 9 16 350
9 32 21 27 2 38 0 0.00 0.0 0 7.9 18 320 M M 6 31 330
10 43 19 31 6 34 0 0.00 0.0 0 4.9 16 270 M M 0 23 10
11 62 21 42 16 23 0 0.00 0.0 0 5.4 15 230 M M 0 20 220
12 65 27 46 20 19 0 0.00 0.0 0 6.3 17 260 M M 0 25 260
13 63 25 44 17 21 0 0.00 0.0 0 3.2 9 110 M M 0 13 320
14 52 27 40 13 25 0 0.00 0.0 0 6.4 12 40 M M 1 M M
15 49 19 34 6 31 0 0.00 0.0 0 7.1 17 240 M M M 28 230
16 43 26 35 7 30 0 T T T 11.8 23 290 M M 10 8 36 280
17 26 18 22 -6 43 0 0.02 0.5 T 10.3 17 320 M M 10 30 350
18 32 19 26 -3 39 0 T T 0 10.0 18 270 M M 8 30 230
19 41 23 32 3 33 0 T 0.0 0 11.3 17 330 M M 6 32 300
20 23 6 15 -15 50 0 T 0.2 T 7.5 18 300 M M 7 12 33 340
21 33 5 19 -11 46 0 T T T 4.4 13 270 M M 4 18 260
22 28 7 18 -12 47 0 0.08 1.4 1 3.4 10 330 M M 8 1 18 360
23 31 7 19 -12 46 0 0.00 0.0 T 3.5 12 330 M M 2 18 280
24 28 21 25 -6 40 0 0.37 4.6 4 10.1 18 120 M M 10 1 28 160
25 37 28 33 1 32 0 0.96 3.4 6 11.2 22 100 M M 10 168 29 100
26 48 20 34 2 31 0 0.78 0.6 2 11.0 22 260 M M 10 18 29 260
27 27 16 22 -10 43 0 0.01 0.4 2 15.2 25 260 M M 10 8 34 260
================================================================================
SM 1147 562 894 0 2.70 12.0 208.1 M 125
================================================================================
AV 42.5 20.8 7.7 FASTST M M 5 MAX(MPH)
MISC ----> 26 270 38 190
================================================================================
NOTES:
# LAST OF SEVERAL OCCURRENCES
COLUMN 17 PEAK WIND IN M.P.H.
PRELIMINARY LOCAL CLIMATOLOGICAL DATA (WS FORM: F-6) , PAGE 2
STATION: RHINELANDER WI
MONTH: MARCH
YEAR: 2024
LATITUDE: 45 37 N
LONGITUDE: 89 27 W
[TEMPERATURE DATA] [PRECIPITATION DATA] SYMBOLS USED IN COLUMN 16
AVERAGE MONTHLY: 31.6 TOTAL FOR MONTH: 2.70 1 = FOG OR MIST
DPTR FM NORMAL: 4.6 DPTR FM NORMAL: 1.33 2 = FOG REDUCING VISIBILITY
HIGHEST: 65 ON 12 GRTST 24HR 0.96 ON 25-26 TO 1/4 MILE OR LESS
LOWEST: 5 ON 21 3 = THUNDER
SNOW, ICE PELLETS, HAIL 4 = ICE PELLETS
TOTAL MONTH: 12.0 INCHES 5 = HAIL
GRTST 24HR 4.6 ON 24-24 6 = FREEZING RAIN OR DRIZZLE
GRTST DEPTH: 6 ON 25 7 = DUSTSTORM OR SANDSTORM:
VSBY 1/2 MILE OR LESS
8 = SMOKE OR HAZE
[NO. OF DAYS WITH] [WEATHER - DAYS WITH] 9 = BLOWING SNOW
X = TORNADO
MAX 32 OR BELOW: 8 0.01 INCH OR MORE: 8
MAX 90 OR ABOVE: 0 0.10 INCH OR MORE: 5
MIN 32 OR BELOW: 27 0.50 INCH OR MORE: 2
MIN 0 OR BELOW: 0 1.00 INCH OR MORE: 0
[HDD (BASE 65) ]
TOTAL THIS MO. 894 CLEAR (SCALE 0-3) 10
DPTR FM NORMAL -130 PTCLDY (SCALE 4-7) 7
TOTAL FM JUL 1 6386 CLOUDY (SCALE 8-10) 10
DPTR FM NORMAL -1098
[CDD (BASE 65) ]
TOTAL THIS MO. 0
DPTR FM NORMAL 0 [PRESSURE DATA]
TOTAL FM JAN 1 0 HIGHEST SLP M ON M
DPTR FM NORMAL 0 LOWEST SLP 29.21 ON 26
[REMARKS]