152
CXUS55 KGJT 011010
CF6RIL
PRELIMINARY LOCAL CLIMATOLOGICAL DATA (WS FORM: F-6)
STATION: RIFLE CO
MONTH: FEBRUARY
YEAR: 2021
LATITUDE: 39 31 N
LONGITUDE: 107 43 W
TEMPERATURE IN F: :PCPN: SNOW: WIND :SUNSHINE: SKY :PK WND
================================================================================
1 2 3 4 5 6A 6B 7 8 9 10 11 12 13 14 15 16 17 18
12Z AVG MX 2MIN
DY MAX MIN AVG DEP HDD CDD WTR SNW DPTH SPD SPD DIR MIN PSBL S-S WX SPD DR
================================================================================
1 39 19 29 2 36 0 0.00 M M 1.2 7 150 M M 2 8 150
2 50 27 39 12 26 0 T M M 1.4 7 110 M M 8 8 100
3 52 31 42 15 23 0 0.04 M M 7.8 26 300 M M 7 1 37 250
4 37 18 28 0 37 0 T M M 3.9 18 290 M M 6 8 23 290
5 31 19 25 -3 40 0 0.02 M M 3.0 10 80 M M 10 18 14 140
6 40 20 30 2 35 0 0.00 M M 3.2 12 110 M M 7 1 15 100
7 49 21 35 7 30 0 0.00 M M 9.2 30 250 M M 1 42 260
8 50 23 37 8 28 0 0.00 M M 7.4 30 250 M M 0 38 260
9 47 31 39 10 26 0 0.00 M M 4.6 20 250 M M 9 25 260
10 49 31 40 11 25 0 T M M 4.4 20 270 M M 8 1 28 260
11 51 26 39 9 26 0 0.00 M M 5.1 24 260 M M 3 31 260
12 46 34 40 10 25 0 0.15 M M 4.8 24 260 M M 10 1 34 270
13 37 22 30 0 35 0 0.01 M M 4.2 29 310 M M 9 12 42 320
14 22 7 15 -15 50 0 T M M 10.5 29 320 M M 7 8 39 320
15 29 14 22 -9 43 0 0.08 M M 2.1 9 150 M M 8 18 14 300
16 33 21 27 -4 38 0 0.22 M M 1.9 8 210 M M 9 18 11 160
17 32 12 22 -9 43 0 T M M 4.1 16 290 M M 4 128 21 290
18 35 5 20 -12 45 0 0.00 M M 2.5 12 250 M M 1 15 250
19 36 12 24 -8 41 0 0.00 M M 1.7 10 90 M M 8 12 100
20 47 18 33 1 32 0 0.00 M M 5.8 28 320 M M 5 39 320
21 40 23 32 -1 33 0 0.00 M M 5.2 18 260 M M 4 24 260
22 46 21 34 1 31 0 0.00 M M 2.5 10 120 M M 0 11 120
23 51 21 36 3 29 0 0.00 M M 5.5 25 260 M M 0 31 260
24 48 22 35 1 30 0 T M M 7.5 30 320 M M 3 1 40 320
25 42 21 32 -2 33 0 T M M 3.6 13 270 M M 2 1 15 270
26 45 20 33 -1 32 0 0.00 M M 8.8 28 280 M M 4 36 270
27 36 15 26 -9 39 0 0.05 M M 6.9 23 320 M M 9 1 33 330
28 35 8 22 -13 43 0 0.00 M M 4.6 13 250 M M 1 14 240
================================================================================
SM 1155 562 954 0 0.57 M 133.4 M 145
================================================================================
AV 41.3 20.1 4.8 FASTST M M 5 MAX(MPH)
MISC ----> # 30 250 # 42 260
================================================================================
NOTES:
# LAST OF SEVERAL OCCURRENCES
COLUMN 17 PEAK WIND IN M.P.H.
PRELIMINARY LOCAL CLIMATOLOGICAL DATA (WS FORM: F-6) , PAGE 2
STATION: RIFLE CO
MONTH: FEBRUARY
YEAR: 2021
LATITUDE: 39 31 N
LONGITUDE: 107 43 W
[TEMPERATURE DATA] [PRECIPITATION DATA] SYMBOLS USED IN COLUMN 16
AVERAGE MONTHLY: 30.7 TOTAL FOR MONTH: 0.57 1 = FOG OR MIST
DPTR FM NORMAL: 0.0 DPTR FM NORMAL: -0.19 2 = FOG REDUCING VISIBILITY
HIGHEST: 52 ON 3 GRTST 24HR 0.22 ON 16-16 TO 1/4 MILE OR LESS
LOWEST: 5 ON 18 3 = THUNDER
SNOW, ICE PELLETS, HAIL 4 = ICE PELLETS
TOTAL MONTH: M 5 = HAIL
GRTST 24HR M ON M 6 = FREEZING RAIN OR DRIZZLE
GRTST DEPTH: M ON M 7 = DUSTSTORM OR SANDSTORM:
VSBY 1/2 MILE OR LESS
8 = SMOKE OR HAZE
[NO. OF DAYS WITH] [WEATHER - DAYS WITH] 9 = BLOWING SNOW
X = TORNADO
MAX 32 OR BELOW: 4 0.01 INCH OR MORE: 7
MAX 90 OR ABOVE: 0 0.10 INCH OR MORE: 2
MIN 32 OR BELOW: 27 0.50 INCH OR MORE: 0
MIN 0 OR BELOW: 0 1.00 INCH OR MORE: 0
[HDD (BASE 65) ]
TOTAL THIS MO. 954 CLEAR (SCALE 0-3) 10
DPTR FM NORMAL -8 PTCLDY (SCALE 4-7) 11
TOTAL FM JUL 1 4767 CLOUDY (SCALE 8-10) 7
DPTR FM NORMAL -230
[CDD (BASE 65) ]
TOTAL THIS MO. 0
DPTR FM NORMAL 0 [PRESSURE DATA]
TOTAL FM JAN 1 0 HIGHEST SLP 30.55 ON 22
DPTR FM NORMAL 0 LOWEST SLP 29.43 ON 13
[REMARKS]
#FINAL-02-21#