000
CXUS56 KSGX 011045
CF6RIV
PRELIMINARY LOCAL CLIMATOLOGICAL DATA (WS FORM: F-6)
STATION: RIVERSIDE/MARCH ARB CA
MONTH: JUNE
YEAR: 2021
LATITUDE: 33 53 N
LONGITUDE: 117-15 E
TEMPERATURE IN F: :PCPN: SNOW: WIND :SUNSHINE: SKY :PK WND
================================================================================
1 2 3 4 5 6A 6B 7 8 9 10 11 12 13 14 15 16 17 18
12Z AVG MX 2MIN
DY MAX MIN AVG DEP HDD CDD WTR SNW DPTH SPD SPD DIR MIN PSBL S-S WX SPD DR
================================================================================
1 94 53 74 M 0 9 0.00 M M 6.6 17 310 M M 1 1 M M
2 92 55 74 M 0 9 0.00 M M 4.3 14 310 M M 0 M M
3 92 54 73 M 0 8 0.00 M M 5.4 13 320 M M 0 1 M M
4 90 53 72 M 0 7 0.00 M M 5.2 14 310 M M 0 20 310
5 87 53 70 M 0 5 0.00 M M 4.7 16 310 M M 0 M M
6 81 54 68 M 0 3 0.00 M M 5.9 14 310 M M 2 1 M M
7 73 53 63 M 2 0 0.00 M M 5.3 12 320 M M 7 18 240
8 78 55 67 M 0 2 0.00 M M 6.9 12 310 M M 5 17 330
9 82 51 67 M 0 2 0.00 M M 5.8 20 310 M M 1 25 310
10 81 44 63 M 2 0 0.00 M M 6.4 14 330 M M 0 21 330
11 87 46 67 M 0 2 0.00 M M 4.4 16 310 M M 0 M M
12 95 50 73 M 0 8 0.00 M M 5.3 16 320 M M 0 M M
13 95 51 73 M 0 8 0.00 M M 5.0 15 310 M M 0 M M
14 100 53 77 M 0 12 0.00 M M 5.8 14 300 M M 0 M M
15 104 61 83 M 0 18 0.00 M M 4.6 13 310 M M 0 M M
16 100 67 84 M 0 19 0.00 M M 5.4 14 320 M M 1 M M
17 100 64 82 M 0 17 0.00 M M 5.3 16 300 M M 1 M M
18 94 68 81 M 0 16 T M M 7.1 21 320 M M 3 20 310
19 95 63 79 M 0 14 0.00 M M 5.5 13 320 M M 1 M M
20 92 60 76 M 0 11 0.00 M M 6.0 15 330 M M 0 M M
21 94 56 75 M 0 10 0.00 M M 5.9 16 330 M M 0 17 310
22 95 59 77 M 0 12 0.00 M M 5.5 15 330 M M 4 M M
23 93 64 79 M 0 14 0.06 M M 5.7 15 300 M M 5 3 M M
24 89 58 74 M 0 9 0.00 M M 6.5 15 330 M M 1 M M
25 89 52 71 M 0 6 0.00 M M 6.3 15 300 M M 0 20 300
26 81 59 70 M 0 5 0.00 M M 5.8 16 310 M M 0 21 310
27 102 62 82 M 0 17 0.00 M M 6.3 15 310 M M 0 M M
28 101 63 82 M 0 17 0.00 M M 5.8 15 300 M M 0 M M
29 93 62 78 M 0 13 0.00 M M 6.1 15 320 M M 2 M M
30 95 63 79 M 0 14 0.00 M M 5.7 15 310 M M 1 M M
================================================================================
SM 2744 1706 4 287 0.06 M 170.6 M 35
================================================================================
AV 91.5 56.9 5.7 FASTST M M 1 MAX(MPH)
MISC ----> 21 320 25 310
================================================================================
NOTES:
# LAST OF SEVERAL OCCURRENCES
COLUMN 17 PEAK WIND IN M.P.H.
PRELIMINARY LOCAL CLIMATOLOGICAL DATA (WS FORM: F-6) , PAGE 2
STATION: RIVERSIDE/MARCH ARB CA
MONTH: JUNE
YEAR: 2021
LATITUDE: 33 53 N
LONGITUDE: 117-15 E
[TEMPERATURE DATA] [PRECIPITATION DATA] SYMBOLS USED IN COLUMN 16
AVERAGE MONTHLY: 74.2 TOTAL FOR MONTH: 0.06 1 = FOG OR MIST
DPTR FM NORMAL: 0.0 DPTR FM NORMAL: M 2 = FOG REDUCING VISIBILITY
HIGHEST: 104 ON 15 GRTST 24HR 0.06 ON 23-23 TO 1/4 MILE OR LESS
LOWEST: 44 ON 10 3 = THUNDER
SNOW, ICE PELLETS, HAIL 4 = ICE PELLETS
TOTAL MONTH: M 5 = HAIL
GRTST 24HR M ON M 6 = FREEZING RAIN OR DRIZZLE
GRTST DEPTH: M ON M 7 = DUSTSTORM OR SANDSTORM:
VSBY 1/2 MILE OR LESS
8 = SMOKE OR HAZE
[NO. OF DAYS WITH] [WEATHER - DAYS WITH] 9 = BLOWING SNOW
X = TORNADO
MAX 32 OR BELOW: 0 0.01 INCH OR MORE: 1
MAX 90 OR ABOVE: 20 0.10 INCH OR MORE: 0
MIN 32 OR BELOW: 0 0.50 INCH OR MORE: 0
MIN 0 OR BELOW: 0 1.00 INCH OR MORE: 0
[HDD (BASE 65) ]
TOTAL THIS MO. 4 CLEAR (SCALE 0-3) 26
DPTR FM NORMAL M PTCLDY (SCALE 4-7) 4
TOTAL FM JUL 1 2002 CLOUDY (SCALE 8-10) 0
DPTR FM NORMAL M
[CDD (BASE 65) ]
TOTAL THIS MO. 287
DPTR FM NORMAL M [PRESSURE DATA]
TOTAL FM JAN 1 357 HIGHEST SLP M ON M
DPTR FM NORMAL M LOWEST SLP M ON M
[REMARKS]
#FINAL-06-21#